{"id":15231,"date":"2022-03-04T08:49:14","date_gmt":"2022-03-04T06:49:14","guid":{"rendered":"https:\/\/quecartucho.es\/blog\/?page_id=15231"},"modified":"2023-01-26T19:59:03","modified_gmt":"2023-01-26T17:59:03","slug":"como-imprimir-a-doble-cara","status":"publish","type":"page","link":"https:\/\/quecartucho.es\/blog\/como-imprimir-a-doble-cara\/","title":{"rendered":"\u00bfC\u00f3mo imprimir a doble cara?"},"content":{"rendered":"\n<div class=\"wp-block-columns is-layout-flex wp-container-core-columns-is-layout-9d6595d7 wp-block-columns-is-layout-flex\">\n<div class=\"wp-block-column is-layout-flow wp-block-column-is-layout-flow\">\n<p>Ya sea en una oficina o en casa, imprimir es una actividad necesaria en los trabajos y para los estudios, que contribuye a mantener en orden los documentos y los archivos; imprimir adem\u00e1s de permitirnos leer con m\u00e1s facilidad, es una manera de tener el respaldo f\u00edsico de un archivo importante.<\/p>\n\n\n\n<p>Y es muy probable que en m\u00e1s de una ocasi\u00f3n hayas tenido la necesidad de imprimir algo por las dos caras de la hoja de papel. Es la mejor forma de ahorrar papel y reducir a la mitad el tama\u00f1o de los documentos.<\/p>\n\n\n\n<p>A pesar de que parece un proceso sencillo, comparable a imprimir por una sola cara o p\u00e1gina, imprimir a doble cara (o hacer una impresi\u00f3n d\u00faplex, como tambi\u00e9n se le conoce) es un poco m\u00e1s complicado, pues <strong>puede ser necesario cambiar algunas configuraciones de impresi\u00f3n <\/strong>para mantener el orden del contenido a imprimir; as\u00ed como puede ser un proceso que requiera tu asistencia manual si su impresora no es <a href=\"https:\/\/quecartucho.es\/blog\/impresoras\/impresoras-duplex\/\">duplex automatica<\/a>.<\/p>\n\n\n\n<p>Si necesitas saber c\u00f3mo imprimir a doble cara sin inconvenientes, a continuaci\u00f3n te diremos c\u00f3mo hacerlo desde diferentes documentos en distintos dispositivos e impresoras.<\/p>\n<\/div>\n<\/div>\n\n\n\n<figure class=\"wp-block-image size-full\"><img loading=\"lazy\" decoding=\"async\" width=\"1000\" height=\"666\" src=\"https:\/\/quecartucho.es\/blog\/wp-content\/uploads\/2022\/03\/Imprimir-a-doble-cara.jpg\" alt=\"Imprimir a doble cara\" class=\"wp-image-15237\" title=\"\" srcset=\"https:\/\/quecartucho.es\/blog\/wp-content\/uploads\/2022\/03\/Imprimir-a-doble-cara.jpg 1000w, https:\/\/quecartucho.es\/blog\/wp-content\/uploads\/2022\/03\/Imprimir-a-doble-cara-300x200.jpg 300w, https:\/\/quecartucho.es\/blog\/wp-content\/uploads\/2022\/03\/Imprimir-a-doble-cara-768x511.jpg 768w, https:\/\/quecartucho.es\/blog\/wp-content\/uploads\/2022\/03\/Imprimir-a-doble-cara-930x620.jpg 930w, https:\/\/quecartucho.es\/blog\/wp-content\/uploads\/2022\/03\/Imprimir-a-doble-cara-150x100.jpg 150w\" sizes=\"auto, (max-width: 1000px) 100vw, 1000px\" \/><figcaption class=\"wp-element-caption\">Imprimir a doble cara<\/figcaption><\/figure>\n\n\n\n\n\n\n\n<h2 class=\"wp-block-heading\"><a><\/a> Imprimir a doble cara de forma manual<\/h2>\n\n\n\n<p>La funci\u00f3n de imprimir a doble cara est\u00e1 incluida en la mayor\u00eda de las impresoras actuales, las cuales pueden hacerlo de manera autom\u00e1tica; sin embargo, algunas impresoras no tienen esta opci\u00f3n, por lo que la alternativa es hacer las impresiones de manera manual.<\/p>\n\n\n\n<p>Al hacer esto, debes estar muy atento de la p\u00e1gina que hayas enviado a imprimir para que pueda coincidir con el contenido al reverso de la hoja.<\/p>\n\n\n\n<p>Para imprimir a doble cara de forma manual realmente no existe un paso a paso. Solo debes conocer las opciones que ofrece cada programa para que puedas hacer este tipo de impresiones.<\/p>\n\n\n\n<ul class=\"wp-block-list\">\n<li>Lo primero que debes hacer para imprimir en las dos caras de la hoja es abrir el archivo de tu preferencia y abrir el men\u00fa de impresi\u00f3n.<\/li>\n\n\n\n<li>Si el archivo es de varias hojas, lo m\u00e1s probable es que el <em>ayudante <\/em>de impresi\u00f3n te d\u00e9 la opci\u00f3n de imprimir solo las p\u00e1ginas pares, las impares o todo el documento.<\/li>\n\n\n\n<li>Usualmente, para imprimir de forma manual a doble cara, debes mandar a imprimir primero las hojas impares. Una vez estas hayan salido, puedes imprimir todas las hojas pares; para que cada impresi\u00f3n coincida, deber\u00e1s darle la vuelta a la pila de hojas que ya imprimiste, tanto en sentido (frontal-posterior) como en direcci\u00f3n (arriba-abajo).<\/li>\n<\/ul>\n\n\n\n<p>Suena complicado, por ello, la recomendaci\u00f3n es que hagas una prueba para conocer bien tu impresora y su m\u00e9todo y orden de impresi\u00f3n. Pero una vez entiendas c\u00f3mo esta funciona, imprimir por las dos caras de las hojas ser\u00e1 pan comido.<\/p>\n\n\n\n<figure class=\"wp-block-embed is-type-video is-provider-youtube wp-block-embed-youtube wp-embed-aspect-16-9 wp-has-aspect-ratio\"><div class=\"wp-block-embed__wrapper\">\n<div class=\"nv-iframe-embed\"><iframe loading=\"lazy\" title=\"Imprimir a doble cara manual\ud83d\udda8\ufe0fImpresoras Epson L3110 L3210 L3150 L3250 L210 L355 L575 XP-2101\" width=\"1200\" height=\"675\" src=\"https:\/\/www.youtube.com\/embed\/VJCJBCJpf3c?feature=oembed\" frameborder=\"0\" allow=\"accelerometer; autoplay; clipboard-write; encrypted-media; gyroscope; picture-in-picture; web-share\" allowfullscreen><\/iframe><\/div>\n<\/div><\/figure>\n\n\n\n<p><\/p>\n\n\n\n<h2 class=\"wp-block-heading\"><a><\/a> Imprimir a doble cara en diferentes equipos<\/h2>\n\n\n\n<p>Cada equipo tiene una interfaz diferente y una configuraci\u00f3n distinta para poder hacer las impresiones. Dependiendo del tipo de equipo que tengas, es fundamental que conozcas c\u00f3mo enviar a imprimir en las dos caras de una hoja si es algo que necesitar\u00e1s con frecuencia.<\/p>\n\n\n\n<p>En el mercado actual puedes encontrar una gran variedad de sistemas operativos en distintos equipos. A continuaci\u00f3n encontrar\u00e1s instrucciones para enviar a imprimir a doble cara en Windows, en Mac y desde dispositivos m\u00f3viles Android y iPhone.<\/p>\n\n\n\n<h3 class=\"wp-block-heading\"><a><\/a> Imprimir a doble cara en Windows<\/h3>\n\n\n\n<p>Imprimir en las dos caras de una hoja en Windows es algo que puedes hacer en todos los programas de la suite de Office; el procedimiento es el mismo en cada uno de ellos, as\u00ed que estas instrucciones deber\u00edan funcionar para cualquiera que sea tu caso.<\/p>\n\n\n\n<p>Lo que debes hacer es lo siguiente:<\/p>\n\n\n\n<ul class=\"wp-block-list\">\n<li>En el programa de Office que est\u00e9s utilizando, abre <strong>Archivo<\/strong>.<\/li>\n\n\n\n<li>En Archivo, selecciona la opci\u00f3n de <strong>Imprimir<\/strong>.<\/li>\n\n\n\n<li>Haz clic en la<strong> Configuraci\u00f3n de impresi\u00f3n<\/strong>.\n<ul class=\"wp-block-list\">\n<li>Notar\u00e1s que tienes varias opciones a elegir: imprimir a una cara, dos opciones para imprimir a doble cara, y la opci\u00f3n de imprimir a doble cara de forma manual. Debes seleccionar la que mejor se adapte a tu flujo de trabajo.<\/li>\n\n\n\n<li>Imprimir a una cara es la impresi\u00f3n tradicional.<\/li>\n\n\n\n<li>Las dos opciones de imprimir a doble cara son por el lado m\u00e1s largo y por el lado m\u00e1s corto (tienen que ver con el sentido y la direcci\u00f3n de las impresiones posteriores).<\/li>\n\n\n\n<li>La opci\u00f3n de imprimir a doble cara de forma manual requiere que cargues hoja por hoja en la bandeja de entrada cada vez que se haga una impresi\u00f3n. Debes marcar <strong>Imprimir a una cara<\/strong> y luego <strong>Imprimir manualmente a doble cara<\/strong> para que tengas el control de las impresiones.<\/li>\n<\/ul>\n<\/li>\n<\/ul>\n\n\n\n<div class=\"wp-block-columns is-layout-flex wp-container-core-columns-is-layout-9d6595d7 wp-block-columns-is-layout-flex\">\n<div class=\"wp-block-column is-layout-flow wp-block-column-is-layout-flow\">\n<figure class=\"wp-block-image size-full\"><img loading=\"lazy\" decoding=\"async\" width=\"360\" height=\"184\" src=\"https:\/\/quecartucho.es\/blog\/wp-content\/uploads\/2022\/03\/Imprimir-a-doble-cara-en-Windows.jpg\" alt=\"Imprimir a doble cara en Windows\" class=\"wp-image-15243\" title=\"\" srcset=\"https:\/\/quecartucho.es\/blog\/wp-content\/uploads\/2022\/03\/Imprimir-a-doble-cara-en-Windows.jpg 360w, https:\/\/quecartucho.es\/blog\/wp-content\/uploads\/2022\/03\/Imprimir-a-doble-cara-en-Windows-300x153.jpg 300w, https:\/\/quecartucho.es\/blog\/wp-content\/uploads\/2022\/03\/Imprimir-a-doble-cara-en-Windows-150x77.jpg 150w\" sizes=\"auto, (max-width: 360px) 100vw, 360px\" \/><\/figure>\n<\/div>\n\n\n\n<div class=\"wp-block-column is-layout-flow wp-block-column-is-layout-flow\">\n<figure class=\"wp-block-image size-full\"><img loading=\"lazy\" decoding=\"async\" width=\"396\" height=\"140\" src=\"https:\/\/quecartucho.es\/blog\/wp-content\/uploads\/2022\/03\/Impresion-duplex-en-Windows.png\" alt=\"Impresion duplex en Windows\" class=\"wp-image-15244\" title=\"\" srcset=\"https:\/\/quecartucho.es\/blog\/wp-content\/uploads\/2022\/03\/Impresion-duplex-en-Windows.png 396w, https:\/\/quecartucho.es\/blog\/wp-content\/uploads\/2022\/03\/Impresion-duplex-en-Windows-300x106.png 300w, https:\/\/quecartucho.es\/blog\/wp-content\/uploads\/2022\/03\/Impresion-duplex-en-Windows-150x53.png 150w\" sizes=\"auto, (max-width: 396px) 100vw, 396px\" \/><\/figure>\n<\/div>\n<\/div>\n\n\n\n<h3 class=\"wp-block-heading\"><a><\/a> Imprimir a doble cara en Mac<\/h3>\n\n\n\n<p>Para imprimir a doble cara en Mac debes tener el documento abierto.<\/p>\n\n\n\n<ul class=\"wp-block-list\">\n<li>Selecciona <strong>Archivo<\/strong>.<\/li>\n\n\n\n<li>Marca <strong>Imprimir<\/strong> (tambi\u00e9n puedes simplificar el proceso presionando la combinaci\u00f3n Command + P).<\/li>\n\n\n\n<li>Ver\u00e1s la ventana de impresi\u00f3n que te muestra el archivo que vas a imprimir en vista previa. En esta ventana, debes marcar la alternativa <strong>A doble cara<\/strong>, que es la que permitir\u00e1 el cambio de hojas seg\u00fan tu impresora.<\/li>\n\n\n\n<li>Si necesitas imprimir de manera vertical, tienes que escoger la opci\u00f3n de <strong>Encuadernaci\u00f3n borde largo<\/strong>, y si lo necesitas horizontalmente, <strong>Encuadernaci\u00f3n borde corto<\/strong> (ambas opciones te aparecen al seleccionar <strong>A doble cara<\/strong>).<\/li>\n<\/ul>\n\n\n\n<p>Si se te ha hecho corto este resumen, puede que te interese para profundizar m\u00e1s nuestro art\u00edculo espec\u00edfico \u00ab<strong><a href=\"https:\/\/quecartucho.es\/blog\/como-imprimir-a-doble-cara\/como-imprimir-a-doble-cara-en-mac\/\">C\u00f3mo imprimir a doble cara en Mac<\/a><\/strong>\u00ab.<\/p>\n\n\n\n<figure class=\"wp-block-embed is-type-video is-provider-youtube wp-block-embed-youtube wp-embed-aspect-16-9 wp-has-aspect-ratio\"><div class=\"wp-block-embed__wrapper\">\n<div class=\"nv-iframe-embed\"><iframe loading=\"lazy\" title=\"C\u00f3mo imprimir a doble cara de forma autom\u00e1tica en impresoras HP desde un Mac | HP Support\" width=\"1200\" height=\"675\" src=\"https:\/\/www.youtube.com\/embed\/qC15WXBIPJM?feature=oembed\" frameborder=\"0\" allow=\"accelerometer; autoplay; clipboard-write; encrypted-media; gyroscope; picture-in-picture; web-share\" allowfullscreen><\/iframe><\/div>\n<\/div><\/figure>\n\n\n\n<h3 class=\"wp-block-heading\"><a><\/a> Imprimir a doble cara desde un m\u00f3vil<\/h3>\n\n\n\n<p>Cuando se trata de hacer impresiones desde un m\u00f3vil, el proceso puede variar. Esto es sucede porque algunos fabricantes de impresoras han desarrollado aplicaciones <em>wizards o ayudantes<\/em> que son necesarias para poder imprimir desde estos dispositivos. Sin embargo, las configuraciones de impresi\u00f3n se pueden establecer independientemente de esto.<\/p>\n\n\n<div class=\"wp-block-image\">\n<figure class=\"aligncenter size-large\"><img loading=\"lazy\" decoding=\"async\" width=\"1024\" height=\"438\" src=\"https:\/\/quecartucho.es\/blog\/wp-content\/uploads\/2022\/03\/Imprimir-a-doble-cara-desde-un-movil-1024x438.webp\" alt=\"Imprimir a doble cara desde un m\u00f3vil\" class=\"wp-image-15247\" title=\"\" srcset=\"https:\/\/quecartucho.es\/blog\/wp-content\/uploads\/2022\/03\/Imprimir-a-doble-cara-desde-un-movil-1024x438.webp 1024w, https:\/\/quecartucho.es\/blog\/wp-content\/uploads\/2022\/03\/Imprimir-a-doble-cara-desde-un-movil-300x128.webp 300w, https:\/\/quecartucho.es\/blog\/wp-content\/uploads\/2022\/03\/Imprimir-a-doble-cara-desde-un-movil-768x328.webp 768w, https:\/\/quecartucho.es\/blog\/wp-content\/uploads\/2022\/03\/Imprimir-a-doble-cara-desde-un-movil-150x64.webp 150w, https:\/\/quecartucho.es\/blog\/wp-content\/uploads\/2022\/03\/Imprimir-a-doble-cara-desde-un-movil.webp 1170w\" sizes=\"auto, (max-width: 1024px) 100vw, 1024px\" \/><\/figure>\n<\/div>\n\n\n<h4 class=\"wp-block-heading\">Android<\/h4>\n\n\n\n<ul class=\"wp-block-list\">\n<li>Abre <strong>Configuraci\u00f3n<\/strong>.<\/li>\n\n\n\n<li>Selecciona <strong>Conexiones<\/strong>.<\/li>\n\n\n\n<li>Marca <strong>M\u00e1s conexiones<\/strong> y luego <strong>Imprimir<\/strong>.\n<ul class=\"wp-block-list\">\n<li>Se abrir\u00e1 el controlador de las impresoras. Una vez que este controlador o complemento est\u00e9 habilitado, solo debes ir a la opci\u00f3n <strong>M\u00e1s<\/strong> (en ocasiones se trata del \u00edcono de tres puntos).<\/li>\n\n\n\n<li>Selecciona <strong>Configuraci\u00f3n de la impresora<\/strong> y aseg\u00farate de marcar la opci\u00f3n <strong>2 caras<\/strong>.<\/li>\n<\/ul>\n<\/li>\n<\/ul>\n\n\n\n<h4 class=\"wp-block-heading\">iPhone<\/h4>\n\n\n\n<ul class=\"wp-block-list\">\n<li>Abre el archivo a imprimir.<\/li>\n\n\n\n<li>Marca <strong>Compartir<\/strong>.<\/li>\n\n\n\n<li>Selecciona <strong>Imprimir<\/strong>.\n<ul class=\"wp-block-list\">\n<li>De manera inmediata ver\u00e1s el men\u00fa de las <strong>Opciones de impresora<\/strong>, en el que tendr\u00e1s que seleccionar la impresora que usar\u00e1s, especificar el n\u00famero de copias, y por \u00faltimo, marcar la casilla de impresi\u00f3n d\u00faplex.<\/li>\n<\/ul>\n<\/li>\n<\/ul>\n\n\n\n<h2 class=\"wp-block-heading\"><a><\/a> Imprimir a doble cara con diferentes archivos<\/h2>\n\n\n\n<p>Diferentes archivos pueden tener distintas maneras de imprimir a dos caras por la naturaleza de los mismos.<\/p>\n\n\n\n<h3 class=\"wp-block-heading\"><a><\/a> Imprimir a doble cara en Word<\/h3>\n\n\n\n<p>Si quieres imprimir a doble cara en Word, el proceso es el mismo que el explicado anteriormente, en la secci\u00f3n de <strong>Imprimir a doble cara en Windows<\/strong>. Sin embargo, aqu\u00ed profundizamos sobre c\u00f3mo puedes lograr este tipo de impresiones:<\/p>\n\n\n\n<ul class=\"wp-block-list\">\n<li>Abre el documento Word.<\/li>\n\n\n\n<li>Marca <strong>Archivo<\/strong> y haz clic en <strong>Imprimir<\/strong>.<\/li>\n\n\n\n<li>Ve hasta la parte de <strong>Configuraci\u00f3n<\/strong> y selecciona la opci\u00f3n de <strong>Imprimir a una cara<\/strong>.\n<ul class=\"wp-block-list\">\n<li>Al hacer clic aqu\u00ed, se deber\u00e1 desplegar un men\u00fa que te permitir\u00e1 escoger entre otras opciones de impresi\u00f3n. Si ves que te aparece la opci\u00f3n de imprimir en ambas caras, es porque tu impresora tiene la capacidad de hacerlo.<\/li>\n<\/ul>\n<\/li>\n<\/ul>\n\n\n\n<p>En Word puedes jugar con el orden de las p\u00e1ginas para que tu impresi\u00f3n salga como prefieras; es de los mejores programas para aprender a imprimir a dos caras, pues puedes escoger cada una de las configuraciones para este tipo de impresi\u00f3n.<\/p>\n\n\n\n<h3 class=\"wp-block-heading\"><a><\/a> Imprimir a doble cara en PDF<\/h3>\n\n\n\n<p>Como sabr\u00e1s, los archivos PDF son archivos protegidos que solo pueden ser visualizados, si tienes un programa en tu ordenador o dispositivo que te d\u00e9 la opci\u00f3n de editar sus configuraciones.<\/p>\n\n\n\n<p>Por esto mismo, imprimir un PDF a doble cara puede parecer complicado. Una de las mejores alternativas es con <em>softwares<\/em> de terceros que puedan gestionar las impresiones d\u00faplex utilizando la informaci\u00f3n de los archivos PDF, como PDFelement, por ejemplo.<\/p>\n\n\n\n<p>Otra de las alternativas es aplicar el m\u00e9todo de impresi\u00f3n manual a dos caras; lo que debes hacer es solo colocar una hoja en la bandeja de entrada de la impresora y enviar a imprimir tu PDF. Una vez salga la primera p\u00e1gina, el resto del archivo se mantendr\u00e1 en cola. Lo que debes hacer es posicionar en el sentido y direcci\u00f3n adecuada la hoja en la bandeja de entrada para que la impresora pueda continuar su trabajo.<\/p>\n\n\n\n<p>De esta manera, poco a poco, tendr\u00e1s todo tu archivo impreso a dos caras.<\/p>\n\n\n\n<h3 class=\"wp-block-heading\"><a><\/a> Imprimir a doble cara desde el navegador<\/h3>\n\n\n\n<p>Tal y como ocurre con los sistemas operativos y equipos, los diferentes navegadores web tienen interfaces que pueden ser muy distintas entre s\u00ed. Aun as\u00ed, se suelen dise\u00f1ar para ofrezcan una experiencia de uso intuitiva y sencilla, as\u00ed que ser\u00e1 muy f\u00e1cil aprender a usarlas si usas diferentes navegadores para imprimir.<\/p>\n\n\n\n<p>En todos los navegadores, si quieres hacer una impresi\u00f3n, solo debes seleccionar Control (CTRL\/Command) + P para que aparezca la ventana de impresi\u00f3n. aqui podr\u00e1s ver todas las configuraciones que puedes escoger y modificar seg\u00fan tus necesidades.<\/p>\n\n\n\n<p>Ver\u00e1s que en las opciones del navegador, la impresi\u00f3n a doble cara no est\u00e1 disponible. Para esto, es necesario que selecciones la impresi\u00f3n de p\u00e1ginas pares o la de p\u00e1ginas impares; incluso, si se te hace m\u00e1s c\u00f3modo, puedes escoger la opci\u00f3n de introducir el n\u00famero de p\u00e1ginas particulares que quieres imprimir para que, al finalizar, poder imprimir en su reverso las p\u00e1ginas que restan.<\/p>\n\n\n\n<h2 class=\"wp-block-heading\"><a><\/a> Imprimir a doble cara con diferentes impresoras<\/h2>\n\n\n\n<p>Y para finalizar, hablemos sobre c\u00f3mo imprimir a doble cara con diferentes impresoras. En el mercado de las impresoras, 4 de los nombres m\u00e1s grandes son Canon, HP, Brother y Samsung, as\u00ed que veamos c\u00f3mo imprimir a doble cara en cada una de ellas.<\/p>\n\n\n\n<h3 class=\"wp-block-heading\"><a><\/a> Imprimir a doble cara con impresora Canon<\/h3>\n\n\n\n<p>Para imprimir a doble cara con un <a href=\"https:\/\/quecartucho.es\/blog\/impresoras-canon\/\">equipo Canon<\/a>, debes seleccionar el controlador de la impresora, que usualmente aparece como Acceso Directo en el escritorio de los ordenadores despu\u00e9s de su instalaci\u00f3n.<\/p>\n\n\n\n<ul class=\"wp-block-list\">\n<li>Abre el controlador o complemento de la impresora.<\/li>\n\n\n\n<li>Ve a la pesta\u00f1a de <strong>Configuraci\u00f3n de p\u00e1gina<\/strong>.<\/li>\n\n\n\n<li>Marca la casilla de <strong>Impresi\u00f3n a doble cara (manual)<\/strong>.<\/li>\n\n\n\n<li>Es necesario que escojas el <strong>Formato de impresi\u00f3n<\/strong>; las impresoras Canon se encargar\u00e1n de modificar el contenido a imprimir para que se adapte a la hoja de impresi\u00f3n.<\/li>\n\n\n\n<li>Selecciona el <strong>Lado de grapado<\/strong>. Esta informaci\u00f3n se utiliza para dejar un espacio mayor y para poder encuadrar el contenido a imprimir.<\/li>\n\n\n\n<li>En <strong>Especificar el margen<\/strong> puedes ajustar los cent\u00edmetros de separaci\u00f3n superior, inferior, y de ambos lados para las impresiones.<\/li>\n\n\n\n<li>Esta configuraci\u00f3n se aplicar\u00e1 a todas las impresiones que hagas desde este momento en adelante. Es una selecci\u00f3n espec\u00edfica que puedes modificar cuando lo necesites.<\/li>\n<\/ul>\n\n\n\n<h3 class=\"wp-block-heading\"><a><\/a> Imprimir a doble cara con impresora HP<\/h3>\n\n\n\n<p><a href=\"https:\/\/quecartucho.es\/blog\/impresoras-hp\/\">Las impresoras HP<\/a> son bastante particulares porque entre sus productos puedes encontrar un complemento o accesorio que puedes instalar en tu impresora de la misma marca.<\/p>\n\n\n\n<p>Este complemento tiene la funci\u00f3n de hacer las impresiones a doble cara de manera autom\u00e1tica, en caso de que tu impresora original no ofrezca la opci\u00f3n de doble faz; aunque es cierto que esta caracter\u00edstica suele estar presente en las impresoras de alto volumen de trabajo, como impresoras profesionales de oficina, y no en los modelos dom\u00e9sticos o semi-profesionales.<\/p>\n\n\n\n<p>Y en caso de que no puedas costear este complemento, siempre tendr\u00e1s la opci\u00f3n de imprimir a doble cara de forma manual como lo puedes ver explicado en los puntos anteriores.<\/p>\n\n\n\n<h3 class=\"wp-block-heading\"><a><\/a> Imprimir a doble cara con impresora Brother<\/h3>\n\n\n\n<p><a href=\"https:\/\/quecartucho.es\/blog\/impresoras-brother\/\">Las impresoras Brother<\/a> pueden ser delicadas para imprimir a doble cara, y esto se debe a la sensibilidad del mecanismo y la interacci\u00f3n con las hojas de papel. Es necesario que la hoja no tenga arrugas, que no sea muy fina, y que est\u00e9 posicionada correctamente al comenzar a imprimir.<\/p>\n\n\n\n<p>Asimismo, las impresoras Brother son de las m\u00e1s vers\u00e1tiles, por lo que puedes imprimir a doble cara de manera manual, de manera autom\u00e1tica e incluso, desde la bandeja de alimentaci\u00f3n para los modelos m\u00e1s profesionales.<\/p>\n\n\n\n<p>La interfaz de la ventana del controlador de estas impresoras es muy intuitiva y viene con gr\u00e1ficos que te demuestran c\u00f3mo configurar la impresi\u00f3n que deseas. Al abrir el controlador en <strong>Propiedades<\/strong>, puedes irte a la pesta\u00f1a <strong>Generales<\/strong>, <strong>Preferencias de impresi\u00f3n<\/strong> y marcar la opci\u00f3n <strong>D\u00faplex<\/strong>. Una vez aqu\u00ed, podr\u00e1s ver todas las opciones de personalizaci\u00f3n de impresi\u00f3n para tu gusto.<\/p>\n\n\n\n<h3 class=\"wp-block-heading\"><a><\/a> Imprimir a doble cara con impresora Samsung<\/h3>\n\n\n\n<p>Las impresoras Samsung l\u00e1ser est\u00e1n dise\u00f1adas para hacer una impresi\u00f3n en doble cara. Para configurarla debes acceder a las funciones de impresi\u00f3n avanzadas.<\/p>\n\n\n\n<ul class=\"wp-block-list\">\n<li>Al mandar un archivo a imprimir, haz clic en <strong>Propiedades de impresi\u00f3n<\/strong> y marca la impresora.<\/li>\n\n\n\n<li>Bajo <strong>Orientaci\u00f3n<\/strong> se desplegar\u00e1 una lista de opciones. Selecciona <strong>Dise\u00f1o<\/strong>.<\/li>\n\n\n\n<li>Escoge la orientaci\u00f3n de la impresi\u00f3n como <strong>Doble Cara<\/strong>.<\/li>\n\n\n\n<li>Finiquita las otras opciones seg\u00fan tus necesidades.<\/li>\n<\/ul>\n","protected":false},"excerpt":{"rendered":"<p>Ya sea en una oficina o en casa, imprimir es una actividad necesaria en los trabajos y para los estudios, que contribuye a mantener en orden los documentos y los archivos; imprimir adem\u00e1s de permitirnos leer con m\u00e1s facilidad, es una manera de tener el respaldo f\u00edsico de un archivo importante. Y es muy probable&hellip;&nbsp;<a href=\"https:\/\/quecartucho.es\/blog\/como-imprimir-a-doble-cara\/\" rel=\"bookmark\">Leer m\u00e1s &raquo;<span class=\"screen-reader-text\">\u00bfC\u00f3mo imprimir a doble cara?<\/span><\/a><\/p>\n","protected":false},"author":1,"featured_media":15234,"parent":0,"menu_order":0,"comment_status":"closed","ping_status":"closed","template":"","meta":{"neve_meta_sidebar":"full-width","neve_meta_container":"","neve_meta_enable_content_width":"on","neve_meta_content_width":100,"neve_meta_title_alignment":"","neve_meta_author_avatar":"","neve_post_elements_order":"","neve_meta_disable_header":"","neve_meta_disable_footer":"","neve_meta_disable_title":"","episode_type":"","audio_file":"","podmotor_file_id":"","podmotor_episode_id":"","cover_image":"","cover_image_id":"","duration":"","filesize":"","filesize_raw":"","date_recorded":"","explicit":"","block":"","footnotes":""},"class_list":["post-15231","page","type-page","status-publish","has-post-thumbnail","hentry"],"_links":{"self":[{"href":"https:\/\/quecartucho.es\/blog\/wp-json\/wp\/v2\/pages\/15231","targetHints":{"allow":["GET"]}}],"collection":[{"href":"https:\/\/quecartucho.es\/blog\/wp-json\/wp\/v2\/pages"}],"about":[{"href":"https:\/\/quecartucho.es\/blog\/wp-json\/wp\/v2\/types\/page"}],"author":[{"embeddable":true,"href":"https:\/\/quecartucho.es\/blog\/wp-json\/wp\/v2\/users\/1"}],"replies":[{"embeddable":true,"href":"https:\/\/quecartucho.es\/blog\/wp-json\/wp\/v2\/comments?post=15231"}],"version-history":[{"count":8,"href":"https:\/\/quecartucho.es\/blog\/wp-json\/wp\/v2\/pages\/15231\/revisions"}],"predecessor-version":[{"id":18522,"href":"https:\/\/quecartucho.es\/blog\/wp-json\/wp\/v2\/pages\/15231\/revisions\/18522"}],"wp:featuredmedia":[{"embeddable":true,"href":"https:\/\/quecartucho.es\/blog\/wp-json\/wp\/v2\/media\/15234"}],"wp:attachment":[{"href":"https:\/\/quecartucho.es\/blog\/wp-json\/wp\/v2\/media?parent=15231"}],"curies":[{"name":"wp","href":"https:\/\/api.w.org\/{rel}","templated":true}]}}