{"id":16200,"date":"2022-05-20T13:29:25","date_gmt":"2022-05-20T11:29:25","guid":{"rendered":"https:\/\/quecartucho.es\/blog\/?page_id=16200"},"modified":"2024-01-18T13:48:14","modified_gmt":"2024-01-18T11:48:14","slug":"como-imprimir-etiquetas-en-una-impresora-termica","status":"publish","type":"page","link":"https:\/\/quecartucho.es\/blog\/como-imprimir-etiquetas-en-una-impresora-termica\/","title":{"rendered":"\u00bfC\u00f3mo imprimir etiquetas en una impresora t\u00e9rmica?"},"content":{"rendered":"\n<p>Las <strong><a href=\"https:\/\/quecartucho.es\/17329-impresoras-termicas-de-etiquetas\">impresoras t\u00e9rmicas<\/a><\/strong> se han convertido en una aut\u00e9ntica revoluci\u00f3n, pues tienen la capacidad de realizar impresiones de etiquetas y tickets con excelente calidad visual, seg\u00fan el material utilizado para la impresi\u00f3n. Si ya tienes una impresora t\u00e9rmica o te encuentran interesado en adquirir una, existen algunos detalles sobre su funcionamiento que deber\u00edas considerar.<\/p>\n\n\n<div class=\"wp-block-image is-style-default\">\n<figure class=\"aligncenter size-large\"><img loading=\"lazy\" decoding=\"async\" width=\"1024\" height=\"438\" src=\"https:\/\/quecartucho.es\/blog\/wp-content\/uploads\/2022\/05\/Conoces-impresion-termica-1024x438.webp\" alt=\"impresion termica\" class=\"wp-image-16237\" title=\"\" srcset=\"https:\/\/quecartucho.es\/blog\/wp-content\/uploads\/2022\/05\/Conoces-impresion-termica-1024x438.webp 1024w, https:\/\/quecartucho.es\/blog\/wp-content\/uploads\/2022\/05\/Conoces-impresion-termica-300x128.webp 300w, https:\/\/quecartucho.es\/blog\/wp-content\/uploads\/2022\/05\/Conoces-impresion-termica-768x328.webp 768w, https:\/\/quecartucho.es\/blog\/wp-content\/uploads\/2022\/05\/Conoces-impresion-termica-150x64.webp 150w, https:\/\/quecartucho.es\/blog\/wp-content\/uploads\/2022\/05\/Conoces-impresion-termica.webp 1170w\" sizes=\"auto, (max-width: 1024px) 100vw, 1024px\" \/><\/figure>\n<\/div>\n\n\n<h2 class=\"wp-block-heading\">\u00bfQu\u00e9 es y c\u00f3mo funciona una impresora t\u00e9rmica?<\/h2>\n\n\n\n<p>Una impresora t\u00e9rmica es un equipo de impresi\u00f3n que <strong>utiliza calor como medio para la producci\u00f3n de una imagen sobre el papel,<\/strong> en lugar de utilizar t\u00f3ner o tintas como lo har\u00eda una impresora convencional. Sin embargo, para que la impresi\u00f3n se produzca es requerido un <strong><a href=\"https:\/\/quecartucho.es\/16387-rollos-de-papel-termico\">papel t\u00e9rmico<\/a><\/strong> que permita la impresi\u00f3n al reaccionar a la temperatura.<\/p>\n\n\n\n<p>Existen dos tipos, la impresora t\u00e9rmica directa y la impresora por transferencia t\u00e9rmica con <a href=\"https:\/\/quecartucho.es\/16247-cintas-compatibles\">cintas<\/a> TTR. Para escoger una y otra, tendr\u00e1s que considerar el tipo de uso que se le dar\u00e1 seg\u00fan el negocio que se gestione. <\/p>\n\n\n\n<figure class=\"wp-block-image size-large is-style-default\"><img loading=\"lazy\" decoding=\"async\" width=\"1024\" height=\"743\" src=\"https:\/\/quecartucho.es\/blog\/wp-content\/uploads\/2022\/05\/impresora-por-transferencia-termica-1024x743.png\" alt=\"impresora por transferencia t\u00e9rmica\" class=\"wp-image-16202\" title=\"\" srcset=\"https:\/\/quecartucho.es\/blog\/wp-content\/uploads\/2022\/05\/impresora-por-transferencia-termica-1024x743.png 1024w, https:\/\/quecartucho.es\/blog\/wp-content\/uploads\/2022\/05\/impresora-por-transferencia-termica-300x218.png 300w, https:\/\/quecartucho.es\/blog\/wp-content\/uploads\/2022\/05\/impresora-por-transferencia-termica-768x557.png 768w, https:\/\/quecartucho.es\/blog\/wp-content\/uploads\/2022\/05\/impresora-por-transferencia-termica-150x109.png 150w, https:\/\/quecartucho.es\/blog\/wp-content\/uploads\/2022\/05\/impresora-por-transferencia-termica.png 1488w\" sizes=\"auto, (max-width: 1024px) 100vw, 1024px\" \/><figcaption class=\"wp-element-caption\">Impresora por transferencia t\u00e9rmica<\/figcaption><\/figure>\n\n\n\n<p>Por ejemplo, para imprimir tickets de compra o de turno, precios y fecha de caducidad de productos, es buena opci\u00f3n la impresora t\u00e9rmica directa.<\/p>\n\n\n\n<p>Para este tipo de impresi\u00f3n se utiliza un tipo de papel o stickers especial, cuya caracter\u00edstica principal es que es termosensible, es decir, que reacciona al calor. Este es el \u00fanico consumible que requiere el sistema de impresi\u00f3n, eliminando el gasto constante en t\u00f3ner o tinta que se tendr\u00eda con la impresi\u00f3n convencional.<\/p>\n\n\n<div class=\"wp-block-image is-style-default\">\n<figure class=\"aligncenter size-full\"><img loading=\"lazy\" decoding=\"async\" width=\"347\" height=\"145\" src=\"https:\/\/quecartucho.es\/blog\/wp-content\/uploads\/2022\/05\/impresora-termica-directa.png\" alt=\"Impresora t\u00e9rmica directa\" class=\"wp-image-16203\" title=\"\" srcset=\"https:\/\/quecartucho.es\/blog\/wp-content\/uploads\/2022\/05\/impresora-termica-directa.png 347w, https:\/\/quecartucho.es\/blog\/wp-content\/uploads\/2022\/05\/impresora-termica-directa-300x125.png 300w, https:\/\/quecartucho.es\/blog\/wp-content\/uploads\/2022\/05\/impresora-termica-directa-150x63.png 150w\" sizes=\"auto, (max-width: 347px) 100vw, 347px\" \/><figcaption class=\"wp-element-caption\">Impresora t\u00e9rmica directa<\/figcaption><\/figure>\n<\/div>\n\n\n<h2 class=\"wp-block-heading\">\u2705 Beneficios de la impresi\u00f3n t\u00e9rmica<\/h2>\n\n\n\n<p>La impresi\u00f3n sobre papel termosensible mantiene una calidad excelente, pero con la peque\u00f1a desventaja de que la informaci\u00f3n impresa es especialmente sensible a la luz y el calor, por lo que terminar\u00e1n perdiendo el color con el paso del tiempo, volvi\u00e9ndose ilegibles. A pesar de esto, el conjunto de beneficios que ofrece el sistema supera ampliamente sus desventajas.<\/p>\n\n\n\n<ul class=\"wp-block-list\">\n<li><strong>Versatilidad<\/strong>. Puede utilizarse en infinidad de ocasiones, desde la impresi\u00f3n de facturas en el punto de venta, cajeros autom\u00e1ticos, etiquetados de productos y m\u00e1s.<\/li>\n\n\n\n<li><strong>Velocidad de impresi\u00f3n<\/strong>. El proceso de impresi\u00f3n es mucho m\u00e1s r\u00e1pido en las impresoras t\u00e9rmicas que en las convencionales.<\/li>\n\n\n\n<li><strong>Menores costos<\/strong>. El precio del papel termosensible suele ser similar al de cualquier otro papel, pero el ahorro se produce al ser innecesaria la adquisici\u00f3n de tintas y t\u00f3ner, que suelen tener un alto costo.<\/li>\n\n\n\n<li><strong>Poco mantenimiento<\/strong>. Las <strong><a href=\"https:\/\/quecartucho.es\/blog\/impresoras-termicas\/\" data-type=\"page\" data-id=\"16935\">impresoras t\u00e9rmicas<\/a><\/strong> tienen poca necesidad de mantenimiento, debido a que poseen pocas partes m\u00f3viles y un mecanismo de impresi\u00f3n m\u00e1s sencillo.<\/li>\n<\/ul>\n\n\n\n<h2 class=\"wp-block-heading\">\u00bfC\u00f3mo imprimir etiquetas en una impresora t\u00e9rmica?<\/h2>\n\n\n\n<ul class=\"wp-block-list\">\n<li>Coloca el rollo de papel termosensible en la impresora. Esto se realiza con la m\u00e1quina apagada, abriendo la cubierta e insertando el papel y sacando la punta de la primera etiqueta antes de cerrar nuevamente la cubierta.<\/li>\n\n\n\n<li>Luego, enciendes la impresora y sincronizas con el ordenador.<\/li>\n\n\n\n<li>Env\u00eda la orden de impresi\u00f3n desde el ordenador, tal y como lo har\u00edas con cualquier impresora.<\/li>\n\n\n\n<li>Los datos ser\u00e1n almacenados en la memoria RAM de la impresora.<\/li>\n\n\n\n<li>Estos datos ser\u00e1n fijados sobre el papel utilizando calor, imprimiendo de forma autom\u00e1tica.<\/li>\n\n\n\n<li>La etiqueta o ticket ser\u00e1 expulsado del dispositivo de impresi\u00f3n.<\/li>\n<\/ul>\n","protected":false},"excerpt":{"rendered":"<p>Las impresoras t\u00e9rmicas se han convertido en una aut\u00e9ntica revoluci\u00f3n, pues tienen la capacidad de realizar impresiones de etiquetas y tickets con excelente calidad visual, seg\u00fan el material utilizado para la impresi\u00f3n. Si ya tienes una impresora t\u00e9rmica o te encuentran interesado en adquirir una, existen algunos detalles sobre su funcionamiento que deber\u00edas considerar. \u00bfQu\u00e9&hellip;&nbsp;<a href=\"https:\/\/quecartucho.es\/blog\/como-imprimir-etiquetas-en-una-impresora-termica\/\" rel=\"bookmark\">Leer m\u00e1s &raquo;<span class=\"screen-reader-text\">\u00bfC\u00f3mo imprimir etiquetas en una impresora t\u00e9rmica?<\/span><\/a><\/p>\n","protected":false},"author":1,"featured_media":16235,"parent":0,"menu_order":0,"comment_status":"closed","ping_status":"closed","template":"","meta":{"neve_meta_sidebar":"full-width","neve_meta_container":"","neve_meta_enable_content_width":"on","neve_meta_content_width":100,"neve_meta_title_alignment":"","neve_meta_author_avatar":"","neve_post_elements_order":"","neve_meta_disable_header":"","neve_meta_disable_footer":"","neve_meta_disable_title":"","episode_type":"","audio_file":"","podmotor_file_id":"","podmotor_episode_id":"","cover_image":"","cover_image_id":"","duration":"","filesize":"","filesize_raw":"","date_recorded":"","explicit":"","block":"","footnotes":""},"class_list":["post-16200","page","type-page","status-publish","has-post-thumbnail","hentry"],"_links":{"self":[{"href":"https:\/\/quecartucho.es\/blog\/wp-json\/wp\/v2\/pages\/16200","targetHints":{"allow":["GET"]}}],"collection":[{"href":"https:\/\/quecartucho.es\/blog\/wp-json\/wp\/v2\/pages"}],"about":[{"href":"https:\/\/quecartucho.es\/blog\/wp-json\/wp\/v2\/types\/page"}],"author":[{"embeddable":true,"href":"https:\/\/quecartucho.es\/blog\/wp-json\/wp\/v2\/users\/1"}],"replies":[{"embeddable":true,"href":"https:\/\/quecartucho.es\/blog\/wp-json\/wp\/v2\/comments?post=16200"}],"version-history":[{"count":9,"href":"https:\/\/quecartucho.es\/blog\/wp-json\/wp\/v2\/pages\/16200\/revisions"}],"predecessor-version":[{"id":21634,"href":"https:\/\/quecartucho.es\/blog\/wp-json\/wp\/v2\/pages\/16200\/revisions\/21634"}],"wp:featuredmedia":[{"embeddable":true,"href":"https:\/\/quecartucho.es\/blog\/wp-json\/wp\/v2\/media\/16235"}],"wp:attachment":[{"href":"https:\/\/quecartucho.es\/blog\/wp-json\/wp\/v2\/media?parent=16200"}],"curies":[{"name":"wp","href":"https:\/\/api.w.org\/{rel}","templated":true}]}}