{"id":16360,"date":"2022-06-09T12:14:39","date_gmt":"2022-06-09T10:14:39","guid":{"rendered":"https:\/\/quecartucho.es\/blog\/?page_id=16360"},"modified":"2023-07-28T17:27:27","modified_gmt":"2023-07-28T15:27:27","slug":"mi-impresora-aparece-sin-conexion-como-solucionarlo","status":"publish","type":"page","link":"https:\/\/quecartucho.es\/blog\/mi-impresora-aparece-sin-conexion-como-solucionarlo\/","title":{"rendered":"Mi impresora aparece sin conexi\u00f3n, c\u00f3mo solucionarlo"},"content":{"rendered":"\n<p>En determinadas ocasiones, cuando intentas imprimir alg\u00fan tipo de documento, te encontrar\u00e1s con que tu ordenador te da el <a href=\"https:\/\/quecartucho.es\/blog\/cuando-una-impresora-no-imprime-bien\/\">error de que la&nbsp;impresora<\/a> est\u00e1 <strong>sin conexi\u00f3n<\/strong>. No solo no imprimir\u00e1 nada, sino que ni tan siquiera lo intentar\u00e1.<\/p>\n\n\n\n<p>Lo peor de todo es que <strong>el motivo de este error puede no estar claro<\/strong>, sino que existen diferentes causas que lo pueden haber provocado.<\/p>\n\n\n\n<p>Si quieres saber c\u00f3mo resolverlo, en este art\u00edculo analizamos algunas de las soluciones que mejor funcionan:<\/p>\n\n\n<div class=\"wp-block-image is-style-default\">\n<figure class=\"aligncenter size-full\"><img loading=\"lazy\" decoding=\"async\" width=\"810\" height=\"456\" src=\"https:\/\/quecartucho.es\/blog\/wp-content\/uploads\/2022\/06\/\u00bfQue-hacer-cuando-una-impresora-esta-sin-conexion.jpg\" alt=\"\u00bfQu\u00e9 hacer cuando una impresora est\u00e1 sin conexi\u00f3n?\" class=\"wp-image-16362\" title=\"\" srcset=\"https:\/\/quecartucho.es\/blog\/wp-content\/uploads\/2022\/06\/\u00bfQue-hacer-cuando-una-impresora-esta-sin-conexion.jpg 810w, https:\/\/quecartucho.es\/blog\/wp-content\/uploads\/2022\/06\/\u00bfQue-hacer-cuando-una-impresora-esta-sin-conexion-300x169.jpg 300w, https:\/\/quecartucho.es\/blog\/wp-content\/uploads\/2022\/06\/\u00bfQue-hacer-cuando-una-impresora-esta-sin-conexion-768x432.jpg 768w, https:\/\/quecartucho.es\/blog\/wp-content\/uploads\/2022\/06\/\u00bfQue-hacer-cuando-una-impresora-esta-sin-conexion-150x84.jpg 150w\" sizes=\"auto, (max-width: 810px) 100vw, 810px\" \/><figcaption class=\"wp-element-caption\">\u00bfQu\u00e9 hacer cuando una impresora est\u00e1 sin conexi\u00f3n?<\/figcaption><\/figure>\n<\/div>\n\n\n<h2 class=\"wp-block-heading\"><strong>\u00bfQu\u00e9 hacer cuando una impresora est\u00e1 sin conexi\u00f3n?<\/strong><\/h2>\n\n\n<div id=\"rank-math-howto\" class=\"rank-math-block\">\n<div class=\"rank-math-howto-description\">\n\n<p><strong>Las mejores alternativas<\/strong><\/p>\n\n<\/div>\n<p class=\"rank-math-howto-duration\"><strong>Tiempo total:<\/strong> <span>10 minutos<\/span><\/p>\n<div class=\"rank-math-steps \">\n<div id=\"howto-step-1654769422181\" class=\"rank-math-step\">\n<h3 class=\"rank-math-step-title \">1. <strong>Comprueba el estado de la conexi\u00f3n<\/strong><\/h3>\n<div class=\"rank-math-step-content \"><p>El error de\u00a0<strong>impresora sin conexi\u00f3n<\/strong>\u00a0es poco preciso. En ocasiones, es posible que el sistema operativo te est\u00e9 informando de forma m\u00e1s detallada sobre el error, pero no aparecer\u00e1 de una forma intuitiva. En lugar de ello, tendremos que acceder a la ruta si queremos saber m\u00e1s sobre el mismo.<\/p>\n<p>Cuando pulsamos en imprimir nos deber\u00eda aparecer un peque\u00f1o icono en la barra de notificaciones con una impresora. Con tan solo dejar el rat\u00f3n encima del mismo podremos conocer la naturaleza del problema.<\/p>\n<p>Pero si no aparece dicho icono, podremos conocer el estado de la impresora a trav\u00e9s de la siguiente ruta:<\/p>\n<p>1)\u00a0\u00a0 \u00a0\u00a0Pulsa\u00a0<strong>Windows + I<\/strong>.<br \/>2)\u00a0\u00a0 \u00a0\u00a0Haz click en\u00a0<strong>Dispositivos.<\/strong><br \/>3)\u00a0\u00a0 \u00a0\u00a0Busca la opci\u00f3n de dispositivos e impresora y m\u00e1rcala.<\/p>\n<p>Aqu\u00ed te aparecer\u00e1 un listado en donde se te informar\u00e1 de lo que se est\u00e1 intentando imprimir y del error indicado. Puede que el problema sea que falte papel, de un atasco de una impresi\u00f3n, falta de <a href=\"https:\/\/quecartucho.es\/\" target=\"_blank\" rel=\"noreferrer noopener\"><strong>tinta<\/strong><\/a> o de cualquier otro aspecto.<\/p>\n<p>Pero si el sistema de \u00edndica que la\u00a0<strong>impresora no tiene conexi\u00f3n<\/strong>, entonces sigue leyendo:<\/p>\n<\/div>\n<\/div>\n<div id=\"howto-step-1654769527490\" class=\"rank-math-step\">\n<h3 class=\"rank-math-step-title \"><strong>2.<\/strong> <strong>Comprueba que existe conexi\u00f3n cableada<\/strong><\/h3>\n<div class=\"rank-math-step-content \"><img loading=\"lazy\" decoding=\"async\" width=\"1270\" height=\"715\" src=\"https:\/\/quecartucho.es\/blog\/wp-content\/uploads\/2022\/06\/Comprueba-que-existe-conexion-cableada-con-la-impresora.jpg\" class=\"attachment-full size-full\" alt=\"Comprueba que existe conexi\u00f3n cableada con la impresora\" title=\"\"><p>El primer paso consiste en hacer un estudio de los perif\u00e9ricos para comprobar que, efectivamente, existe\u00a0<strong>conexi\u00f3n entre la impresora<\/strong>\u00a0y el\u00a0<strong>ordenador<\/strong>.<br \/>Empezamos apagando y encendiendo la impresora. Para ello, simplemente pulsa el bot\u00f3n de apagado hasta que se desconecte por completo (aseg\u00farate de que est\u00e1 apagada y que no est\u00e1 simplemente suspendida).<\/p>\n<p>Los expertos recomiendan desconectarla de la corriente durante algunos segundos. As\u00ed, eliminaremos cualquier configuraci\u00f3n err\u00f3nea que haya podido adoptar.<\/p>\n<p><strong>Comprobaci\u00f3n del cable USB:\u00a0<\/strong>aunque el cable funcionase bien hasta el momento, puede que se haya torcido o estropeado en alg\u00fan punto. Despu\u00e9s de comprobar que est\u00e1 debidamente conectado, quiz\u00e1 ser\u00eda interesante comprar uno nuevo. Por muy poco dinero se puede solucionar la aver\u00eda\u2026 Sin embargo, ten en cuenta que es un cable especial, as\u00ed que no te servir\u00e1 el mismo que usas para cargar el m\u00f3vil.<\/p>\n<p><strong>Comprobaci\u00f3n del cable ethernet:\u00a0<\/strong>(solo para <a href=\"https:\/\/quecartucho.es\/blog\/impresoras-review\/impresoras-con-ethernet\/\">impresoras con ethernet conectado<\/a>) el cable ethernet es aquel que se emplea para conectar la impresora a la red local. Tiene conexi\u00f3n de RJ45 y exige que cada uno de los extremos tenga dicha toma. En este caso tendremos que revisar que la impresora lo tiene debidamente conectado, y que tambi\u00e9n est\u00e1 bien conectado al router. Lo m\u00e1s normal es que en la conexi\u00f3n del router parpadee si existe una buena conexi\u00f3n.<\/p>\n<p>No dudes en cambiar el cable ethernet si no se enciende ninguna luz, o si ya has experimentado algunos problemas de conexi\u00f3n en el pasado.<\/p>\n<\/div>\n<\/div>\n<div id=\"howto-step-1654769548157\" class=\"rank-math-step\">\n<h3 class=\"rank-math-step-title \"><strong>3.<\/strong>\u00a0<strong>Comprueba la conexi\u00f3n por WiFI<\/strong><\/h3>\n<div class=\"rank-math-step-content \"><img loading=\"lazy\" decoding=\"async\" width=\"1200\" height=\"500\" src=\"https:\/\/quecartucho.es\/blog\/wp-content\/uploads\/2022\/06\/conectar-impresora-por-wi-fi.jpg\" class=\"attachment-full size-full\" alt=\"Conectar impresora por wi-fi\" title=\"\"><p>Las impresoras m\u00e1s actuales se pueden conectar a trav\u00e9s del\u00a0<strong>WiFI<\/strong>, eliminando cualquier tipo de cable.<br \/>Muchos usuarios se preguntan\u00a0<strong>porque no responde mi impresora HP<\/strong>\u00a0WiFi, y uno de los problemas m\u00e1s habituales es que no est\u00e1 conectada a la red inal\u00e1mbrica del hogar o de la oficina.<\/p>\n<p>A trav\u00e9s del display digital de la impresora accederemos a las opciones de WiFi y nos volveremos a conectar a nuestra red (es probable que tengas que volver a introducir de nuevo la contrase\u00f1a). Es recomendable conectarse a la red de tipo\u00a0<strong>5G<\/strong>, ya que funcionar\u00e1 a m\u00e1s velocidad y se reducen las posibilidades de que ocurran problemas de conexi\u00f3n.<\/p>\n<p>Si no se llega a conectar, o si da alg\u00fan tipo de problema, puedes probar a reiniciar el router. Por lo general, con apagarlo y encenderlo deber\u00eda ser suficiente, aunque en casos extremos puede que tengamos que hacer un reinicio completo.<\/p>\n<p>Si quieres profundizar m\u00e1s en este asunto puedes ver nuestro art\u00edculo <a href=\"https:\/\/quecartucho.es\/blog\/conoce-las-maneras-conectar-impresora-wifi-exitosamente\/\" target=\"_blank\" rel=\"noreferrer noopener\">\u00abManeras de conectar su impresora WIFI\u00bb<\/a><\/p>\n<\/div>\n<\/div>\n<div id=\"howto-step-1654769562985\" class=\"rank-math-step\">\n<h3 class=\"rank-math-step-title \"><strong>4.<\/strong>\u00a0<strong>Controlador de la impresora incorrecto<\/strong><\/h3>\n<div class=\"rank-math-step-content \"><p>No es habitual el problema de\u00a0<strong>impresora sin conexi\u00f3n\u00a0<\/strong>en\u00a0<strong>Windows 10<\/strong>\u00a0o en otros sistemas operativos recientes por problemas de drivers o controladores.<br \/>Esto es debido a que Windows 10 tiene acceso a una completa base de datos de controladores actualizados. Normalmente no hace falta ni que los instalemos, ya que el sistema coger\u00e1 todo lo que necesita a trav\u00e9s de esa BD.<\/p>\n<p>Pero podr\u00eda darse el caso de que hayamos instalado un driver incorrecto, o que el sistema haya cometido ese error.<br \/>En esta situaci\u00f3n tendremos que desinstalarlo:<\/p>\n<p>1)\u00a0\u00a0 \u00a0\u00a0Escribe\u00a0<strong>Administrador de dispositivos<\/strong>\u00a0en la barra de buscar.<br \/>2)\u00a0\u00a0 \u00a0\u00a0Busca el modelo de tu impresora en el apartado de\u00a0<strong>impresoras<\/strong>.<br \/>3)\u00a0\u00a0 \u00a0\u00a0Si existe alg\u00fan error en la misma, te aparecer\u00e1 con alguna alerta amarilla o roja. En cualquier caso, marca encima de la impresora y pulsa en\u00a0<strong>desinstalar<\/strong>.<br \/>4)\u00a0\u00a0 \u00a0\u00a0Una vez llegados a este punto es cuesti\u00f3n de acceder a la p\u00e1gina del fabricante y descargar los drivers actualizados que correspondan al modelo de impresora. Simplemente, <a href=\"https:\/\/quecartucho.es\/blog\/como-se-instala-una-impresora\/\">vuelve a instalarlos y sigue el procedimiento como si la estuvieses usando por primera vez<\/a>.<\/p>\n<p>Si el sistema te indica que ha encontrado drivers m\u00e1s recientes durante el proceso de instalaci\u00f3n, deja que los actualice.<\/p>\n<\/div>\n<\/div>\n<div id=\"howto-step-1654769583525\" class=\"rank-math-step\">\n<h3 class=\"rank-math-step-title \"><strong>5.<\/strong>\u00a0<strong>Establece la impresora como predeterminada<\/strong><br><\/h3>\n<div class=\"rank-math-step-content \"><p>Podr\u00eda ocurrir que est\u00e9s intentando imprimir con una impresora que no es la que corresponde. Incluso, aunque no tengas ninguna otra impresora instalada, es posible que en alg\u00fan momento hayas instalado alguna utilizada para<em>\u00a0imprimir un archivo a PDF<\/em>\u00a0(muy pr\u00e1ctico para p\u00e1ginas en las que no se pueden guardar archivos) o que esta funci\u00f3n estuviese ya de serie en el sistema operativo.<br \/>A la hora de imprimir tan solo tendr\u00e1s que asegurarte de\u00a0<strong>elegir la impresora adecuada<\/strong>. Pero si imprimes a menudo y con cierta prisa, es posible que cometas el error de elegir la impresora incorrecta en m\u00e1s de una ocasi\u00f3n.<\/p>\n<p>Estos son los pasos para hacer que una impresora sea predeterminada:<\/p>\n<p>1)\u00a0\u00a0 \u00a0\u00a0Accede al buscador y escribe\u00a0<strong>impresoras<\/strong>.<br \/>2)\u00a0\u00a0 \u00a0\u00a0Pulsa en\u00a0<strong>impresoras y esc\u00e1neres.<\/strong><br \/>3)\u00a0\u00a0 \u00a0\u00a0En la pesta\u00f1a de \u201cImpresoras y esc\u00e1neres\u201d deber\u00eda aparecerte un listado de aquellos dispositivos relacionados que est\u00e9n instalados en tu equipo en este momento.<br \/>4)\u00a0\u00a0 \u00a0\u00a0Marca la impresora en cuesti\u00f3n y pulsa sobre el bot\u00f3n de\u00a0<strong>abrir cola<\/strong>.<br \/>5)\u00a0\u00a0 \u00a0\u00a0Estar\u00e1s en la herramienta que te informa sobre la cola de impresi\u00f3n que hay en ese momento. Tan solo tendr\u00e1s que pulsar en\u00a0<strong>impresora -&gt; Establecer como impresora predeterminada<\/strong>.<br \/>6)\u00a0\u00a0 \u00a0\u00a0Windows te informar\u00e1 de que al elegir esta opci\u00f3n el sistema operativo ya no gestionar\u00e1 la impresora determinada por ti. Nada m\u00e1s pulsa en \u201cSi\u201d y el cambio se habr\u00e1 completado.<\/p>\n<\/div>\n<\/div>\n<div id=\"howto-step-1654769598209\" class=\"rank-math-step\">\n<h3 class=\"rank-math-step-title \"><strong>6.<\/strong> <strong>Reinicio del servicio de la cola de impresi\u00f3n<\/strong><\/h3>\n<div class=\"rank-math-step-content \"><img loading=\"lazy\" decoding=\"async\" width=\"1200\" height=\"672\" src=\"https:\/\/quecartucho.es\/blog\/wp-content\/uploads\/2022\/06\/Reinicio-del-servicio-de-la-cola-de-impresion.jpg\" class=\"attachment-full size-full\" alt=\"Reinicio del servicio de la cola de impresi\u00f3n\" title=\"\"><p>Otra posibilidad es que se haya producido alg\u00fan problema con el\u00a0<strong>servicio<\/strong>\u00a0que controla la\u00a0<strong>cola de impresi\u00f3n<\/strong>.<br \/>Los sistemas operativos controlan las diferentes funciones a trav\u00e9s de servicios que son accesibles tras la ruta adecuada.<br \/>El proceso para reiniciarlo es sencillo:<br \/>1)\u00a0\u00a0 \u00a0\u00a0Escribe servicios en el buscador y pulsa en la opci\u00f3n de aplicaci\u00f3n,<br \/>2)\u00a0\u00a0 \u00a0\u00a0Te aparecer\u00e1 un gran listado de todos los servicios del sistema operativo. Tendr\u00e1s que hacer scroll hasta encontrar el de\u00a0<strong>Cola de Impresi\u00f3n<\/strong>, o pulsar la tecla \u2018C\u2019 para acercarte lo m\u00e1ximo posible al mismo.<br \/>3)\u00a0\u00a0 \u00a0\u00a0Comprueba el estado. Si se encuentra \u201cDetenido\u201d, aqu\u00ed tienes la explicaci\u00f3n de por qu\u00e9 no te funciona la impresora. Tan solo haz clic derecho y pulsa en\u00a0<strong>iniciar<\/strong>.<br \/>4)\u00a0\u00a0 \u00a0\u00a0Si est\u00e1 funcionando, puedes probar a detener y luego arrancar de nuevo. Es posible que este cambio arregle cualquier mal funcionamiento y la impresora vuelva a estar operativa de nuevo.<br \/><strong>Importante:\u00a0<\/strong>para evitar tener que hacer este proceso una y otra vez, aseg\u00farate de que el tipo de inicio est\u00e1 puesto en\u00a0<strong>autom\u00e1tico<\/strong>.<\/p>\n<\/div>\n<\/div>\n<div id=\"howto-step-1654769607901\" class=\"rank-math-step\">\n<h3 class=\"rank-math-step-title \"><strong>7.<\/strong> <strong>Arreglo de impresora sin conexi\u00f3n en MAC<\/strong><\/h3>\n<div class=\"rank-math-step-content \"><p>La mayor\u00eda de los pasos que hemos visto a lo largo del art\u00edculo est\u00e1n m\u00e1s bien enfocados para el sistema operativo Windows. No quiere decir que no tenga la misma soluci\u00f3n en otros sistemas operativos como\u00a0<strong>MAC<\/strong>, solamente que la ruta para encontrar la configuraci\u00f3n ser\u00e1 bastante diferente.<\/p>\n<p>Si no sabes por qu\u00e9 te aparece el error de\u00a0<strong>impresora sin conexi\u00f3n en MAC<\/strong>, aqu\u00ed tienes algunas opciones con las que puedes probar.<\/p>\n<\/div>\n<\/div>\n<\/div>\n<\/div>\n\n\n<ul class=\"wp-block-list\">\n<li><strong>Actualizaci\u00f3n de software:&nbsp;<\/strong>puedes probar a actualizar el software de la impresora. La ruta para hacerlo es&nbsp;<strong>Apple -&gt; Preferencias del sistema<\/strong>&nbsp;y despu\u00e9s haz clic en&nbsp;<strong>Actualizaci\u00f3n del Software<\/strong>. As\u00ed se actualizar\u00e1 a la versi\u00f3n m\u00e1s reciente de ese momento.<\/li>\n\n\n\n<li><strong>Conexi\u00f3n del cable USB:&nbsp;<\/strong>revisa que el cable USB funcione correctamente. En el caso de que el MAC que est\u00e9s utilizando tan solo tenga un puerto USB-C, te recomendamos usar un&nbsp;<strong>adaptador multipuerto<\/strong>.<\/li>\n\n\n\n<li><strong>Reinstalaci\u00f3n de la impresora:&nbsp;<\/strong>es posible que tengas que instalar la impresora de nuevo para arreglar el problema. Esto lo puedes hacer desde&nbsp;<strong>Apple -&gt; Preferencias del sistema -&gt; Impresoras y esc\u00e1neres<\/strong>, en el bot\u00f3n de a\u00f1adir.<\/li>\n<\/ul>\n\n\n\n<p><\/p>\n\n\n\n<div class=\"wp-block-columns is-layout-flex wp-container-core-columns-is-layout-9d6595d7 wp-block-columns-is-layout-flex\">\n<div class=\"wp-block-column is-layout-flow wp-block-column-is-layout-flow\">\n<figure class=\"wp-block-embed is-type-video is-provider-youtube wp-block-embed-youtube wp-embed-aspect-16-9 wp-has-aspect-ratio\"><div class=\"wp-block-embed__wrapper\">\n<div class=\"nv-iframe-embed\"><iframe loading=\"lazy\" title=\"Error Impresora Sin Conexi\u00f3n en Windows 10\/8\/7 - [5 Soluciones 2021]\" width=\"1200\" height=\"675\" src=\"https:\/\/www.youtube.com\/embed\/VardRnT0AJk?feature=oembed\" frameborder=\"0\" allow=\"accelerometer; autoplay; clipboard-write; encrypted-media; gyroscope; picture-in-picture; web-share\" allowfullscreen><\/iframe><\/div>\n<\/div><\/figure>\n<\/div>\n\n\n\n<div class=\"wp-block-column is-layout-flow wp-block-column-is-layout-flow\">\n<figure class=\"wp-block-embed is-type-video is-provider-youtube wp-block-embed-youtube wp-embed-aspect-16-9 wp-has-aspect-ratio\"><div class=\"wp-block-embed__wrapper\">\n<div class=\"nv-iframe-embed\"><iframe loading=\"lazy\" title=\"Impresora sin conexi\u00f3n problema Mac OS X el capitan\" width=\"1200\" height=\"675\" src=\"https:\/\/www.youtube.com\/embed\/DSzYLYtQbfs?feature=oembed\" frameborder=\"0\" allow=\"accelerometer; autoplay; clipboard-write; encrypted-media; gyroscope; picture-in-picture; web-share\" allowfullscreen><\/iframe><\/div>\n<\/div><\/figure>\n<\/div>\n<\/div>\n\n\n\n<p>Prueba con estos 7 pasos y ver\u00e1s como no tardas en solucionar el problema de&nbsp;<strong>impresora sin conexi\u00f3n<\/strong>.<\/p>\n","protected":false},"excerpt":{"rendered":"<p>En determinadas ocasiones, cuando intentas imprimir alg\u00fan tipo de documento, te encontrar\u00e1s con que tu ordenador te da el error de que la&nbsp;impresora est\u00e1 sin conexi\u00f3n. No solo no imprimir\u00e1 nada, sino que ni tan siquiera lo intentar\u00e1. Lo peor de todo es que el motivo de este error puede no estar claro, sino que&hellip;&nbsp;<a href=\"https:\/\/quecartucho.es\/blog\/mi-impresora-aparece-sin-conexion-como-solucionarlo\/\" rel=\"bookmark\">Leer m\u00e1s &raquo;<span class=\"screen-reader-text\">Mi impresora aparece sin conexi\u00f3n, c\u00f3mo solucionarlo<\/span><\/a><\/p>\n","protected":false},"author":1,"featured_media":16361,"parent":0,"menu_order":0,"comment_status":"closed","ping_status":"closed","template":"","meta":{"neve_meta_sidebar":"full-width","neve_meta_container":"","neve_meta_enable_content_width":"on","neve_meta_content_width":100,"neve_meta_title_alignment":"","neve_meta_author_avatar":"","neve_post_elements_order":"","neve_meta_disable_header":"","neve_meta_disable_footer":"","neve_meta_disable_title":"","episode_type":"","audio_file":"","podmotor_file_id":"","podmotor_episode_id":"","cover_image":"","cover_image_id":"","duration":"","filesize":"","filesize_raw":"","date_recorded":"","explicit":"","block":"","footnotes":""},"class_list":["post-16360","page","type-page","status-publish","has-post-thumbnail","hentry"],"_links":{"self":[{"href":"https:\/\/quecartucho.es\/blog\/wp-json\/wp\/v2\/pages\/16360","targetHints":{"allow":["GET"]}}],"collection":[{"href":"https:\/\/quecartucho.es\/blog\/wp-json\/wp\/v2\/pages"}],"about":[{"href":"https:\/\/quecartucho.es\/blog\/wp-json\/wp\/v2\/types\/page"}],"author":[{"embeddable":true,"href":"https:\/\/quecartucho.es\/blog\/wp-json\/wp\/v2\/users\/1"}],"replies":[{"embeddable":true,"href":"https:\/\/quecartucho.es\/blog\/wp-json\/wp\/v2\/comments?post=16360"}],"version-history":[{"count":14,"href":"https:\/\/quecartucho.es\/blog\/wp-json\/wp\/v2\/pages\/16360\/revisions"}],"predecessor-version":[{"id":19992,"href":"https:\/\/quecartucho.es\/blog\/wp-json\/wp\/v2\/pages\/16360\/revisions\/19992"}],"wp:featuredmedia":[{"embeddable":true,"href":"https:\/\/quecartucho.es\/blog\/wp-json\/wp\/v2\/media\/16361"}],"wp:attachment":[{"href":"https:\/\/quecartucho.es\/blog\/wp-json\/wp\/v2\/media?parent=16360"}],"curies":[{"name":"wp","href":"https:\/\/api.w.org\/{rel}","templated":true}]}}