{"id":16414,"date":"2022-06-14T16:52:03","date_gmt":"2022-06-14T14:52:03","guid":{"rendered":"https:\/\/quecartucho.es\/blog\/?page_id=16414"},"modified":"2022-06-15T08:15:43","modified_gmt":"2022-06-15T06:15:43","slug":"como-imprimir-desde-el-ipad-y-iphone","status":"publish","type":"page","link":"https:\/\/quecartucho.es\/blog\/como-imprimir-desde-el-ipad-y-iphone\/","title":{"rendered":"Como imprimir desde el iPhone y iPad"},"content":{"rendered":"\n<div class=\"wp-block-columns is-layout-flex wp-container-core-columns-is-layout-9d6595d7 wp-block-columns-is-layout-flex\">\n<div class=\"wp-block-column is-layout-flow wp-block-column-is-layout-flow\">\n<p class=\"has-text-align-center\">A trav\u00e9s de nuestros dispositivos <strong>iPad<\/strong> y <strong>iPhone<\/strong> podemos manejar una larga serie de archivos consiguiendo un rendimiento \u00f3ptimo, incluso en aquellos que tienen un tama\u00f1o m\u00e1s grande de lo habitual. Y precisamente este rendimiento es una de las claras diferencias con otros dispositivos.<\/p>\n\n\n\n<p><\/p>\n\n\n\n<p class=\"has-text-align-center\">Sin embargo, por diferentes razones puede que necesitemos <strong>imprimir documentos<\/strong> para tenerlos de forma f\u00edsica (por ejemplo, si los tenemos que entregar en alguna administraci\u00f3n).<\/p>\n\n\n\n<p><\/p>\n\n\n\n<p class=\"has-text-align-center\">En este art\u00edculo estudiamos todas las posibilidades:<\/p>\n<\/div>\n\n\n\n<div class=\"wp-block-column is-layout-flow wp-block-column-is-layout-flow\">\n<figure class=\"wp-block-image size-large is-style-default\"><img loading=\"lazy\" decoding=\"async\" width=\"1024\" height=\"667\" src=\"https:\/\/quecartucho.es\/blog\/wp-content\/uploads\/2022\/06\/imprimiendo-desde-un-ipad-con-Airprint-1024x667.jpg\" alt=\"imprimiendo desde un ipad con Airprint\" class=\"wp-image-16418\" title=\"\" srcset=\"https:\/\/quecartucho.es\/blog\/wp-content\/uploads\/2022\/06\/imprimiendo-desde-un-ipad-con-Airprint-1024x667.jpg 1024w, https:\/\/quecartucho.es\/blog\/wp-content\/uploads\/2022\/06\/imprimiendo-desde-un-ipad-con-Airprint-300x196.jpg 300w, https:\/\/quecartucho.es\/blog\/wp-content\/uploads\/2022\/06\/imprimiendo-desde-un-ipad-con-Airprint-768x500.jpg 768w, https:\/\/quecartucho.es\/blog\/wp-content\/uploads\/2022\/06\/imprimiendo-desde-un-ipad-con-Airprint-150x98.jpg 150w, https:\/\/quecartucho.es\/blog\/wp-content\/uploads\/2022\/06\/imprimiendo-desde-un-ipad-con-Airprint.jpg 1200w\" sizes=\"auto, (max-width: 1024px) 100vw, 1024px\" \/><\/figure>\n<\/div>\n<\/div>\n\n\n\n<h2 class=\"wp-block-heading\"><strong>C\u00f3mo imprimir a trav\u00e9s de AirPrint<\/strong><\/h2>\n\n\n\n<p>Los dispositivos IOS llevan incorporados de serie una <a href=\"https:\/\/support.apple.com\/es-es\/HT201387\" rel=\"nofollow noopener\" target=\"_blank\">funci\u00f3n conocida como <strong>AirPrint<\/strong><\/a>. As\u00ed que, a no ser que tengas un modelo con una versi\u00f3n muy antigua, no deber\u00edas tener ning\u00fan problema en este sentido.<\/p>\n\n\n\n<p>Ahora bien, ten en cuenta que la impresora tambi\u00e9n debe contar con <strong>tecnolog\u00eda AirPrint<\/strong>; en el caso de que no sea as\u00ed tendr\u00e1s que recurrir a los m\u00e9todos que te proponemos en los siguientes apartados. Listado de las <a href=\"https:\/\/quecartucho.es\/blog\/impresoras\/impresoras-airprint\/\">mejores impresoras analizadas con AirPrint<\/a>.<\/p>\n\n\n\n<p>Una vez que compruebes que todos los dispositivos cuentan con esta tecnolog\u00eda, ser\u00e1 cuesti\u00f3n de seguir estos pasos:<\/p>\n\n\n\n<ol class=\"wp-block-list\"><li>\u00a0La impresora debe estar conectada a la <strong>red WiFI<\/strong> del hogar. Si no es as\u00ed, con\u00e9ctala antes de seguir el paso 2. <\/li><li>La configuraci\u00f3n depender\u00e1 de cada modelo de impresora y marca.<\/li><li>Desde el iPad o iPhone abrimos el documento que queremos imprimir. En la opci\u00f3n de archivo tendremos que buscar la opci\u00f3n de <strong>imprimir<\/strong>, o directamente hacer clic en el icono de la imagen de la impresora.<\/li><li>Te aparecer\u00e1 un listado con las impresoras que se han detectado. Si la conexi\u00f3n es correcta, tendr\u00e1s que encontrar tu modelo.<\/li><li>Elige el n\u00ba de copias del documento y termina pulsando en <strong>imprimir<\/strong>.<\/li><\/ol>\n\n\n\n<p><\/p>\n\n\n\n<p>Y as\u00ed es como la <strong>tecnolog\u00eda AirPrint<\/strong> te facilita la impresi\u00f3n de documentos, pero \u00fanicamente con dispositivos compatibles.<\/p>\n\n\n<div class=\"wp-block-image is-style-default\">\n<figure class=\"aligncenter size-large\"><img loading=\"lazy\" decoding=\"async\" width=\"1024\" height=\"576\" src=\"https:\/\/quecartucho.es\/blog\/wp-content\/uploads\/2022\/06\/imprimir-pdf-desde-iphone-1024x576.jpg\" alt=\"\" class=\"wp-image-16420\" title=\"\" srcset=\"https:\/\/quecartucho.es\/blog\/wp-content\/uploads\/2022\/06\/imprimir-pdf-desde-iphone-1024x576.jpg 1024w, https:\/\/quecartucho.es\/blog\/wp-content\/uploads\/2022\/06\/imprimir-pdf-desde-iphone-300x169.jpg 300w, https:\/\/quecartucho.es\/blog\/wp-content\/uploads\/2022\/06\/imprimir-pdf-desde-iphone-768x432.jpg 768w, https:\/\/quecartucho.es\/blog\/wp-content\/uploads\/2022\/06\/imprimir-pdf-desde-iphone-1536x864.jpg 1536w, https:\/\/quecartucho.es\/blog\/wp-content\/uploads\/2022\/06\/imprimir-pdf-desde-iphone-150x84.jpg 150w, https:\/\/quecartucho.es\/blog\/wp-content\/uploads\/2022\/06\/imprimir-pdf-desde-iphone.jpg 1600w\" sizes=\"auto, (max-width: 1024px) 100vw, 1024px\" \/><\/figure>\n<\/div>\n\n\n<h2 class=\"wp-block-heading\"><strong>Imprimir usando el correo electr\u00f3nico<\/strong><\/h2>\n\n\n\n<p>Hay muchas razones por las que quer\u00edas imprimir un <strong>mail<\/strong>. Por ejemplo, puede que necesites seguir unas indicaciones para llegar a un lugar en el que la conexi\u00f3n a Internet es mala.<\/p>\n\n\n\n<p>Podr\u00edas tener la tentaci\u00f3n de abrir el MAC para imprimir el e-mail, pero no es necesario: lo cierto es que lo <strong>puedes imprimir de forma directa desde el iPhone<\/strong>.<\/p>\n\n\n\n<h3 class=\"wp-block-heading\">Aqu\u00ed vamos a ver el m\u00e9todo de como hacerlo teniendo una <strong>impresora compatible con Airprint<\/strong>:<\/h3>\n\n\n\n<ol class=\"wp-block-list\"><li>Abre la aplicaci\u00f3n que usas para gestionar el correo electr\u00f3nico (normalmente, la aplicaci\u00f3n de <strong>mail<\/strong>).<\/li><li>Pulsa en el bot\u00f3n de respuesta (est\u00e1 situado en la parte inferior).<\/li><li>Marca imprimir.<\/li><li>Se abrir\u00e1n de manera autom\u00e1tica las opciones de la impresora. En este punto podr\u00e1s seleccionar la cantidad de copias que quieres, el rango de p\u00e1ginas a imprimir (en el caso de que se trate de un correo electr\u00f3nico muy largo) y la <strong><a href=\"https:\/\/quecartucho.es\/blog\/\">impresora<\/a><\/strong> que ha detectado el sistema.<\/li><li>Para confirmar la impresi\u00f3n tendr\u00e1s que hacer clic en la esquina de la derecha.<\/li><\/ol>\n\n\n\n<p>Lo \u00fanico que debes tener en cuenta es que los correos electr\u00f3nicos no siempre siguen una estructura l\u00f3gica. Por esta raz\u00f3n, puede que imprimas m\u00e1s p\u00e1ginas de las que te pensabas.<\/p>\n\n\n\n<h3 class=\"wp-block-heading\"><strong>C\u00f3mo imprimir sin utilizar AirPrint<\/strong><\/h3>\n\n\n\n<p>Si tu impresora no tiene AirPrint la situaci\u00f3n se complica. Podr\u00eda darse el caso de que el fabricante hubiese dise\u00f1ado una aplicaci\u00f3n compatible con la impresora para que se pueda imprimir desde el <strong>iPad<\/strong> o el <strong>iPhone<\/strong>, pero en este caso la tendremos por nuestra cuenta considerando el modelo y la marca.<\/p>\n\n\n\n<p>Aqu\u00ed os vamos a recomendar dos programas que est\u00e1n funcionando muy bien:<\/p>\n\n\n\n<h2 class=\"wp-block-heading\"><strong>Imprimir usando otros programas<\/strong><\/h2>\n\n\n\n<p><strong>a)<\/strong> &nbsp; &nbsp; <strong>Print Agent Lite<\/strong><\/p>\n\n\n\n<p>Para usar <strong>Print Agent Lite<\/strong> es necesario que la impresora est\u00e9 conectada a la red Wifi y que las controle un ordenador, o tener acceso por WiFi por su cuenta. Para evitar que pierdas el tiempo instalando la app, la propia empresa ofrece un listado de impresoras compatibles: tan solo tendr\u00e1s que consultarla para salir de dudas.<\/p>\n\n\n\n<p>El precio de la aplicaci\u00f3n es de <strong>4,99\u20ac<\/strong> y est\u00e1 pensada para funcionar de una forma muy sencilla: el propio programa se encargar\u00e1 de hacer la detecci\u00f3n de la impresora y dar\u00e1 una configuraci\u00f3n predeterminada. No obstante, podemos cambiar algunos de los criterios en base a nuestras necesidades.<\/p>\n\n\n\n<p>Este son los pasos que debes dar para usarla:<\/p>\n\n\n\n<p>1) &nbsp; &nbsp; Descarga e instala la aplicaci\u00f3n desde la Apple Store.<\/p>\n\n\n\n<p>2) &nbsp; &nbsp; Enciende la impresora y aseg\u00farate de que est\u00e1 conectada a la red WiFi.<\/p>\n\n\n\n<p>3) &nbsp; &nbsp; En la parte de la izquierda inferior de la app te deber\u00eda aparecer tu impresora despu\u00e9s de que el sistema la haya reconocido. Si no lo ha hecho, puede que no sea compatible.<\/p>\n\n\n\n<p>4) &nbsp; &nbsp; Pulsa en<strong> Test Printer<\/strong> para que el sistema compruebe que la configuraci\u00f3n encontrada es la correcta.<\/p>\n\n\n\n<p>5) &nbsp; &nbsp; En la parte central tendr\u00e1s un <strong>navegador de archivos<\/strong> que te permitir\u00e1 moverte por tu tel\u00e9fono como si fuese un administrador. Tan solo accede al documento que buscas y pulsa en la opci\u00f3n de <strong>Print\u2026<\/strong>.<\/p>\n\n\n\n<p>6) &nbsp; &nbsp; Te aparecer\u00e1 un listado con las impresoras compatibles. Pulsa en la tuya y acepta.<\/p>\n\n\n\n<p>Otra de las razones para adquirir esta aplicaci\u00f3n es su compatibilidad con <strong>Dropbox<\/strong> y otros sistemas de almacenamiento en la nube. No solo te permite la opci\u00f3n de imprimirlos, sino tambi\u00e9n abrirlos y mandarlos por e-mail, redes sociales, as\u00ed como a trav\u00e9s de otros medios.<\/p>\n\n\n\n<p><strong>b)<\/strong> &nbsp; &nbsp; <strong>Printer Pro Lite &amp; Printer Pro<\/strong><\/p>\n\n\n\n<p><strong>Printer Pro Lite<\/strong> es una aplicaci\u00f3n <strong>mucho m\u00e1s sencilla<\/strong>, aunque cumple con lo que promete. Tiene menos compatibilidad que la anterior a la hora de buscar impresoras, pero deber\u00edas probarla si no te ha funcionado.<\/p>\n\n\n\n<p>Ahora bien, el principal prop\u00f3sito de <strong>Printer Pro Lite<\/strong> es comprobar la compatibilidad con la impresora. En el caso de que la prueba haya sido satisfactoria, deber\u00edas comprar la versi\u00f3n completa de <strong>Printer Pro<\/strong>.<\/p>\n\n\n\n<p>Es compatible con muchas impresoras WiFi y con pr\u00e1cticamente cualquier impresora conectada desde el iPad o el iPhone.<\/p>\n\n\n\n<p>Aqu\u00ed te detallamos los pasos que debes seguir:<\/p>\n\n\n\n<p>1) &nbsp; &nbsp; Ejecuta e instala la aplicaci\u00f3n. Empieza primero por la de Printer Pro Lite y si todo va bien haz lo mismo con <strong>Printer Pro<\/strong>.<\/p>\n\n\n\n<p>2) &nbsp; &nbsp; La aplicaci\u00f3n se tomar\u00e1 algunos minutos para intentar encontrar la impresora. Aseg\u00farate de que est\u00e1 conectada a la red.<\/p>\n\n\n\n<p>3) &nbsp; &nbsp; Pulsa en <strong>Abrir con\u2026<\/strong> y marca el documento a imprimir. Esta aplicaci\u00f3n es compatible con la impresi\u00f3n de varios documentos al mismo tiempo.<\/p>\n\n\n\n<p>4) &nbsp; &nbsp; Pulsa en <strong>imprimir<\/strong> y deber\u00eda comenzar la impresi\u00f3n.<\/p>\n\n\n\n<p>Un valor diferencial de esta aplicaci\u00f3n es que puede imprimir directamente p\u00e1ginas si est\u00e1s utilizando el navegador Safari. Para ello, simplemente cambia el <em>http<\/em> por <em>phttp<\/em> en la barra de direcciones y pulsa el bot\u00f3n de Ir. As\u00ed se abrir\u00e1 la p\u00e1gina de forma autom\u00e1tica en Printer Pro y podremos confirmar la impresi\u00f3n.<\/p>\n\n\n\n<p><strong>c)<\/strong>&nbsp; &nbsp; &nbsp; <strong>Printopia<\/strong><\/p>\n\n\n\n<p><strong>Printopia<\/strong> (<em>Ecamm<\/em>) es una interesante aplicaci\u00f3n que permite imprimir desde dispositivos IOs a cualquier modelo de impresora que est\u00e9 conectada a un MAC.<\/p>\n\n\n\n<p>Al instalar la aplicaci\u00f3n genera 2 impresoras virtuales.<\/p>\n\n\n\n<ul class=\"wp-block-list\"><li>La primera impresora es <strong>Enviar a un MAC<\/strong>, funci\u00f3n que sirve para almacenar cualquier imagen o documento en la carpeta Documentos -&gt; Printopia.<\/li><li>La segunda es <strong>Enviar a Dropbox en Mac<\/strong> que hace lo mismo, pero en una carpeta dentro del DropBox. Adem\u00e1s, se sincroniza con todos los dispositivos.<\/li><\/ul>\n\n\n\n<p>Si el sistema detecta la impresora, aparecer\u00e1 tambi\u00e9n en este listado. Tambi\u00e9n puedes agregar tantas <strong>impresoras virtuales<\/strong> como necesites.<\/p>\n\n\n\n<p>El proceso de impresi\u00f3n es sencillo:<\/p>\n\n\n\n<p>1) &nbsp; &nbsp; Abres la aplicaci\u00f3n.<\/p>\n\n\n\n<p>2) &nbsp; &nbsp; Seleccionas la impresora.<\/p>\n\n\n\n<p>3) &nbsp; &nbsp; Seleccionas el documento.<\/p>\n\n\n\n<p>4) &nbsp; &nbsp; Pulsas en Imprimir y esperas a que termine el proceso.<\/p>\n\n\n\n<h2 class=\"wp-block-heading\"><strong>Imprimir con Google Cloud Print<\/strong><\/h2>\n\n\n\n<p>Si tienes una impresora de empresa, y quieres imprimir un documento desde <strong>iPhone<\/strong> o <strong>iPad<\/strong>, puedes utilizar un servicio que Google pone a tu disposici\u00f3n: <em>Google Cloud Print<\/em>.<\/p>\n\n\n\n<p>El proceso se lleva a cabo con tu cuenta de Google y, tal y c\u00f3mo vamos a describir a continuaci\u00f3n, no es nada complicado:<\/p>\n\n\n\n<h3 class=\"wp-block-heading\"><strong>Instalaci\u00f3n de una impresora HP<\/strong><\/h3>\n\n\n<div class=\"wp-block-image is-style-default\">\n<figure class=\"aligncenter size-large\"><img loading=\"lazy\" decoding=\"async\" width=\"1024\" height=\"536\" src=\"https:\/\/quecartucho.es\/blog\/wp-content\/uploads\/2022\/06\/imprimir-en-impresora-hp-desde-apple-1024x536.webp\" alt=\"\" class=\"wp-image-16421\" title=\"\" srcset=\"https:\/\/quecartucho.es\/blog\/wp-content\/uploads\/2022\/06\/imprimir-en-impresora-hp-desde-apple-1024x536.webp 1024w, https:\/\/quecartucho.es\/blog\/wp-content\/uploads\/2022\/06\/imprimir-en-impresora-hp-desde-apple-300x157.webp 300w, https:\/\/quecartucho.es\/blog\/wp-content\/uploads\/2022\/06\/imprimir-en-impresora-hp-desde-apple-768x402.webp 768w, https:\/\/quecartucho.es\/blog\/wp-content\/uploads\/2022\/06\/imprimir-en-impresora-hp-desde-apple-150x79.webp 150w, https:\/\/quecartucho.es\/blog\/wp-content\/uploads\/2022\/06\/imprimir-en-impresora-hp-desde-apple.webp 1268w\" sizes=\"auto, (max-width: 1024px) 100vw, 1024px\" \/><\/figure>\n<\/div>\n\n\n<p>Las <strong><a href=\"https:\/\/quecartucho.es\/blog\/impresoras-hp\/\">impresoras HP<\/a><\/strong> son las m\u00e1s f\u00e1ciles de configurar, ya que son compatibles con <em>Google Cloud Print<\/em> sin que sea necesario instalar nada.<\/p>\n\n\n\n<p>Lo \u00fanico que habr\u00e1 que hacer es acceder a la p\u00e1gina de HP y registrarse utilizando la direcci\u00f3n del servicio de HP ePrint.<\/p>\n\n\n\n<p>Para imprimir a trav\u00e9s de esta herramienta simplemente habr\u00e1 que acceder al <strong>servicio ePrint de HP<\/strong>, sin agregar ning\u00fan servidor de correo electr\u00f3nico. Los trabajos de impresi\u00f3n deben enviarse de forma directa a la impresora, sin ning\u00fan tipo de intermediario.<\/p>\n\n\n\n<p><\/p>\n\n\n\n<h3 class=\"wp-block-heading\"><strong>Instalaci\u00f3n de impresoras tradicionales<\/strong><\/h3>\n\n\n\n<p>Es posible agregar otras impresoras que no sean de HP a <em>Google Cloud Print<\/em> que son aquellas que no tienen acceso directo a la web.<\/p>\n\n\n\n<p>El problema es que tan solo se podr\u00e1 hacer si est\u00e1n conectadas a un ordenador para poder imprimir. Esto quiere decir que no solamente tendr\u00e1 que estar la impresora habilitada, sino tambi\u00e9n el equipo asociado.<\/p>\n\n\n\n<p>Tambi\u00e9n har\u00e1 falta integrar un <strong>conector en Google Chrome<\/strong> para agregar las impresoras; para ello habr\u00e1 que acceder a trav\u00e9s de las <strong>opciones de configuraci\u00f3n<\/strong> del navegador que hemos comentado.<\/p>\n\n\n\n<p>Una vez asociado podremos imprimir seleccionado <strong>Google Print Cloud<\/strong> en las <strong>opciones de impresi\u00f3n<\/strong> del documento.<\/p>\n\n\n\n<p>Ahora ya sabes <strong>c\u00f3mo imprimir desde el iPad y el iPhone<\/strong> a trav\u00e9s de diferentes m\u00e9todos que se adaptar\u00e1n a tus necesidades.<\/p>\n","protected":false},"excerpt":{"rendered":"<p>A trav\u00e9s de nuestros dispositivos iPad y iPhone podemos manejar una larga serie de archivos consiguiendo un rendimiento \u00f3ptimo, incluso en aquellos que tienen un tama\u00f1o m\u00e1s grande de lo habitual. Y precisamente este rendimiento es una de las claras diferencias con otros dispositivos. Sin embargo, por diferentes razones puede que necesitemos imprimir documentos para&hellip;&nbsp;<a href=\"https:\/\/quecartucho.es\/blog\/como-imprimir-desde-el-ipad-y-iphone\/\" rel=\"bookmark\">Leer m\u00e1s &raquo;<span class=\"screen-reader-text\">Como imprimir desde el iPhone y iPad<\/span><\/a><\/p>\n","protected":false},"author":1,"featured_media":16417,"parent":0,"menu_order":0,"comment_status":"closed","ping_status":"closed","template":"","meta":{"neve_meta_sidebar":"full-width","neve_meta_container":"","neve_meta_enable_content_width":"on","neve_meta_content_width":100,"neve_meta_title_alignment":"","neve_meta_author_avatar":"","neve_post_elements_order":"","neve_meta_disable_header":"","neve_meta_disable_footer":"","neve_meta_disable_title":"","episode_type":"","audio_file":"","podmotor_file_id":"","podmotor_episode_id":"","cover_image":"","cover_image_id":"","duration":"","filesize":"","filesize_raw":"","date_recorded":"","explicit":"","block":"","footnotes":""},"class_list":["post-16414","page","type-page","status-publish","has-post-thumbnail","hentry"],"_links":{"self":[{"href":"https:\/\/quecartucho.es\/blog\/wp-json\/wp\/v2\/pages\/16414","targetHints":{"allow":["GET"]}}],"collection":[{"href":"https:\/\/quecartucho.es\/blog\/wp-json\/wp\/v2\/pages"}],"about":[{"href":"https:\/\/quecartucho.es\/blog\/wp-json\/wp\/v2\/types\/page"}],"author":[{"embeddable":true,"href":"https:\/\/quecartucho.es\/blog\/wp-json\/wp\/v2\/users\/1"}],"replies":[{"embeddable":true,"href":"https:\/\/quecartucho.es\/blog\/wp-json\/wp\/v2\/comments?post=16414"}],"version-history":[{"count":10,"href":"https:\/\/quecartucho.es\/blog\/wp-json\/wp\/v2\/pages\/16414\/revisions"}],"predecessor-version":[{"id":16430,"href":"https:\/\/quecartucho.es\/blog\/wp-json\/wp\/v2\/pages\/16414\/revisions\/16430"}],"wp:featuredmedia":[{"embeddable":true,"href":"https:\/\/quecartucho.es\/blog\/wp-json\/wp\/v2\/media\/16417"}],"wp:attachment":[{"href":"https:\/\/quecartucho.es\/blog\/wp-json\/wp\/v2\/media?parent=16414"}],"curies":[{"name":"wp","href":"https:\/\/api.w.org\/{rel}","templated":true}]}}