{"id":16748,"date":"2022-07-22T09:31:13","date_gmt":"2022-07-22T07:31:13","guid":{"rendered":"https:\/\/quecartucho.es\/blog\/?page_id=16748"},"modified":"2022-07-22T10:05:53","modified_gmt":"2022-07-22T08:05:53","slug":"como-comprobar-los-niveles-de-tinta-de-la-impresora","status":"publish","type":"page","link":"https:\/\/quecartucho.es\/blog\/como-comprobar-los-niveles-de-tinta-de-la-impresora\/","title":{"rendered":"\u00bfC\u00f3mo comprobar los niveles de tinta de la impresora?"},"content":{"rendered":"\n<p>La <strong><a href=\"https:\/\/quecartucho.es\/\">tinta de impresora<\/a><\/strong> est\u00e1 considerada como <a href=\"https:\/\/quecartucho.es\/blog\/precio-de-la-tinta\/\">uno de los l\u00edquidos m\u00e1s caros del mundo<\/a>.<\/p>\n\n\n\n<p>Aunque ahora hacen dispositivos y cartuchos m\u00e1s eficientes, tarde o temprano se agotar\u00e1 y tendr\u00e1s que comprar m\u00e1s. \u00bfSabes cu\u00e1ndo ha llegado el momento de hacer el cambio? La mejor opci\u00f3n es tener controlado los <strong>niveles de tinta de la impresora<\/strong>.<\/p>\n\n\n\n<p>Si todav\u00eda no sabes c\u00f3mo puedes verlos, este art\u00edculo es para ti:<\/p>\n\n\n\n<h2 class=\"wp-block-heading\"><strong>C\u00f3mo saber si la impresora tiene tinta seg\u00fan dispositivo<\/strong><\/h2>\n\n\n\n<p>La forma de revisar los <strong>niveles de tinta<\/strong> var\u00eda dependiendo de cada dispositivo. Aqu\u00ed te ense\u00f1amos c\u00f3mo debes hacerlo en un PC, MAC, en Windows, desde el m\u00f3vil (Android, iOS) o desde la misma impresora:<\/p>\n\n\n\n<h3 class=\"wp-block-heading\"><strong>C\u00f3mo saber si la impresora tiene tinta en MAC<\/strong><\/h3>\n\n\n\n<p>Si tienes un dispositivo MAC, estos son los pasos que debes dar:<\/p>\n\n\n\n<div class=\"wp-block-columns is-layout-flex wp-container-core-columns-is-layout-9d6595d7 wp-block-columns-is-layout-flex\">\n<div class=\"wp-block-column is-layout-flow wp-block-column-is-layout-flow\">\n<p>1) &nbsp; &nbsp; Accede al men\u00fa <strong>Apple<\/strong> o bien acceder directamente al Dock. Marca la opci\u00f3n de <strong>Preferencias del Sistemas<\/strong>.<\/p>\n\n\n\n<p>2) &nbsp; &nbsp; Selecciona la opci\u00f3n de <strong>Impresi\u00f3n y Fax<\/strong>. En la nueva pesta\u00f1a que se abrir\u00e1 pulsa <strong>Impresi\u00f3n y Escaneado<\/strong> y finalmente en <strong>Impresoras y esc\u00e1neres<\/strong>.<\/p>\n\n\n\n<p>3) &nbsp; &nbsp; Pulsa sobre <strong>Opciones y recambios<\/strong> (tambi\u00e9n puede llamarse <em>Opciones y consumibles)<\/em>, marca en <strong>Utilidad<\/strong> y en <strong>Abrir Utilidad de impresoras<\/strong>.<\/p>\n\n\n\n<p>4) &nbsp; &nbsp; Dependiendo del modelo de impresora tendr\u00e1s una herramienta diferente; por ejemplo, si se trata de una Epson tendr\u00e1s que pulsar en <em>EPSON Status Monitor.<\/em><\/p>\n\n\n\n<p>5) &nbsp; &nbsp; Y ah\u00ed te aparecer\u00e1 un gr\u00e1fico con los niveles de tinta.<\/p>\n<\/div>\n\n\n\n<div class=\"wp-block-column is-layout-flow wp-block-column-is-layout-flow\">\n<figure class=\"wp-block-image size-large\"><img loading=\"lazy\" decoding=\"async\" width=\"1024\" height=\"439\" src=\"https:\/\/quecartucho.es\/blog\/wp-content\/uploads\/2022\/07\/Como-saber-si-la-impresora-tiene-tinta-en-MAC-1024x439.jpeg\" alt=\"C\u00f3mo saber si la impresora tiene tinta en MAC\" class=\"wp-image-16772\" title=\"\" srcset=\"https:\/\/quecartucho.es\/blog\/wp-content\/uploads\/2022\/07\/Como-saber-si-la-impresora-tiene-tinta-en-MAC-1024x439.jpeg 1024w, https:\/\/quecartucho.es\/blog\/wp-content\/uploads\/2022\/07\/Como-saber-si-la-impresora-tiene-tinta-en-MAC-300x129.jpeg 300w, https:\/\/quecartucho.es\/blog\/wp-content\/uploads\/2022\/07\/Como-saber-si-la-impresora-tiene-tinta-en-MAC-768x329.jpeg 768w, https:\/\/quecartucho.es\/blog\/wp-content\/uploads\/2022\/07\/Como-saber-si-la-impresora-tiene-tinta-en-MAC-150x64.jpeg 150w, https:\/\/quecartucho.es\/blog\/wp-content\/uploads\/2022\/07\/Como-saber-si-la-impresora-tiene-tinta-en-MAC.jpeg 1050w\" sizes=\"auto, (max-width: 1024px) 100vw, 1024px\" \/><\/figure>\n<\/div>\n<\/div>\n\n\n\n<p><\/p>\n\n\n\n<h3 class=\"wp-block-heading\"><strong>C\u00f3mo saber si la impresora tiene tinta en Windows<\/strong><\/h3>\n\n\n\n<p>En Windows existen un par de m\u00e9todos para hacer la comprobaci\u00f3n:<\/p>\n\n\n\n<h4 class=\"wp-block-heading\"><strong>#M\u00e9todo 1<\/strong><\/h4>\n\n\n\n<p>Lo m\u00e1s habitual es que al instalar el controlador de la impresora se instale tambi\u00e9n un <strong>Software<\/strong> que permita controlar las funciones de la misma (por ejemplo, en el caso de <strong>HP<\/strong> se llama <strong>Asistente de impresora HP<\/strong>).<\/p>\n\n\n\n<p>Lo \u00fanico que tendr\u00e1s que hacer es abrir dicho asistente y pulsar en la pesta\u00f1a adecuada (por ejemplo, en <em>niveles de tinta estimados<\/em>).<\/p>\n\n\n\n<p>A trav\u00e9s de este sistema no s\u00f3lo puedes comprobar los sistemas, sino que tambi\u00e9n se suele integrar un bot\u00f3n que permite comprar directamente tinta en la tienda online, en el caso de que sea necesaria.<\/p>\n\n\n\n<h4 class=\"wp-block-heading\"><strong>#M\u00e9todo 2<\/strong><\/h4>\n\n\n\n<p>Si tienes un ordenador con <strong>Windows 10 <\/strong>es muy probable que puedas conseguir una aplicaci\u00f3n oficial para el modelo de impresora. Puedes echar un vistazo al <strong>Store<\/strong> de este sistema operativo y hacer la descarga a trav\u00e9s de ese medio.<\/p>\n\n\n\n<p>Siguiendo el caso del ejemplo de HP, una de las aplicaciones que puedes instalar es <em>HP DesignJet Print Experience<\/em>. A trav\u00e9s de la misma puedes controlar determinados aspectos del perif\u00e9rico, como conocer los <strong>niveles de tinta<\/strong>.<\/p>\n\n\n\n<div class=\"wp-block-columns is-layout-flex wp-container-core-columns-is-layout-9d6595d7 wp-block-columns-is-layout-flex\">\n<div class=\"wp-block-column is-layout-flow wp-block-column-is-layout-flow\">\n<figure class=\"wp-block-embed is-type-video is-provider-youtube wp-block-embed-youtube wp-embed-aspect-16-9 wp-has-aspect-ratio\"><div class=\"wp-block-embed__wrapper\">\n<div class=\"nv-iframe-embed\"><iframe loading=\"lazy\" title=\"Ver niveles de tinta en Windows 10 - Impresora EPSON\" width=\"1200\" height=\"675\" src=\"https:\/\/www.youtube.com\/embed\/J_6cN5Cz0kE?feature=oembed\" frameborder=\"0\" allow=\"accelerometer; autoplay; clipboard-write; encrypted-media; gyroscope; picture-in-picture\" allowfullscreen><\/iframe><\/div>\n<\/div><\/figure>\n<\/div>\n\n\n\n<div class=\"wp-block-column is-layout-flow wp-block-column-is-layout-flow\">\n<figure class=\"wp-block-embed is-type-video is-provider-youtube wp-block-embed-youtube wp-embed-aspect-16-9 wp-has-aspect-ratio\"><div class=\"wp-block-embed__wrapper\">\n<div class=\"nv-iframe-embed\"><iframe loading=\"lazy\" title=\"2020-C\u00d3MO VER EL NIVEL DE TINTA DE TU IMPRESORA HP F\u00c1CIL Y R\u00c1PIDO, CU\u00c1NTO LE QUEDA PARA IMPRIMIR.\" width=\"1200\" height=\"675\" src=\"https:\/\/www.youtube.com\/embed\/8vOiPGkaurM?feature=oembed\" frameborder=\"0\" allow=\"accelerometer; autoplay; clipboard-write; encrypted-media; gyroscope; picture-in-picture\" allowfullscreen><\/iframe><\/div>\n<\/div><\/figure>\n<\/div>\n<\/div>\n\n\n\n<h3 class=\"wp-block-heading\"><strong>\u00bfC\u00f3mo puedo comprobar desde Ubuntu los niveles de tinta o t\u00f3ner de mi impresora?<\/strong><\/h3>\n\n\n\n<p>Si tienes el sistema operativo <strong>Ubuntu<\/strong> (que est\u00e1 basado en Linux), la forma de comprobar los niveles de tinta o t\u00f3ner es algo diferente.<\/p>\n\n\n\n<p>La forma de consulta depende del propio modelo de impresora, as\u00ed como del fabricante y de los controladores que se hayan instalado en el equipo.<\/p>\n\n\n\n<p>Algunas marcas ofrecen un software especial que permite controlar los niveles de tinta con tan solo hacer clic en el mismo. En el resto de los casos, habr\u00e1 que consultar la opci\u00f3n a trav\u00e9s de las opciones del sistema operativo.<\/p>\n\n\n\n<p>Tambi\u00e9n tienes la opci\u00f3n de instalar otra aplicaci\u00f3n para <strong>comprobar los niveles de tinta<\/strong>, como es el caso de <em>Inkblot: <\/em>a trav\u00e9s de la misma podr\u00e1s conocer el <strong>estado de la tinta<\/strong> en la mayor\u00eda de los modelos, como es el caso de <strong>Epson, HP<\/strong> Y <strong>Canon<\/strong>.<\/p>\n\n\n\n<p>Otras alternativas a este tipo de software es <strong>mktink<\/strong> (aunque est\u00e1 reservada \u00fanicamente para impresoras de la marca Epson).<\/p>\n\n\n\n<h3 class=\"wp-block-heading\"><strong>C\u00f3mo saber si la impresora tiene tinta a trav\u00e9s del m\u00f3vil (Android, iOS)<\/strong><\/h3>\n\n\n\n<p>Si sueles imprimir desde tu tel\u00e9fono m\u00f3vil, con independencia de que el sistema operativo sea <strong>Android o IOS<\/strong>, puedes comprobar los niveles de tinta sin tener que sentarte delante del ordenador.<\/p>\n\n\n\n<p>Lo \u00fanico que tendr\u00e1s que hacer es seguir estos pasos.<\/p>\n\n\n\n<div class=\"wp-block-columns is-layout-flex wp-container-core-columns-is-layout-9d6595d7 wp-block-columns-is-layout-flex\">\n<div class=\"wp-block-column is-layout-flow wp-block-column-is-layout-flow\">\n<ul class=\"wp-block-list\"><li>1) \u00a0 \u00a0 Accede a <strong>Google Play<\/strong> (para Android) o la <strong>Apple Store<\/strong> (para IOS), dependiendo del sistema operativo que tengas.<\/li><li>2) \u00a0 \u00a0 Busca la aplicaci\u00f3n compatible con tu impresora y S.O. Por ejemplo, en el caso de que sea una HP puedes descargar la app de <strong>HP Smart<\/strong>.<\/li><li>3) \u00a0 \u00a0 Espera a que se descargue y se instale.<\/li><li>4) \u00a0 \u00a0 La primera vez que ejecutes la app tendr\u00e1s que conseguir que se sincronice con la impresora. Esto suele ser sencillo, aunque el proceso puede ser m\u00e1s complejo dependiendo del modelo. Una vez que se haya sincronizado, tendr\u00e1s acceso al panel de opciones.<\/li><\/ul>\n\n\n\n<p>Desde este panel tendr\u00e1s acceso a la opci\u00f3n de los <strong>niveles de tinta<\/strong>.<\/p>\n<\/div>\n\n\n\n<div class=\"wp-block-column is-layout-flow wp-block-column-is-layout-flow\">\n<figure class=\"wp-block-image size-large\"><img loading=\"lazy\" decoding=\"async\" width=\"1024\" height=\"767\" src=\"https:\/\/quecartucho.es\/blog\/wp-content\/uploads\/2022\/07\/Como-saber-si-la-impresora-tiene-tinta-a-traves-del-movil-Android-iOS-1024x767.webp\" alt=\"C\u00f3mo saber si la impresora tiene tinta a trav\u00e9s del m\u00f3vil (Android, iOS)\" class=\"wp-image-16763\" title=\"\" srcset=\"https:\/\/quecartucho.es\/blog\/wp-content\/uploads\/2022\/07\/Como-saber-si-la-impresora-tiene-tinta-a-traves-del-movil-Android-iOS-1024x767.webp 1024w, https:\/\/quecartucho.es\/blog\/wp-content\/uploads\/2022\/07\/Como-saber-si-la-impresora-tiene-tinta-a-traves-del-movil-Android-iOS-300x225.webp 300w, https:\/\/quecartucho.es\/blog\/wp-content\/uploads\/2022\/07\/Como-saber-si-la-impresora-tiene-tinta-a-traves-del-movil-Android-iOS-768x575.webp 768w, https:\/\/quecartucho.es\/blog\/wp-content\/uploads\/2022\/07\/Como-saber-si-la-impresora-tiene-tinta-a-traves-del-movil-Android-iOS-150x112.webp 150w, https:\/\/quecartucho.es\/blog\/wp-content\/uploads\/2022\/07\/Como-saber-si-la-impresora-tiene-tinta-a-traves-del-movil-Android-iOS.webp 1200w\" sizes=\"auto, (max-width: 1024px) 100vw, 1024px\" \/><\/figure>\n<\/div>\n<\/div>\n\n\n\n<h3 class=\"wp-block-heading\"><strong>Como Verificar los niveles estimados de tinta o t\u00f3ner desde el panel de control de la impresora<\/strong><\/h3>\n\n\n<div class=\"wp-block-image\">\n<figure class=\"aligncenter size-large\"><img loading=\"lazy\" decoding=\"async\" width=\"1024\" height=\"683\" src=\"https:\/\/quecartucho.es\/blog\/wp-content\/uploads\/2022\/07\/Como-Verificar-los-niveles-estimados-de-tinta-o-toner-desde-el-panel-de-control-de-la-impresora-1024x683.jpg\" alt=\"Como Verificar los niveles estimados de tinta o t\u00f3ner desde el panel de control de la impresora\" class=\"wp-image-16753\" title=\"\" srcset=\"https:\/\/quecartucho.es\/blog\/wp-content\/uploads\/2022\/07\/Como-Verificar-los-niveles-estimados-de-tinta-o-toner-desde-el-panel-de-control-de-la-impresora-1024x683.jpg 1024w, https:\/\/quecartucho.es\/blog\/wp-content\/uploads\/2022\/07\/Como-Verificar-los-niveles-estimados-de-tinta-o-toner-desde-el-panel-de-control-de-la-impresora-300x200.jpg 300w, https:\/\/quecartucho.es\/blog\/wp-content\/uploads\/2022\/07\/Como-Verificar-los-niveles-estimados-de-tinta-o-toner-desde-el-panel-de-control-de-la-impresora-768x512.jpg 768w, https:\/\/quecartucho.es\/blog\/wp-content\/uploads\/2022\/07\/Como-Verificar-los-niveles-estimados-de-tinta-o-toner-desde-el-panel-de-control-de-la-impresora-930x620.jpg 930w, https:\/\/quecartucho.es\/blog\/wp-content\/uploads\/2022\/07\/Como-Verificar-los-niveles-estimados-de-tinta-o-toner-desde-el-panel-de-control-de-la-impresora-150x100.jpg 150w, https:\/\/quecartucho.es\/blog\/wp-content\/uploads\/2022\/07\/Como-Verificar-los-niveles-estimados-de-tinta-o-toner-desde-el-panel-de-control-de-la-impresora.jpg 1500w\" sizes=\"auto, (max-width: 1024px) 100vw, 1024px\" \/><\/figure>\n<\/div>\n\n\n<p>Dependiendo de lo avanzada que sea la impresora, puede que sea posible <strong>comprobar los niveles de tinta aproximados desde el panel de control<\/strong>. Es decir, desde la propia impresora, sin que haga falta utilizar un ordenador o la aplicaci\u00f3n de tu tel\u00e9fono m\u00f3vil.<\/p>\n\n\n\n<p>1) &nbsp; &nbsp; Pulsa en men\u00fa.<\/p>\n\n\n\n<p>2) &nbsp; &nbsp; Busca la opci\u00f3n que te recuerde a una <strong>gota de tinta<\/strong>, el icono de un <strong>cartucho<\/strong>, un men\u00fa que indique los <strong>Niveles de tinta<\/strong> o un <strong>indicador de T\u00f3ner.<\/strong><\/p>\n\n\n\n<p>3) &nbsp; &nbsp; Una vez que hagas las comprobaciones pertinentes, en la pantalla te aparecer\u00e1 el nivel aproximado de los cartuchos. Dependiendo de la definici\u00f3n que tenga la pantalla, podr\u00eda salir un peque\u00f1o gr\u00e1fico, o bien indicarse la cantidad en forma de porcentaje.<\/p>\n\n\n\n<h2 class=\"wp-block-heading\"><strong>C\u00f3mo saber si la impresora tiene tinta seg\u00fan fabricante de impresora<\/strong><\/h2>\n\n\n\n<p>Para tenerlo m\u00e1s f\u00e1cil a la hora de <strong>saber si la impresora tiene tinta<\/strong>, lo primero que hay que hacer es conocer el modelo del que estemos hablando. Cuando lo tengas claro, tan solo lee la secci\u00f3n correspondiente de las siguientes:<\/p>\n\n\n\n<h3 class=\"wp-block-heading\"><strong>Compruebe los niveles de tinta o t\u00f3ner de la impresora HP<\/strong><\/h3>\n\n\n\n<p>Estas son las f\u00f3rmulas que tienes para <strong>comprobar la tinta en una impresora HP:<\/strong><\/p>\n\n\n\n<ul class=\"wp-block-list\"><li><strong>Instala la aplicaci\u00f3n HP Smart para Windows: <\/strong>tan solo tendr\u00e1s que acceder a Microsoft Store para buscarla e instalarla. Una vez que la hayas configurado la primera vez, deber\u00edan aparecer los niveles nada m\u00e1s ejecutarla.<\/li><li><strong>HP Print and Scan Doctor: <\/strong>tambi\u00e9n puedes probar con esta aplicaci\u00f3n. Una vez instalada, config\u00farala como en el caso anterior y haz clic en <strong>Niveles de consumibles<\/strong>.<\/li><li><strong>Software la impresora: <\/strong>a trav\u00e9s de la herramienta <strong>HP Printer Assistant<\/strong> podr\u00e1s buscar el nombre y el modelo de la impresora para descargar el software m\u00e1s adecuado.<\/li><\/ul>\n\n\n\n<p>Si te queda poca tinta, aqu\u00ed encontraras los <strong><a href=\"https:\/\/quecartucho.es\/4336-cartuchos-de-tinta-hp-compatibles\">cartuchos HP<\/a><\/strong> que necesitas.<\/p>\n\n\n\n<h3 class=\"wp-block-heading\"><strong>Revisi\u00f3n del estado de los cartuchos de tinta en impresora Epson<\/strong><\/h3>\n\n\n\n<p>Elige cualquiera de estos m\u00e9todos para comprobar el estado de la tinta con una impresora Epson:<\/p>\n\n\n\n<ul class=\"wp-block-list\"><li><strong>Usando los botones de la impresora: <\/strong>algunos modelos te pueden dar informaci\u00f3n sobre los niveles de tinta directamente a trav\u00e9s de la pantalla. Puedes consultar el manual de instrucciones para saber c\u00f3mo hacerlo.<\/li><li><strong>Windows: <\/strong>accede al icono de la impresora situado en la barra de tareas. Pulsa en la opci\u00f3n de <strong>Utilidades<\/strong> y aparecer\u00e1 un gr\u00e1fico con los niveles de tinta.<\/li><li><strong>Mac: <\/strong>abre la aplicaci\u00f3n <strong>Epson Printer Utility 2<\/strong> y pulsa en <strong>Epson StatusMonitor<\/strong>. En el caso de que la impresora estuviera ya instalada y configurada, deber\u00eda salirte un panel con los niveles de tinta restantes.<\/li><\/ul>\n\n\n\n<p>Si el nivel de tinta es bajo, aqu\u00ed podr\u00e1s encontrar los <strong><a href=\"https:\/\/quecartucho.es\/4223-cartuchos-de-tinta-epson-compatibles\">consumibles de tu impresora Epson<\/a><a href=\"https:\/\/www.webcartucho.com\/epson\/\" rel=\"nofollow noopener\" target=\"_blank\">.<\/a><\/strong><\/p>\n\n\n\n<h3 class=\"wp-block-heading\"><strong>C\u00f3mo averiguo cu\u00e1nta tinta queda en mi impresora Canon<\/strong><\/h3>\n\n\n\n<p>El proceso a seguir para <strong>comprobar el nivel de tinta en una impresora Canon<\/strong> es algo diferente:<\/p>\n\n\n\n<div class=\"wp-block-columns is-layout-flex wp-container-core-columns-is-layout-9d6595d7 wp-block-columns-is-layout-flex\">\n<div class=\"wp-block-column is-layout-flow wp-block-column-is-layout-flow\">\n<ul class=\"wp-block-list\"><li>1) \u00a0 \u00a0 Si la impresora ya est\u00e1 instalada, tendr\u00e1s que pulsar en la configuraci\u00f3n del controlador de la misma.<\/li><li>2) \u00a0 \u00a0 Pulsa en <strong>Mantenimiento<\/strong> y despu\u00e9s en <strong>Ver estado de la impresora<\/strong> (es posible que esta herramienta est\u00e9 en ingl\u00e9s, por lo que la encontrar\u00e1s con el nombre de <em>Views Printer Status<\/em>).<\/li><li>3) \u00a0 \u00a0 Aqu\u00ed aparecer\u00e1n los <strong>Niveles de tinta estimados<\/strong>. En la parte inferior aparecer\u00e1 un gr\u00e1fico con los niveles de tinta estimados. En el caso de que el nivel de tinta sea bajo en <strong>Color<\/strong> o en <strong>Negro<\/strong>, aparecer\u00e1 el icono de alerta en donde corresponda.<\/li><\/ul>\n\n\n\n<p>En QueCartucho encontrar\u00e1s <strong><a href=\"https:\/\/quecartucho.es\/4291-cartuchos-de-tinta-canon-compatibles\">cartuchos para impresoras Canon<\/a><\/strong> al mejor precio.<\/p>\n<\/div>\n\n\n\n<div class=\"wp-block-column is-layout-flow wp-block-column-is-layout-flow\">\n<figure class=\"wp-block-image size-full\"><img loading=\"lazy\" decoding=\"async\" width=\"600\" height=\"315\" src=\"https:\/\/quecartucho.es\/blog\/wp-content\/uploads\/2022\/07\/niveles-de-tinta-impresoras-canon.jpg\" alt=\"Niveles de tinta impresoras canon\" class=\"wp-image-16750\" title=\"\" srcset=\"https:\/\/quecartucho.es\/blog\/wp-content\/uploads\/2022\/07\/niveles-de-tinta-impresoras-canon.jpg 600w, https:\/\/quecartucho.es\/blog\/wp-content\/uploads\/2022\/07\/niveles-de-tinta-impresoras-canon-300x158.jpg 300w, https:\/\/quecartucho.es\/blog\/wp-content\/uploads\/2022\/07\/niveles-de-tinta-impresoras-canon-150x79.jpg 150w\" sizes=\"auto, (max-width: 600px) 100vw, 600px\" \/><figcaption>Niveles de tinta impresoras Canon<\/figcaption><\/figure>\n<\/div>\n<\/div>\n\n\n\n<h3 class=\"wp-block-heading\"><strong>C\u00f3mo saber el nivel de tinta en una impresora Brother<\/strong><\/h3>\n\n\n\n<p>Cuando se instala el driver de una <strong>impresora Brother<\/strong>, lo m\u00e1s habitual es que se instale tambi\u00e9n lo que se conoce como el <strong>Monitor de Estado<\/strong>, que nos permite conocer algunos datos sobre la impresora.<\/p>\n\n\n\n<p>Aqu\u00ed te ofrecemos dos m\u00e9todos para <strong>consultar el nivel de tinta en una impresora Brother<\/strong>:<\/p>\n\n\n\n<h4 class=\"wp-block-heading\"><strong>#M\u00e9todo 1 (Para dispositivos que tienen pantalla t\u00e1ctil)<\/strong><\/h4>\n\n\n\n<p>1) &nbsp; &nbsp; Pulsa en MEN\u00da.<\/p>\n\n\n\n<p>2) &nbsp; &nbsp; Usa la flecha de arriba y de abajo para encontrar la opci\u00f3n de <strong>Tinta<\/strong> o <strong>Manejo de Tinta<\/strong> y confirma la selecci\u00f3n.<\/p>\n\n\n\n<p>3) &nbsp; &nbsp; Te aparecer\u00e1 un nuevo listado de opciones. Tan solo tendr\u00e1s que pulsar en <strong>Volumen de Tinta<\/strong>.<\/p>\n\n\n\n<p>4) &nbsp; &nbsp; Podr\u00e1s ver los niveles con un gr\u00e1fico m\u00e1s o menos elaborado. Una vez que ya no quieras seguir vi\u00e9ndolo, tan solo tendr\u00e1s que pulsar en <strong>Parar\/Salir<\/strong>.<\/p>\n\n\n\n<h4 class=\"wp-block-heading\"><strong>#M\u00e9todo 2 (Revisi\u00f3n desde el monitor de estado)<\/strong><\/h4>\n\n\n\n<p>Elige la opci\u00f3n correcta desde el sistema operativo que corresponda:<\/p>\n\n\n\n<ul class=\"wp-block-list\"><li><strong>Windows: <\/strong>accede al <strong>monitor de estado<\/strong> (tendr\u00e1s un acceso directo en el escritorio o bien puedes buscarlo directamente en el buscador inferior del sistema operativo). En la parte de abajo aparecer\u00e1n los niveles de tinta.<\/li><li><strong>MAC Os X: <\/strong>en MAC se instalar\u00e1 tambi\u00e9n el mismo programa; es decir, el <strong>monitor de estado<\/strong>. Tan solo tendr\u00e1s que encontrar el acceso directo al mismo y ejecutarlo. La interfaz es bastante similar a la de Windows. De todos los datos que aparecen tan solo tendr\u00e1s que fijarte en la parte inferior, ya que aqu\u00ed estar\u00e1n los niveles de tinta.<\/li><\/ul>\n\n\n\n<p>En la categor\u00eda de <strong><a href=\"https:\/\/quecartucho.es\/2081-cartuchos-de-tinta-brother-compatible\">cartuchos de tinta Brother<\/a><\/strong> encontrar\u00e1s los consumibles que necesitas.<\/p>\n\n\n\n<h2 class=\"wp-block-heading\"><strong>FAQ<\/strong><\/h2>\n\n\n<div id=\"rank-math-faq\" class=\"rank-math-block\">\n<div class=\"rank-math-list \">\n<div id=\"faq-question-1658475134771\" class=\"rank-math-list-item\">\n<h3 class=\"rank-math-question \"><strong>\u00bfC\u00f3mo puedo comprobar los niveles de tinta de mi impresora?<\/strong><\/h3>\n<div class=\"rank-math-answer \">\n<img loading=\"lazy\" decoding=\"async\" width=\"150\" height=\"150\" src=\"https:\/\/quecartucho.es\/blog\/wp-content\/uploads\/2022\/07\/nivel-de-los-cartuchos-de-tinta-en-impresoras-Epson-150x150.gif\" class=\"alignright\" alt=\"nivel de los cartuchos de tinta en impresoras Epson\" title=\"\">\n<p>C\u00f3mo ya has podido leer a lo largo del art\u00edculo, para comprobar los niveles de tinta de la impresora tendr\u00e1s que saber la marca, el modelo del perif\u00e9rico, as\u00ed como el sistema operativo que est\u00e1s manejando.<\/p>\n<p>Aunque el proceso es m\u00e1s o menos el mismo en todas las opciones, existen algunas variaciones (por ejemplo, con algunas impresoras necesitar\u00e1s instalar un software adicional, mientras que otras permitir\u00e1n descargar la aplicaci\u00f3n directamente desde <strong>Windows Store<\/strong>).<\/p>\n\n<\/div>\n<\/div>\n<div id=\"faq-question-1658475142277\" class=\"rank-math-list-item\">\n<h3 class=\"rank-math-question \"><strong>\u00bfC\u00f3mo puedo saber si mi cartucho de tinta est\u00e1 vac\u00edo?<\/strong><\/h3>\n<div class=\"rank-math-answer \">\n<img loading=\"lazy\" decoding=\"async\" width=\"150\" height=\"150\" src=\"https:\/\/quecartucho.es\/blog\/wp-content\/uploads\/2022\/07\/\u00bfComo-puedo-saber-si-mi-cartucho-de-tinta-esta-vacio--150x150.jpg\" class=\"alignright\" alt=\"cartucho de tinta est\u00e1 vac\u00edo\" title=\"\">\n<p>La forma m\u00e1s sencilla de comprobar si un cartucho de tinta est\u00e1 vac\u00edo es comprobar sus niveles a trav\u00e9s del panel de control de la pantalla, con una aplicaci\u00f3n en el tel\u00e9fono m\u00f3vil o desde tu ordenador.<\/p>\n<p>Podr\u00eda darse el caso de que un cartucho estuviese vac\u00edo y la aplicaci\u00f3n lo detectase como lleno. En este supuesto deber\u00edas <strong>resetear el cartucho<\/strong>.<\/p>\n\n<\/div>\n<\/div>\n<div id=\"faq-question-1658475159477\" class=\"rank-math-list-item\">\n<h3 class=\"rank-math-question \"><strong>\u00bfC\u00f3mo verifico mi nivel de t\u00f3ner?<\/strong><\/h3>\n<div class=\"rank-math-answer \">\n\n<p>El proceso para revisar el <strong>nivel de <a href=\"https:\/\/quecartucho.es\/16393-toners\">t\u00f3ner<\/a><\/strong> (que es la <em>tinta<\/em> que utilizan las <strong>impresoras l\u00e1ser<\/strong>) es el mismo que hemos descrito a lo largo del proceso.<br \/>La \u00fanica diferencia la podemos encontrar en las aplicaciones, ya que pueden tener un nombre diferente.<\/p>\n<p>Consulta en tu manual de instrucciones para saber qu\u00e9 aplicaci\u00f3n o herramienta debes utilizar para comprobar el nivel de t\u00f3ner de una impresora l\u00e1ser.<\/p>\n\n<\/div>\n<\/div>\n<\/div>\n<\/div>","protected":false},"excerpt":{"rendered":"<p>La tinta de impresora est\u00e1 considerada como uno de los l\u00edquidos m\u00e1s caros del mundo. Aunque ahora hacen dispositivos y cartuchos m\u00e1s eficientes, tarde o temprano se agotar\u00e1 y tendr\u00e1s que comprar m\u00e1s. \u00bfSabes cu\u00e1ndo ha llegado el momento de hacer el cambio? La mejor opci\u00f3n es tener controlado los niveles de tinta de la&hellip;&nbsp;<a href=\"https:\/\/quecartucho.es\/blog\/como-comprobar-los-niveles-de-tinta-de-la-impresora\/\" rel=\"bookmark\">Leer m\u00e1s &raquo;<span class=\"screen-reader-text\">\u00bfC\u00f3mo comprobar los niveles de tinta de la impresora?<\/span><\/a><\/p>\n","protected":false},"author":1,"featured_media":16752,"parent":0,"menu_order":0,"comment_status":"closed","ping_status":"closed","template":"","meta":{"neve_meta_sidebar":"full-width","neve_meta_container":"","neve_meta_enable_content_width":"on","neve_meta_content_width":100,"neve_meta_title_alignment":"","neve_meta_author_avatar":"","neve_post_elements_order":"","neve_meta_disable_header":"","neve_meta_disable_footer":"","neve_meta_disable_title":"","episode_type":"","audio_file":"","podmotor_file_id":"","podmotor_episode_id":"","cover_image":"","cover_image_id":"","duration":"","filesize":"","filesize_raw":"","date_recorded":"","explicit":"","block":"","footnotes":""},"class_list":["post-16748","page","type-page","status-publish","has-post-thumbnail","hentry"],"_links":{"self":[{"href":"https:\/\/quecartucho.es\/blog\/wp-json\/wp\/v2\/pages\/16748","targetHints":{"allow":["GET"]}}],"collection":[{"href":"https:\/\/quecartucho.es\/blog\/wp-json\/wp\/v2\/pages"}],"about":[{"href":"https:\/\/quecartucho.es\/blog\/wp-json\/wp\/v2\/types\/page"}],"author":[{"embeddable":true,"href":"https:\/\/quecartucho.es\/blog\/wp-json\/wp\/v2\/users\/1"}],"replies":[{"embeddable":true,"href":"https:\/\/quecartucho.es\/blog\/wp-json\/wp\/v2\/comments?post=16748"}],"version-history":[{"count":10,"href":"https:\/\/quecartucho.es\/blog\/wp-json\/wp\/v2\/pages\/16748\/revisions"}],"predecessor-version":[{"id":16774,"href":"https:\/\/quecartucho.es\/blog\/wp-json\/wp\/v2\/pages\/16748\/revisions\/16774"}],"wp:featuredmedia":[{"embeddable":true,"href":"https:\/\/quecartucho.es\/blog\/wp-json\/wp\/v2\/media\/16752"}],"wp:attachment":[{"href":"https:\/\/quecartucho.es\/blog\/wp-json\/wp\/v2\/media?parent=16748"}],"curies":[{"name":"wp","href":"https:\/\/api.w.org\/{rel}","templated":true}]}}