{"id":16998,"date":"2022-08-26T10:32:09","date_gmt":"2022-08-26T08:32:09","guid":{"rendered":"https:\/\/quecartucho.es\/blog\/?page_id=16998"},"modified":"2022-09-16T09:54:06","modified_gmt":"2022-09-16T07:54:06","slug":"impresora-imprime-borroso","status":"publish","type":"page","link":"https:\/\/quecartucho.es\/blog\/impresora-imprime-borroso\/","title":{"rendered":"Impresora imprime borroso"},"content":{"rendered":"\n<div class=\"wp-block-columns is-layout-flex wp-container-core-columns-is-layout-9d6595d7 wp-block-columns-is-layout-flex\">\n<div class=\"wp-block-column is-layout-flow wp-block-column-is-layout-flow\" style=\"flex-basis:66.66%\">\n<h2 class=\"wp-block-heading\"><strong>\u00bfPor qu\u00e9 mi impresora imprime borroso?<\/strong><\/h2>\n\n\n\n<p><strong>La impresora<\/strong> es un perif\u00e9rico que requiere de un cierto mantenimiento para imprimir correctamente. Por desgracia, aunque se mantenga adecuadamente, cada cierto tiempo se pueden producir algunos <a href=\"https:\/\/quecartucho.es\/blog\/cuando-una-impresora-no-imprime-bien\/\"><strong>errores garrafales que afectar\u00e1n a la calidad de la impresi\u00f3n<\/strong><\/a>, como podr\u00eda ser una <strong>impresi\u00f3n borrosa<\/strong>.<\/p>\n\n\n\n<p>\u00bfQu\u00e9 es lo que puede estar causando el problema de que la impresora imprima borrosa? Hay muchos motivos que lo pueden explicar:<\/p>\n<\/div>\n\n\n\n<div class=\"wp-block-column is-layout-flow wp-block-column-is-layout-flow\" style=\"flex-basis:33.33%\">\n<figure class=\"wp-block-image size-full\"><img loading=\"lazy\" decoding=\"async\" width=\"480\" height=\"360\" src=\"https:\/\/quecartucho.es\/blog\/wp-content\/uploads\/2022\/08\/Impresora-imprime-borroso.jpg\" alt=\"Impresora imprime borroso\" class=\"wp-image-17001\" title=\"\" srcset=\"https:\/\/quecartucho.es\/blog\/wp-content\/uploads\/2022\/08\/Impresora-imprime-borroso.jpg 480w, https:\/\/quecartucho.es\/blog\/wp-content\/uploads\/2022\/08\/Impresora-imprime-borroso-300x225.jpg 300w, https:\/\/quecartucho.es\/blog\/wp-content\/uploads\/2022\/08\/Impresora-imprime-borroso-150x113.jpg 150w\" sizes=\"auto, (max-width: 480px) 100vw, 480px\" \/><\/figure>\n<\/div>\n<\/div>\n\n\n\n<h3 class=\"wp-block-heading\"><strong>P\u00e9rdida de tinta en el cartucho o p\u00e9rdida de polvo en un t\u00f3ner<\/strong><\/h3>\n\n\n\n<p>El objetivo de los <a href=\"https:\/\/quecartucho.es\/\"><strong>cartuchos<\/strong><\/a> es almacenar la tinta o el polvo y tenerla reservada para cuando sea el momento de hacer la impresi\u00f3n. Si se produce alg\u00fan tipo de problema en estos elementos puede ocurrir que la impresi\u00f3n salga borrosa.<\/p>\n\n\n\n<p>Es posible que exista alg\u00fan tipo de fisura que haga que se <strong>concentren las manchas de tinta o de polvo<\/strong>.<\/p>\n\n\n\n<p>Para solucionarlo tendremos que confirmar previamente que se trata de una fuga:<\/p>\n\n\n\n<p>1) &nbsp; &nbsp; Retira el cartucho.<\/p>\n\n\n\n<p>2) &nbsp; &nbsp; Col\u00f3calo sobre un pa\u00f1o o una toalla de papel.<\/p>\n\n\n\n<p>3) &nbsp; &nbsp; Si se produce alguna fuga, ese es el problema.<\/p>\n\n\n\n<p>No resulta demasiado rentable arreglar el cartucho, as\u00ed que lo m\u00e1s interesante es comprar uno nuevo.<\/p>\n\n\n\n<h3 class=\"wp-block-heading\"><strong>Inyectores del cabezal de impresi\u00f3n sucios<\/strong><\/h3>\n\n\n\n<p>El <strong><a href=\"https:\/\/quecartucho.es\/blog\/que-es-un-cabezal-de-impresion\/\">cabezal de impresi\u00f3n<\/a><\/strong> ir\u00e1 acumulando tinta, hasta el punto de que puede provocar que la impresi\u00f3n se presente borrosa. La soluci\u00f3n es limpiarlos, pero no es recomendable usar productos como vinagre, alcohol u otros que sean agresivos, ya que podr\u00edas llegar a estropearlos.<\/p>\n\n\n\n<p>Hay una forma mejor de <strong>limpiar los inyectores del cabezal:<\/strong><\/p>\n\n\n\n<p>1) &nbsp; &nbsp; Ejecuta el software de la impresora que hayas instalado previamente en tu PC (Obviamente, para que este proceso funcione debe estar la impresora encendida).<\/p>\n\n\n\n<p>2) &nbsp; &nbsp; Accede al apartado de <strong>Propiedades de la impresora<\/strong> (dependiendo del modelo del que estemos hablando, y del software, puede que tenga otro nombre como <em>Mantenimiento<\/em> o <em>Preferencias de impresi\u00f3n<\/em>. Busca la opci\u00f3n de <strong>Limpieza de cabezales<\/strong>.<\/p>\n\n\n\n<p>3) &nbsp; &nbsp; Espera a que el proceso se complete. Nunca desconectes la impresora a mitad, ya que podr\u00edas causar un da\u00f1o irreversible.<\/p>\n\n\n\n<p>4) &nbsp; &nbsp; Cuando haya concluido el proceso es el momento de llevar a cabo un <strong>test de inyectores<\/strong> y de imprimir una p\u00e1gina de prueba para determinar que la impresi\u00f3n ya no est\u00e1 borrosa. Si el problema se sigue repitiendo, repite todo el proceso.<\/p>\n\n\n\n<p><\/p>\n\n\n\n<p>Si quieres m\u00e1s informaci\u00f3n de como limpiar los cabezales de impresi\u00f3n tenemos un art\u00edculo dedicado \u00ab<a href=\"https:\/\/quecartucho.es\/blog\/que-es-un-cabezal-de-impresion\/\" target=\"_blank\" rel=\"noreferrer noopener\">Como limpiar los inyectores de impresora<\/a>\u00bb adem\u00e1s ense\u00f1amos las peculiaridades que te puedes encontrar en cada una de las diferentes marcas de impresoras.<\/p>\n\n\n\n<figure class=\"wp-block-embed is-type-video is-provider-youtube wp-block-embed-youtube wp-embed-aspect-16-9 wp-has-aspect-ratio\"><div class=\"wp-block-embed__wrapper\">\n<div class=\"nv-iframe-embed\"><iframe loading=\"lazy\" title=\"\u00bfPor qu\u00e9 mi impresora imprime borroso? | Solucionado \u2714\ud83d\udc4d\" width=\"1200\" height=\"675\" src=\"https:\/\/www.youtube.com\/embed\/0q3zK_OzCnM?feature=oembed\" frameborder=\"0\" allow=\"accelerometer; autoplay; clipboard-write; encrypted-media; gyroscope; picture-in-picture\" allowfullscreen><\/iframe><\/div>\n<\/div><\/figure>\n\n\n\n<h3 class=\"wp-block-heading\"><strong>Uso del papel incorrecto<\/strong><\/h3>\n\n\n\n<p>En ocasiones llevamos a cabo ciertas acciones con la impresora y pensamos que no son demasiado relevantes, pero podr\u00edan influir muy negativamente sobre la calidad de la impresi\u00f3n, como el hecho de no usar el papel adecuado.<\/p>\n\n\n\n<ul class=\"wp-block-list\"><li>Antes de nada, habr\u00e1 que comprobar la <strong>integridad del papel: <\/strong>debes asegurarte de que no est\u00e9 arrugado, doblado por alguna esquina, h\u00famedo o si se ha cargado de forma incorrecta en la impresora.<\/li><li>Tambi\u00e9n habr\u00e1 que comprobar que es el adecuado para el tipo de impresi\u00f3n. Por ejemplo, si est\u00e1s imprimiendo una imagen con calidad fotogr\u00e1fica, tendr\u00e1s que asegurarte de estar utilizando papel fotogr\u00e1fico.<\/li><li>Algunas impresiones requieren de un cierto tiempo de espera para que se fije la impresora antes de tocar el documento, como es el caso del <strong>papel satinado<\/strong>. Si ponemos los dedos sin querer sobre el mismo (especialmente, si se trata de una imagen), lo m\u00e1s com\u00fan es que nos manchemos y terminemos arruinando el trabajo.<\/li><li>Otro error muy com\u00fan est\u00e1 relacionado con la <strong>impresi\u00f3n en ambos lados<\/strong>. En determinadas circunstancias podr\u00edan manifestarse manchas en el reverso de im\u00e1genes muy oscuras o saturadas de color. Si en una de las caras quieres imprimir un texto o una imagen m\u00e1s clara, y en el otro un recurso m\u00e1s oscuro, vale la pena imprimir una de las caras, esperar a que se seque, y pasar a la siguiente.<\/li><\/ul>\n\n\n\n<h3 class=\"wp-block-heading\"><strong>Cartuchos mal alineados<\/strong><\/h3>\n\n\n\n<p>\u00bfHace cu\u00e1nto tiempo que no alineas los cartuchos? No s\u00f3lo explicar\u00eda el problema de una impresi\u00f3n borrosa, sino tambi\u00e9n otros como el hecho de que saliesen los caracteres en lugares donde no corresponden.<\/p>\n\n\n\n<p>Estos son los pasos a seguir para <strong>alinear los cartuchos<\/strong>:<\/p>\n\n\n\n<p>1) &nbsp; &nbsp; El primer paso consiste en hacer una comprobaci\u00f3n para determinar que el papel est\u00e1 correctamente colocado y cargado en el alimentador de hojas del perif\u00e9rico.<\/p>\n\n\n\n<p>2) &nbsp; &nbsp; Accede a <strong>Panel de Control -&gt; impresoras y esc\u00e1neres -&gt; Propiedades de la Impresora -&gt; Utilidades<\/strong> (en base al modelo del que estemos hablando, la ruta puede variar).<\/p>\n\n\n\n<p>3) &nbsp; &nbsp; Busca la opci\u00f3n de <strong>Alineaci\u00f3n de cabezales<\/strong>, haz clic en la misma y marca sobre <strong>Imprimir una hoja de alineaci\u00f3n.<\/strong><\/p>\n\n\n\n<p>4) &nbsp; &nbsp; Cuando haya salido la hoja tendr\u00e1s que revisar. Tienes que localizar un cuadrado que no tenga ninguna banda visible y selecciona el n\u00ba de patr\u00f3n que tenga la mejor alineaci\u00f3n de los grupos. Pulsa en <strong>Realinear<\/strong>, imprime una nueva hoja y comprueba.<\/p>\n\n\n\n<p>5) &nbsp; &nbsp; Si todo est\u00e1 bien, pulsa en <strong>Finalizar<\/strong> y el problema de la impresi\u00f3n borrosa deber\u00eda ser historia.<\/p>\n\n\n\n<p>Puedes indagar m\u00e1s en nuestro art\u00edculo espec\u00edfico de \u00ab<a href=\"https:\/\/quecartucho.es\/blog\/que-es-un-cabezal-de-impresion\/que-es-la-alineacion-de-cabezales\/\" target=\"_blank\" rel=\"noreferrer noopener\"><strong>Como alinear los cartuchos<\/strong><\/a>\u00bb ah\u00ed encontraras todas las claves ordenadas por tipo de impresoras.<\/p>\n\n\n\n<h2 class=\"wp-block-heading\"><strong>\u00bfPor qu\u00e9 mi impresora HP imprime borroso?<\/strong><\/h2>\n\n\n\n<p>En el caso de que tengas una <strong><a href=\"https:\/\/quecartucho.es\/blog\/impresoras-hp\/\">impresora HP<\/a><\/strong> y no consiga una buena nitidez en los resultados, tambi\u00e9n existen ciertos motivos que podr\u00edan explicar el problema, y que vamos a comentar en este apartado.<\/p>\n\n\n\n<h3 class=\"wp-block-heading\"><strong>Uso de cartuchos HP originales<\/strong><\/h3>\n\n\n\n<p>La marca HP recomienda encarecidamente el uso de <strong><a href=\"https:\/\/quecartucho.es\/4336-cartuchos-de-tinta-hp-compatibles\">cartuchos HP<\/a><\/strong> que sean originales (con independencia de que tengamos una impresora de tinta o una impresora l\u00e1ser).<\/p>\n\n\n\n<p>HP no puede garantizar que sus perif\u00e9ricos funcionar\u00e1n correctamente si se est\u00e1 utilizando <a href=\"https:\/\/quecartucho.es\/blog\/que-pasa-si-uso-cartuchos-alternativos\/\">cartuchos de terceros o si estos han sido recargados<\/a>.<\/p>\n\n\n\n<p>Si no utilizas <a href=\"https:\/\/quecartucho.es\/blog\/cartuchos\/cartuchos-de-tinta-originales\/\" data-type=\"page\" data-id=\"4599\">cartuchos originales<\/a>, es posible que ninguno de los procesos ya descritos, o los que vamos a describir a continuaci\u00f3n, sean capaces de arreglar el problema.<\/p>\n\n\n\n<p>Nosotros desde Quecartucho ya te aseguramos que esto no es as\u00ed y te invitamos a escuchar nuestro podcast en el episodio n\u00ba9 <a href=\"https:\/\/quecartucho.es\/blog\/podcast\/9-toner-original-o-compatible\/\">Original o compatible<\/a> para que entiendas nuestro porque.<\/p>\n\n\n\n<p>Para <strong>comprobar la compatibilidad de los cartuchos <\/strong>tan solo sigue estos pasos:<\/p>\n\n\n\n<p>1) &nbsp; &nbsp; Accede a la p\u00e1gina de <strong>HP SureSupply<\/strong> (puedes hacerlo a trav\u00e9s del <a href=\"http:\/\/www.hp.com\/buy\/suresupply?AppName=CustomerCare_docs\" rel=\"nofollow noopener\" target=\"_blank\"><strong>siguiente enlace<\/strong><\/a>).<\/p>\n\n\n\n<p>2) &nbsp; &nbsp; Elige el pa\u00eds o la regi\u00f3n correspondiente.<\/p>\n\n\n\n<p>3) &nbsp; &nbsp; En esta pantalla podr\u00e1s verificar la compatibilidad de los cartuchos o comprar nuevos.<\/p>\n\n\n\n<h3 class=\"wp-block-heading\"><strong>Impresora usada durante mucho tiempo<\/strong><\/h3>\n\n\n\n<p>Si est\u00e1s imprimiendo un largo proyecto podr\u00eda existir un problema de calidad debido a que la impresora lleva funcionando mucho tiempo. La manera de resolverlo es dejar que descanse durante, por lo menos, unos <strong>30 minutos<\/strong>, antes de intentar imprimir de nuevo.<\/p>\n\n\n\n<h3 class=\"wp-block-heading\"><strong>Cambia los cartuchos con poca tinta o vac\u00edos<\/strong><\/h3>\n\n\n\n<p>La herramienta del sistema operativo te indicar\u00e1 si tu impresora tiene poca tinta o no (tambi\u00e9n lo puedes comprobar a trav\u00e9s de la pantalla t\u00e1ctil del perif\u00e9rico, si la posee).<\/p>\n\n\n\n<p>Aunque no se haya terminado la tinta de los consumibles, puede que sea interesante reemplazarlos ahora. De lo contrario, alguno de los colores podr\u00eda no estar saliendo como deber\u00eda y esto afectar\u00e1 a la nitidez.<\/p>\n\n\n\n<h2 class=\"wp-block-heading\"><strong>\u00bfPor qu\u00e9 mi impresora Epson imprime borroso?<\/strong><\/h2>\n\n\n\n<p>Si no consigues que tu <strong><a href=\"https:\/\/quecartucho.es\/blog\/impresoras-epson\/\">impresora Epson<\/a><\/strong> pueda imprimir con una buena nitidez, prueba con lo siguiente:<\/p>\n\n\n\n<ul class=\"wp-block-list\"><li>Comprueba que el papel no est\u00e1 humedecido, doblado, mal cargado o estropeado de alguna forma.<\/li><li>La marca recomienda el uso de <strong>papeles Epson<\/strong> para que la tinta se absorba correctamente en los mismos.<\/li><li>Habr\u00e1 que ajustar la configuraci\u00f3n de la impresora al papel que se va a usar para imprimir. Por ejemplo, si hemos marcado la opci\u00f3n de papel fotogr\u00e1fico, aseg\u00farate de usar este soporte en el perif\u00e9rico.<\/li><li>Prueba a desactivar cualquier configuraci\u00f3n de alta velocidad de la impresora. Es posible que este sistema impida que la impresora dedique el tiempo suficiente como para que la impresi\u00f3n salga n\u00edtida.<\/li><li>Haz una <strong>alineaci\u00f3n de los cabezales<\/strong>.<\/li><li>Haz una<strong> limpieza de cabezales<\/strong> (aseg\u00farate de imprimir tambi\u00e9n el recorrido del papel).<\/li><li>Si est\u00e1s imprimiendo alg\u00fan documento o imagen que requiere de un papel especial, prueba a cargar tan solo un papel a la vez.<\/li><\/ul>\n\n\n\n<p>Con estos pasos podr\u00e1s conseguir que tu <strong>impresora Epson<\/strong> imprima n\u00edtido.<\/p>\n\n\n\n<h2 class=\"wp-block-heading\"><strong>\u00bfPor qu\u00e9 mi<\/strong> i<strong>mpresora Canon imprime borroso?<\/strong><\/h2>\n\n\n\n<p>\u00bfY qu\u00e9 ocurre si mi <strong>impresora Canon imprime borroso<\/strong>? Lo cierto es que los procesos descritos en los puntos anteriores pueden ayudarte, pero vamos a centrarnos en los problemas m\u00e1s habituales que se suelen dar con esta marca.<\/p>\n\n\n\n<h3 class=\"wp-block-heading\"><strong>Instalaci\u00f3n incorrecta del cartucho FINE<\/strong><\/h3>\n\n\n\n<p>Puede darse la situaci\u00f3n de que no hayamos instalado correctamente el <strong><a href=\"https:\/\/quecartucho.es\/4291-cartuchos-de-tinta-canon-compatibles\">cartucho FINE<\/a><\/strong> y esto podr\u00eda provocar que la tinta no se expulse como deber\u00eda.<\/p>\n\n\n\n<p>1) &nbsp; &nbsp; Para solucionarlo, empieza abriendo la tapa de salida de papel.<\/p>\n\n\n\n<p>2) &nbsp; &nbsp; Extrae el cartucho FINE.<\/p>\n\n\n\n<p>3) &nbsp; &nbsp; Instala de nuevo el cartucho FINE y lev\u00e1ntalo hasta que haga clic.<\/p>\n\n\n\n<h3 class=\"wp-block-heading\"><strong>Imprime desde un documento original, no desde una copia<\/strong><\/h3>\n\n\n\n<p>Siempre y cuando sea posible, lo m\u00e1s recomendable es mandar documentos a la impresora que sean originales; es decir, que tengamos el fichero origen dentro del ordenador o tel\u00e9fono m\u00f3vil.<\/p>\n\n\n\n<p>Si est\u00e1s intentando hacer una copia de un papel impreso, y est\u00e9 se encuentra en unas condiciones poco apropiadas, la nitidez se reducir\u00e1 de manera importante. Dependiendo del tipo de documento que sea, y de las veces que haya sido copiado, podr\u00eda provocar que algunas partes del recurso quedasen totalmente invisibles.<\/p>\n\n\n\n<h3 class=\"wp-block-heading\"><strong>Comprueba los niveles de tinta FINE<\/strong><\/h3>\n\n\n\n<p>Con la <strong>herramienta de comprobaci\u00f3n de los niveles de tinta Canon<\/strong> puedes comprobar si tienes suficiente tinta, o ya se ha acabado, o si se est\u00e1 agotando.<\/p>\n\n\n\n<p>La duda la tendremos siempre que quede poca tinta, ya que nunca sabremos si queda para una nueva impresi\u00f3n, o si ya es el momento de hacer el cambio. Ante la duda, sobre todo si estamos hablando de documentos importantes, lo mejor que podemos hacer es cambiarlo.<\/p>\n\n\n\n<h2 class=\"wp-block-heading\"><strong>El cristal o la platina del ADF est\u00e1n sucios<\/strong> (Si est\u00e1s haciendo una copia o fotocopia<br>)<\/h2>\n\n\n\n<p>En el caso de que el <strong>cristal del ADF<\/strong> o la <strong>platina<\/strong> se encuentren sucios podr\u00edan producir rayas negras que afectar\u00e1n a la impresi\u00f3n, haciendo que esta se vea muy borrosa.<\/p>\n\n\n\n<p>Para proceder con la limpieza har\u00e1 falta emplear un pa\u00f1o suave, limpio y asegurarse de que no dejen pelusas que podr\u00edan agravar m\u00e1s la situaci\u00f3n. No uses l\u00edquidos vol\u00e1tiles como acetona, benceno, disolventes o limpiadores qu\u00edmicos, ya que podr\u00edan da\u00f1ar la impresora o alg\u00fan componente de la misma.<\/p>\n\n\n\n<p>Frota la platina suavemente y la parte interior de la cubierta de documentos. Aseg\u00farate de que no queda ning\u00fan residuo en la zona.<\/p>\n\n\n\n<h2 class=\"wp-block-heading\"><strong>Porque tu impresora l\u00e1ser imprime borroso<\/strong><\/h2>\n\n\n\n<p>Tambi\u00e9n existen muchas explicaciones a <strong>porque tu impresora l\u00e1ser imprime borroso<\/strong>, aunque todo apunta a que se han producido da\u00f1os en el <a href=\"https:\/\/quecartucho.es\/blog\/tambor\/\">fusor<\/a> o existe un desgaste en este elemento.<\/p>\n\n\n\n<p>El fusor es un componente fundamental de la impresora que se encarga de fijar la tinta s\u00f3lida al papel. Si la impresi\u00f3n no tiene nitidez, si se presentan manchas aleatoriamente a lo largo del papel, o manchas laterales, probablemente el problema vaya por aqu\u00ed.<\/p>\n\n\n\n<p>Lo m\u00e1s habitual es que el cilindro se haya desgastado, est\u00e9 quemado o que la cuchilla dosificadora est\u00e9 estropeada y tenga que ser sustituida.<\/p>\n\n\n\n<p>Tendr\u00e1s que sustituir el fusor, aunque no es un procedimiento intuitivo. Lo mejor que puedes hacer es recurrir al <strong>servicio t\u00e9cnico<\/strong> de tu impresora para que se encarguen de proceder con el arreglo. Hay impresoras que lo llevan integrado en los <a href=\"https:\/\/quecartucho.es\/16393-toners\"><strong>t\u00f3ners<\/strong><\/a> (algunas impresoras HP, Canon) y en otros modelos el tambor l\u00e1ser es independiente y con cambiarlo es suficiente (Brother, Oki).<\/p>\n\n\n\n<p>Ahora ya conoces las causas m\u00e1s probables que pueden hacer que se produzca una <strong>impresi\u00f3n borrosa<\/strong> y algunas de las posibles soluciones para las principales marcas de este perif\u00e9rico.<\/p>\n","protected":false},"excerpt":{"rendered":"<p>\u00bfPor qu\u00e9 mi impresora imprime borroso? La impresora es un perif\u00e9rico que requiere de un cierto mantenimiento para imprimir correctamente. Por desgracia, aunque se mantenga adecuadamente, cada cierto tiempo se pueden producir algunos errores garrafales que afectar\u00e1n a la calidad de la impresi\u00f3n, como podr\u00eda ser una impresi\u00f3n borrosa. \u00bfQu\u00e9 es lo que puede estar&hellip;&nbsp;<a href=\"https:\/\/quecartucho.es\/blog\/impresora-imprime-borroso\/\" rel=\"bookmark\">Leer m\u00e1s &raquo;<span class=\"screen-reader-text\">Impresora imprime borroso<\/span><\/a><\/p>\n","protected":false},"author":1,"featured_media":17005,"parent":0,"menu_order":0,"comment_status":"closed","ping_status":"closed","template":"","meta":{"neve_meta_sidebar":"full-width","neve_meta_container":"","neve_meta_enable_content_width":"on","neve_meta_content_width":100,"neve_meta_title_alignment":"","neve_meta_author_avatar":"","neve_post_elements_order":"","neve_meta_disable_header":"","neve_meta_disable_footer":"","neve_meta_disable_title":"","episode_type":"","audio_file":"","podmotor_file_id":"","podmotor_episode_id":"","cover_image":"","cover_image_id":"","duration":"","filesize":"","filesize_raw":"","date_recorded":"","explicit":"","block":"","footnotes":""},"class_list":["post-16998","page","type-page","status-publish","has-post-thumbnail","hentry"],"_links":{"self":[{"href":"https:\/\/quecartucho.es\/blog\/wp-json\/wp\/v2\/pages\/16998","targetHints":{"allow":["GET"]}}],"collection":[{"href":"https:\/\/quecartucho.es\/blog\/wp-json\/wp\/v2\/pages"}],"about":[{"href":"https:\/\/quecartucho.es\/blog\/wp-json\/wp\/v2\/types\/page"}],"author":[{"embeddable":true,"href":"https:\/\/quecartucho.es\/blog\/wp-json\/wp\/v2\/users\/1"}],"replies":[{"embeddable":true,"href":"https:\/\/quecartucho.es\/blog\/wp-json\/wp\/v2\/comments?post=16998"}],"version-history":[{"count":13,"href":"https:\/\/quecartucho.es\/blog\/wp-json\/wp\/v2\/pages\/16998\/revisions"}],"predecessor-version":[{"id":17150,"href":"https:\/\/quecartucho.es\/blog\/wp-json\/wp\/v2\/pages\/16998\/revisions\/17150"}],"wp:featuredmedia":[{"embeddable":true,"href":"https:\/\/quecartucho.es\/blog\/wp-json\/wp\/v2\/media\/17005"}],"wp:attachment":[{"href":"https:\/\/quecartucho.es\/blog\/wp-json\/wp\/v2\/media?parent=16998"}],"curies":[{"name":"wp","href":"https:\/\/api.w.org\/{rel}","templated":true}]}}