{"id":17019,"date":"2022-08-26T11:26:45","date_gmt":"2022-08-26T09:26:45","guid":{"rendered":"https:\/\/quecartucho.es\/blog\/?page_id=17019"},"modified":"2022-08-29T11:14:43","modified_gmt":"2022-08-29T09:14:43","slug":"error-b504-impresoras-canon","status":"publish","type":"page","link":"https:\/\/quecartucho.es\/blog\/error-b504-impresoras-canon\/","title":{"rendered":"Error B504 impresoras Canon"},"content":{"rendered":"\n<p><strong>Canon<\/strong> es uno de los mejores fabricantes de impresoras que podemos encontrar en este momento en el mercado. A pesar de la alta calidad de sus dispositivos, tambi\u00e9n fallan.<\/p>\n\n\n\n<p>Para que podamos identificar el error cuanto antes y buscar una soluci\u00f3n es crucial conocer el c\u00f3digo de error asociado al problema.<\/p>\n\n\n\n<p>El <strong>error B504<\/strong> es uno de los m\u00e1s habituales que se presenta en la marca de <strong>impresoras Canon<\/strong>.<\/p>\n\n\n\n<p>Si quieres saber a qu\u00e9 hace referencia y c\u00f3mo solucionarlo, esto te interesa:<\/p>\n\n\n<div id=\"rank-math-faq\" class=\"rank-math-block\">\n<div class=\"rank-math-list \">\n<div id=\"faq-question-1661505572046\" class=\"rank-math-list-item\">\n<h2 class=\"rank-math-question \"><strong>\u00bfQu\u00e9 es el error B504 en impresoras Canon?<\/strong><\/h2>\n<div class=\"rank-math-answer \">\n<img loading=\"lazy\" decoding=\"async\" width=\"150\" height=\"150\" src=\"https:\/\/quecartucho.es\/blog\/wp-content\/uploads\/2022\/08\/Corregir-Error-B504-Impresoras-Canon-Maxify-150x150.jpg\" class=\"alignright\" alt=\"Corregir Error B504 Impresoras Canon Maxify\" title=\"\">\n<p>Lo cierto es que el <strong>error B504<\/strong> es m\u00e1s importante de lo que parece, ya que hace referencia a un sistema de protecci\u00f3n que tiene el perif\u00e9rico para impedir que las <strong>resistencias de los cabezales de impresi\u00f3n<\/strong> puedan llegar a calentarse en exceso y romperse.<\/p>\n<p>Esto podr\u00eda pasar por las siguientes razones:<\/p>\n<p>\u27a2 Los <strong>cartuchos<\/strong> tienen unos niveles muy reducidos de tinta o est\u00e1n agotados. Puede que sea el momento de <strong><a href=\"https:\/\/quecartucho.es\/\">comprar cartuchos nuevos<\/a><\/strong>.<\/p>\n<p>\u27a2 La <strong>tinta se ha secado<\/strong> o los cabezales est\u00e1n muy sucios (hasta el punto de que no detectan la tinta). Tambi\u00e9n podr\u00eda ser que la tinta no pueda circular como deber\u00eda.<\/p>\n<p>\u27a2 Otra posible explicaci\u00f3n del <strong>error B504<\/strong> podr\u00eda estar relacionada con no estar usando <strong><a href=\"https:\/\/quecartucho.es\/16394-cartuchos-de-tinta\">cartuchos de tinta compatibles<\/a><\/strong> que no sean de buena calidad. Esto lo evitaremos si utilizamos tan solo <strong><a href=\"https:\/\/quecartucho.es\/8-canon\">cartuchos Canon<\/a><\/strong>; es decir, oficiales de la propia marca, o <a href=\"https:\/\/quecartucho.es\/4291-cartuchos-de-tinta-canon-compatibles\">cartuchos compatibles Canon<\/a> de un proveedor de confianza, como podemos ser nosotros en Quecartucho dando hasta 5 a\u00f1os de garant\u00eda.<\/p>\n\n<\/div>\n<\/div>\n<\/div>\n<\/div>\n\n\n<p><\/p>\n\n\n\n<h2 class=\"wp-block-heading\"><strong>C\u00f3mo eliminar el error B504<\/strong><\/h2>\n\n\n\n<p>Este es el proceso que seguiremos para <strong>eliminar el error B504<\/strong>:<\/p>\n\n\n\n<p>1) &nbsp; &nbsp; Antes de nada, aseg\u00farate de que la impresora est\u00e1 apagada. Desconecta tambi\u00e9n el cable de corriente para evitar que se produzca cualquier mal funcionamiento.<\/p>\n\n\n\n<p>2) &nbsp; &nbsp; Identifica el carro del cabezal de impresi\u00f3n y despl\u00e1zalo de forma manual hasta la ubicaci\u00f3n de reemplazo del cartucho. Podr\u00eda darse el caso de que el carro est\u00e9 bloqueado; si es as\u00ed, conecta la impresora y espera a que el carro est\u00e9 en una posici\u00f3n donde se pueda mover. Entonces desconecta el perif\u00e9rico.<\/p>\n\n\n\n<p>3) &nbsp; &nbsp; Pulsa el cartucho que necesitas sustituir. Cuando escuches un clic ver\u00e1s que el cartucho sale por s\u00ed mismo.<\/p>\n\n\n\n<p>4) &nbsp; &nbsp; Una vez hayas hecho el cambio de cartuchos, simplemente revisa que la cubierta frontal est\u00e1 bien cerrada. Vuelve a conectar la impresora y sigue el proceso de configuraci\u00f3n de un nuevo cartucho.<\/p>\n\n\n\n<p>5) &nbsp; &nbsp; Reinicia el equipo.<\/p>\n\n\n\n<h2 class=\"wp-block-heading\"><strong>Como reparar el error B504 de la impresora Canon Maxify<\/strong><\/h2>\n\n\n\n<p>Aunque estamos hablando de un error de Canon, es muy com\u00fan en algunos modelos espec\u00edficos de impresoras, como es el caso de la <strong>impresora Canon Maxify<\/strong>.<\/p>\n\n\n\n<p>Aqu\u00ed te vamos a indicar dos m\u00e9todos con los que solucionar\u00e1s el problema con la <a href=\"https:\/\/quecartucho.es\/9398-canon-maxify\">tinta de tu <strong>impresora Canon Maxify<\/strong><\/a>:<\/p>\n\n\n\n<h3 class=\"wp-block-heading\"><strong>#M\u00e9todo 1<\/strong><\/h3>\n\n\n\n<p>Es muy probable que el origen del <strong>error B504<\/strong> est\u00e9 en una mala configuraci\u00f3n de la impresora y simplemente haya que reiniciarla para que funcione.<\/p>\n\n\n\n<p>1) &nbsp; &nbsp; Apaga la impresora y desconecta el cable de la corriente.<\/p>\n\n\n\n<p>2) &nbsp; &nbsp; Deja pasar algunos segundos para que se borre cualquier mala configuraci\u00f3n que haya quedado residente.<\/p>\n\n\n\n<p>3) &nbsp; &nbsp; Vuelve a conectar la impresora a la corriente y enci\u00e9ndela. Reinicia para que funcione como siempre.<\/p>\n\n\n\n<p>Aunque parezca incre\u00edble, este m\u00e9todo funciona en la mayor\u00eda de los casos.<\/p>\n\n\n\n<h3 class=\"wp-block-heading\"><strong>#M\u00e9todo 2<\/strong><\/h3>\n\n\n\n<p>Si el m\u00e9todo anterior ha fallado, lo m\u00e1s normal es que los cartuchos de la impresora se hayan quedado sin tinta, o que el perif\u00e9rico no los pueda detectar por alg\u00fan problema.<\/p>\n\n\n\n<p>Es el momento de hacer el <strong>cambio de cartuchos<\/strong>.<\/p>\n\n\n\n<p>1) &nbsp; &nbsp; Desconecta la impresora.<\/p>\n\n\n\n<p>2) &nbsp; &nbsp; Retira los cartuchos antiguos.<\/p>\n\n\n\n<p>3) &nbsp; &nbsp; Retira el envoltorio de pl\u00e1stico de los cartuchos nuevos y col\u00f3calos en la impresora.<\/p>\n\n\n\n<p>4) &nbsp; &nbsp; Instala los cartuchos, haz una <strong>alineaci\u00f3n<\/strong> e <strong>imprime una p\u00e1gina de prueba<\/strong>.<\/p>\n\n\n\n<p>5) &nbsp; &nbsp; Comprueba que se haya solucionado el error.<\/p>\n\n\n\n<div class=\"wp-block-columns is-layout-flex wp-container-core-columns-is-layout-9d6595d7 wp-block-columns-is-layout-flex\">\n<div class=\"wp-block-column is-layout-flow wp-block-column-is-layout-flow\">\n<figure class=\"wp-block-embed is-type-video is-provider-youtube wp-block-embed-youtube wp-embed-aspect-16-9 wp-has-aspect-ratio\"><div class=\"wp-block-embed__wrapper\">\n<div class=\"nv-iframe-embed\"><iframe loading=\"lazy\" title=\"How to clear Canon B504 error?\" width=\"1200\" height=\"675\" src=\"https:\/\/www.youtube.com\/embed\/lEFB6xDACcA?feature=oembed\" frameborder=\"0\" allow=\"accelerometer; autoplay; clipboard-write; encrypted-media; gyroscope; picture-in-picture\" allowfullscreen><\/iframe><\/div>\n<\/div><\/figure>\n<\/div>\n\n\n\n<div class=\"wp-block-column is-layout-flow wp-block-column-is-layout-flow\">\n<figure class=\"wp-block-embed is-type-video is-provider-youtube wp-block-embed-youtube wp-embed-aspect-16-9 wp-has-aspect-ratio\"><div class=\"wp-block-embed__wrapper\">\n<div class=\"nv-iframe-embed\"><iframe loading=\"lazy\" title=\"CORREGIR ERROR B504 IMPRESORA CANON MAXIFY\/\/ SOLUCION ERROR B504 CANON MAXIFY\/\/REPARAR CANON MAXIFY\/\" width=\"1200\" height=\"675\" src=\"https:\/\/www.youtube.com\/embed\/Y_o9ab1u-kM?feature=oembed\" frameborder=\"0\" allow=\"accelerometer; autoplay; clipboard-write; encrypted-media; gyroscope; picture-in-picture\" allowfullscreen><\/iframe><\/div>\n<\/div><\/figure>\n<\/div>\n<\/div>\n\n\n\n<p>Con estos pasos podr\u00e1s terminar de una vez por todas con el famoso <strong>Error B504<\/strong> en <strong>impresoras Canon<\/strong>.<\/p>\n","protected":false},"excerpt":{"rendered":"<p>Canon es uno de los mejores fabricantes de impresoras que podemos encontrar en este momento en el mercado. A pesar de la alta calidad de sus dispositivos, tambi\u00e9n fallan. Para que podamos identificar el error cuanto antes y buscar una soluci\u00f3n es crucial conocer el c\u00f3digo de error asociado al problema. El error B504 es&hellip;&nbsp;<a href=\"https:\/\/quecartucho.es\/blog\/error-b504-impresoras-canon\/\" rel=\"bookmark\">Leer m\u00e1s &raquo;<span class=\"screen-reader-text\">Error B504 impresoras Canon<\/span><\/a><\/p>\n","protected":false},"author":1,"featured_media":17020,"parent":0,"menu_order":0,"comment_status":"closed","ping_status":"closed","template":"","meta":{"neve_meta_sidebar":"full-width","neve_meta_container":"","neve_meta_enable_content_width":"on","neve_meta_content_width":100,"neve_meta_title_alignment":"","neve_meta_author_avatar":"","neve_post_elements_order":"","neve_meta_disable_header":"","neve_meta_disable_footer":"","neve_meta_disable_title":"","episode_type":"","audio_file":"","podmotor_file_id":"","podmotor_episode_id":"","cover_image":"","cover_image_id":"","duration":"","filesize":"","filesize_raw":"","date_recorded":"","explicit":"","block":"","footnotes":""},"class_list":["post-17019","page","type-page","status-publish","has-post-thumbnail","hentry"],"_links":{"self":[{"href":"https:\/\/quecartucho.es\/blog\/wp-json\/wp\/v2\/pages\/17019","targetHints":{"allow":["GET"]}}],"collection":[{"href":"https:\/\/quecartucho.es\/blog\/wp-json\/wp\/v2\/pages"}],"about":[{"href":"https:\/\/quecartucho.es\/blog\/wp-json\/wp\/v2\/types\/page"}],"author":[{"embeddable":true,"href":"https:\/\/quecartucho.es\/blog\/wp-json\/wp\/v2\/users\/1"}],"replies":[{"embeddable":true,"href":"https:\/\/quecartucho.es\/blog\/wp-json\/wp\/v2\/comments?post=17019"}],"version-history":[{"count":4,"href":"https:\/\/quecartucho.es\/blog\/wp-json\/wp\/v2\/pages\/17019\/revisions"}],"predecessor-version":[{"id":17097,"href":"https:\/\/quecartucho.es\/blog\/wp-json\/wp\/v2\/pages\/17019\/revisions\/17097"}],"wp:featuredmedia":[{"embeddable":true,"href":"https:\/\/quecartucho.es\/blog\/wp-json\/wp\/v2\/media\/17020"}],"wp:attachment":[{"href":"https:\/\/quecartucho.es\/blog\/wp-json\/wp\/v2\/media?parent=17019"}],"curies":[{"name":"wp","href":"https:\/\/api.w.org\/{rel}","templated":true}]}}