{"id":1706,"date":"2017-08-30T13:41:16","date_gmt":"2017-08-30T11:41:16","guid":{"rendered":"https:\/\/quecartucho.es\/blog\/?page_id=1706"},"modified":"2018-05-09T10:52:16","modified_gmt":"2018-05-09T08:52:16","slug":"como-imprimir-en-borrador","status":"publish","type":"page","link":"https:\/\/quecartucho.es\/blog\/como-imprimir-en-borrador\/","title":{"rendered":"\u00bfC\u00f3mo imprimir en borrador?"},"content":{"rendered":"<p><span lang=\"es-VE\">Siempre buscamos la manera de alargar la vida \u00fatil de nuestro cartucho. Como hemos hablado en otras ocasiones, los cartuchos son delicados y su mantenimiento o cambio es algo costoso. Es por eso que hoy le traemos la opci\u00f3n de imprimir en <\/span><span lang=\"es-VE\"><b>modo borrador.<\/b><\/span><\/p>\n<h2><span lang=\"es-VE\"><b>\u00bfPor qu\u00e9 en modo borrador?<\/b><\/span><\/h2>\n<p><span lang=\"es-VE\">Cuando se configura la impresora para imprimir en modo borrador, la obligamos a que gaste mucho menos tinta que en la modalidad de <\/span><span lang=\"es-VE\"><b>alta<\/b><\/span> <span lang=\"es-VE\"><b>calidad, <\/b><\/span><span lang=\"es-VE\">aunque sea una calidad no tan perfecta, nos funcionar\u00e1 excelente con los resultados, el \u00fanico cambio ser\u00e1 que las letras no estar\u00e1n tan <\/span><span lang=\"es-VE\"><i>negras<\/i><\/span><span lang=\"es-VE\"> como las vemos en la computadora, sino que quedar\u00e1n como en un tono <\/span><span lang=\"es-VE\"><b>gris<\/b><\/span><span lang=\"es-VE\">.<\/span><\/p>\n<p><span lang=\"es-VE\">Adem\u00e1s, en este modo la impresi\u00f3n se har\u00e1 mucho m\u00e1s r\u00e1pida. Tendremos el documento que necesitamos en nuestras manos, r\u00e1pidamente y sin gastar tanta tinta. <\/span><\/p>\n<h3><span lang=\"es-VE\"><b>\u00bfQue documentos imprimir en modo borrador?<\/b><\/span><\/h3>\n<p><b> <\/b><span lang=\"es-VE\">Es muy probable que tengamos que imprimir algunos documentos que no tienen mucha relevancia para el futuro y consecuentemente terminar\u00e1n siendo botados. Es all\u00ed, donde utilizamos el maravilloso modo borrador, para ahorrar nuestra tinta para aquellos papeles importantes que si necesitamos archivar en otro momento. <\/span><\/p>\n<p><span lang=\"es-VE\">Hoy en d\u00eda, <\/span><span lang=\"es-VE\"><b>la mayor\u00eda de las impresoras,<\/b><\/span><span lang=\"es-VE\"> tienen el modo borrador, que tambi\u00e9n es <\/span><span lang=\"es-VE\"><i>modo de <a href=\"https:\/\/quecartucho.es\/blog\/ahorrar-en-la-tinta-de-la-impresora-en-dos-pasos\/\">ahorro de tinta<\/a><\/i><\/span><span lang=\"es-VE\">. Esto lo puedes averiguar en el manual de tu impresora o en las opciones de modo que ofrece la misma. <\/span><\/p>\n<h3><span lang=\"es-VE\"><b>\u00bfC\u00f3mo activamos la opci\u00f3n de modo borrador en nuestra impresora?<\/b><\/span><\/h3>\n<p><span lang=\"es-VE\">Como acabamos de mencionar, es casi seguro que tu impresora cuente con esta modalidad. Entonces antes de que imprimas el documento, lo que debes hacer es configurar la impresora, para que se adapte. Esto lo haces en el cuadro que apareces cuando vas a imprimir o directamente con la impresora, en caso de que tenga pantalla para configurarla. All\u00ed, puedes colocarle el modo borrador para imprimir <\/span><span lang=\"es-VE\"><b>solo ese documento<\/b><\/span><span lang=\"es-VE\"> o tambi\u00e9n tienes la opci\u00f3n de mantenerlo como el <\/span><span lang=\"es-VE\"><b>modo predeterminado de impresi\u00f3n en todo momento<\/b><\/span><span lang=\"es-VE\">. <\/span><\/p>\n<p><span lang=\"es-VE\">En poco tiempo podr\u00e1s ver c\u00f3mo la vida \u00fatil de los cartuchos se alarga y obtienes de igual manera los documentos necesarios impresos, sin contar con el ahorro indirecto que est\u00e1s realizando, que nunca est\u00e1 dem\u00e1s. <\/span><\/p>\n<p><span lang=\"es-VE\">En muchas impresoras de tecnolog\u00eda avanzada, el modo borrador es perfecto, ya que apenas se nota la diferencia entre la alta calidad y el modo borrador. Solo tienes que hacer la prueba con tu impresora y comenzar a ahorrar gran cantidad de tinta en este modo. Adem\u00e1s, este modo tambi\u00e9n es amigable con el medio ambiente, porque al no tirar el cartucho tan pronto estamos ayudando. <\/span><\/p>\n<p><span lang=\"es-VE\">En algunas marcas, si es notable la diferencia entre la alta calidad y el borrador. Sin embargo, cuando utilizas la mejor calidad, te garantizan que es la mejor que puedes conseguir en una impresora de inyecci\u00f3n. <\/span><\/p>\n<p><span lang=\"es-VE\">En las <\/span><a href=\"http:\/\/quecartucho.es\/3--hp-hewlett-packard\"><span lang=\"es-VE\"><b>impresoras HP<\/b><\/span><\/a><span lang=\"es-VE\">, la diferencia es menos notable. Ya que en el modo borrador, tiene una calidad casi igual de pulcra y legible que en la alta calidad. Y en las <\/span><a href=\"http:\/\/quecartucho.es\/8--canon\"><span lang=\"es-VE\"><b>impresoras Canon<\/b><\/span><\/a><span lang=\"es-VE\"> la diferencia es notable, ya que cuando la calidad alta esta activada, es muy definida cada letra o trazo que esta imprima, utilizando bastante tinta para ofrecer una impresi\u00f3n perfecta. <\/span><\/p>\n<p><span lang=\"es-VE\">Lo positivo es que la tecnolog\u00eda de cartuchos que utilizan estas marcas m\u00e1s reconocidas es <\/span><span lang=\"es-VE\"><b>FINE<\/b><\/span><span lang=\"es-VE\">, de muy alta calidad, y de ninguna manera (a menos que est\u00e9 acab\u00e1ndose la tinta), estas impresiones saldr\u00e1n ilegibles o de mala calidad. <\/span><\/p>\n<p><span lang=\"es-VE\">Para <\/span><span lang=\"es-VE\"><b>configurar la impresora<\/b><\/span><span lang=\"es-VE\"> no necesitas un trabajo de especialistas, ya que cualquier persona sin demasiado conocimiento puede activarlo sin ning\u00fan problema. Aunque, a continuaci\u00f3n, les brindaremos una explicaci\u00f3n de c\u00f3mo activarla dependiendo del sistema operativo de tu computadora. <\/span><\/p>\n<p><span lang=\"es-VE\">Adem\u00e1s de leer el manual de impresora, tuviste que haber instalado con su respectivo CD, la impresora en la computadora. Si esto ya est\u00e1 hecho, entonces tienes un gran paso avanzado, en caso contrario, solo debes seguir las instrucciones que aparecen en una ventana, cuando ingreses el CD en el equipo. <\/span><\/p>\n<h3><span lang=\"es-VE\"><b>Se puede configurar el modo borrador de dos maneras:<\/b><\/span><\/h3>\n<p><span lang=\"es-VE\"><b>&#8211; Aplicar el modo solo en el documento que se va a imprimir en ese momento<\/b><\/span><span lang=\"es-VE\">, es decir, que el modo borrador no se mantenga activado en futuras impresiones. <\/span><\/p>\n<p><span lang=\"es-VE\">&#8211; Colocarle el modo borrador en <\/span><span lang=\"es-VE\"><b>predeterminado<\/b><\/span><span lang=\"es-VE\">, lo que significar\u00eda que este modo quedar\u00e1 activado para que cada vez que se impriman documentos, se hagan con el ahorro de tinta o borrador activado. <\/span><\/p>\n<p><span lang=\"es-VE\">Ahora te explicaremos qu\u00e9 debes hacer si tienes distintos sistemas de <\/span><span lang=\"es-VE\"><b>Windows. <\/b><\/span><span lang=\"es-VE\">Cuando realizamos esta configuraci\u00f3n directamente de la computadora, nos funcionar\u00e1 para el <\/span><span lang=\"es-VE\"><b>documento que est\u00e9 imprimiendo en ese momento. <\/b><\/span><\/p>\n<p><span lang=\"es-VE\"><b>Para activar este modo debemos:<\/b><\/span><\/p>\n<ul>\n<li><span style=\"color: #000000;\">Cuando tengamos listo el documento para imprimir, debemos abrir la ventana de impresi\u00f3n, all\u00ed hacemos clic en <\/span><span style=\"color: #000000;\"><b>propiedades<\/b><\/span><span style=\"color: #000000;\">, lo cual abrir\u00e1 otra pesta\u00f1a a su vez. Entre esas opciones, aparecer\u00e1 en la parte inferior a tu izquierda el segmento de <\/span><span style=\"color: #000000;\"><b>calidad de impresi\u00f3n<\/b><\/span><span style=\"color: #000000;\">, all\u00ed haces clic para ver las opciones y encontrar\u00e1s las opciones de: <\/span><span style=\"color: #000000;\"><b>alta, est\u00e1ndar o r\u00e1pida<\/b><\/span><span style=\"color: #000000;\">. <\/span><\/li>\n<\/ul>\n<p><span style=\"color: #000000;\">As\u00ed, encontraremos las opciones del tipo de impresi\u00f3n. Y escogeremos la que m\u00e1s nos convenga en este momento. Puedes repetir este procedimiento cada vez que imprimas, dependiendo de la relevancia del documento. <\/span><\/p>\n<p><span style=\"color: #000000;\">Para activar en ese momento el modo borrador, debes seleccionar la opci\u00f3n de <\/span><span style=\"color: #000000;\"><b>r\u00e1pida<\/b><\/span><span style=\"color: #000000;\">, \u00e9sta solo se activar\u00e1 en la impresi\u00f3n de ese documento que se imprimir\u00e1 enseguida. Podr\u00e1s ahorrar tiempo, tinta y tendr\u00e1s una buena calidad de impresi\u00f3n.<\/span><\/p>\n<p><span style=\"color: #000000;\"><b>Seguramente, te encanta esta idea de ahorrar tinta y querr\u00e1s activarla permanentemente, \u00bfC\u00f3mo hacerlo? <\/b><\/span><\/p>\n<p><span style=\"color: #000000;\">Para activar esta configuraci\u00f3n, debemos ir directamente a las preferencias de impresi\u00f3n, para que quede como modo predeterminado. La preferencia de la impresora en los dispositivos de impresi\u00f3n, no se realizan directamente desde el documento que imprimiremos, sino desde la instalaci\u00f3n de la impresora en el equipo. <\/span><\/p>\n<p><span style=\"color: #000000;\"><b>Te explicaremos c\u00f3mo hacerlo de manera sencilla y sin complicaciones dependiendo de tu sistema operativo:<\/b><\/span><\/p>\n<ul>\n<li><span style=\"color: #000000;\"><u>Windows XP:<\/u><\/span><span style=\"color: #000000;\"> Aunque es posible que ya no existan equipos con este sistema, fue el m\u00e1s popular hace algunos a\u00f1os, y debemos saber c\u00f3mo realizarlo en \u00e9l. Dale clic en <\/span><span style=\"color: #000000;\"><b>inicio<\/b><\/span><span style=\"color: #000000;\">, donde abren todos los programas que contiene la computadora, luego nos dirigimos al <\/span><span style=\"color: #000000;\"><b>panel de control<\/b><\/span><span style=\"color: #000000;\">, que se encuentra en la parte derecha del men\u00fa. All\u00ed seleccionan <\/span><span style=\"color: #000000;\"><b>impresoras y otros dispositivos<\/b><\/span><span style=\"color: #000000;\">. En caso de que no aparezca debes buscarla. Luego haces clic en <\/span><span style=\"color: #000000;\"><b>impresoras o faxes<\/b><\/span><span style=\"color: #000000;\">, te aparecer\u00e1n las impresoras que han sido instaladas en ese equipo, seleccionas la impresora que quieres configurar, haci\u00e9ndole un <\/span><span style=\"color: #000000;\"><i><b>clic derecho<\/b><\/i><\/span><span style=\"color: #000000;\"> y escoges la \u00faltima opci\u00f3n para darle clic en <\/span><span style=\"color: #000000;\"><b>preferencias de impresi\u00f3n<\/b><\/span><span style=\"color: #000000;\">. Cuando est\u00e9s en esa ventana, prosigues a hacer la selecci\u00f3n que hicimos anteriormente en la impresi\u00f3n de un solo documento, escoges la opci\u00f3n <\/span><span style=\"color: #000000;\"><b>r\u00e1pida<\/b><\/span><span style=\"color: #000000;\"> y estar\u00e1s listo para imprimir cuantos documentos quieras. <\/span><\/li>\n<\/ul>\n<p>&nbsp;<\/p>\n<ul>\n<li><span style=\"color: #000000;\"><u>Windows 7:<\/u><\/span><span style=\"color: #000000;\"> Esta versi\u00f3n de Windows, seguro la tienes en alguno de tus dispositivos. Haz clic en <\/span><span style=\"color: #000000;\"><b>inicio<\/b><\/span><span style=\"color: #000000;\">, en el escritorio principal, all\u00ed en la derecha aparecer\u00e1 la opci\u00f3n de <\/span><span style=\"color: #000000;\"><b>dispositivos e impresoras<\/b><\/span><span style=\"color: #000000;\">, la seleccionas y te saldr\u00e1n las que est\u00e1n instaladas en el equipo. Haz clic derecho en la impresora que deseas configurar, le das clic en <\/span><span style=\"color: #000000;\"><b>preferencias de impresi\u00f3n<\/b><\/span><span style=\"color: #000000;\">, la cual es una de las primeras opciones y cuando se abra la ventana, realizas el mismo procedimiento que en el sistema operativo de <\/span><span style=\"color: #000000;\"><i>Windows XP<\/i><\/span><span style=\"color: #000000;\">.<\/span><\/li>\n<\/ul>\n<p>&nbsp;<\/p>\n<ul>\n<li><span style=\"color: #000000;\"><u>Windows 8:<\/u><\/span><span style=\"color: #000000;\"> Mientras avanza la tecnolog\u00eda, es normal que para llegar a las impresoras el camino sea distinto. Es por eso que en Windows 8 cambia, ya que se presenta el inicio y las aplicaciones de manera m\u00e1s sofisticada. Cuando est\u00e9s en el <\/span><span style=\"color: #000000;\"><b>inicio<\/b><\/span><span style=\"color: #000000;\">, que aparezcan todas las aplicaciones, puedes darle a clic derecho en la parte inferior izquierda, all\u00ed se abrir\u00e1n opciones y har\u00e1s clic en <\/span><span style=\"color: #000000;\"><b>buscar<\/b><\/span><span style=\"color: #000000;\"> para que busques directamente <\/span><span style=\"color: #000000;\"><b>dispositivos o impresoras<\/b><\/span><span style=\"color: #000000;\">, en caso contrario entras en <\/span><span style=\"color: #000000;\"><b>configuraci\u00f3n<\/b><\/span><span style=\"color: #000000;\"> y seleccionas <\/span><span style=\"color: #000000;\"><b>dispositivos de impresi\u00f3n<\/b><\/span><span style=\"color: #000000;\">. All\u00ed, se abrir\u00e1 la ventana que hemos explicado en los modos anteriores y escoges la opci\u00f3n <\/span><span style=\"color: #000000;\"><b>r\u00e1pida<\/b><\/span><span style=\"color: #000000;\">. <\/span><\/li>\n<\/ul>\n<p><span style=\"color: #000000;\">En algunos casos las impresoras tienen la opci\u00f3n de activar este modo directamente desde la configuraci\u00f3n del equipo. Aseg\u00farate de hacer una impresi\u00f3n de prueba para comprobar que todo est\u00e9 como deseas. <\/span><\/p>\n<p><span style=\"color: #000000;\">Esta opci\u00f3n de <\/span><span style=\"color: #000000;\"><b>modo borrador<\/b><\/span><span style=\"color: #000000;\"> es una de las mejores para que no te quedes sin tinta tan pronto, llev\u00e1ndote una sorpresa desagradable cuando necesites hacer una impresi\u00f3n importante.<\/span><\/p>\n<p><span style=\"color: #000000;\"><b>\u00bfQu\u00e9 est\u00e1s esperando?<\/b><\/span><span style=\"color: #000000;\"> \u00a1Es el momento de ingresar en las opciones que te recomendamos y activar este modo de manera r\u00e1pida!<\/span><\/p>\n","protected":false},"excerpt":{"rendered":"<p>Siempre buscamos la manera de alargar la vida \u00fatil de nuestro cartucho. Como hemos hablado en otras ocasiones, los cartuchos son delicados y su mantenimiento o cambio es algo costoso. Es por eso que hoy le traemos la opci\u00f3n de imprimir en modo borrador. \u00bfPor qu\u00e9 en modo borrador? Cuando se configura la impresora para&hellip;&nbsp;<a href=\"https:\/\/quecartucho.es\/blog\/como-imprimir-en-borrador\/\" rel=\"bookmark\">Leer m\u00e1s &raquo;<span class=\"screen-reader-text\">\u00bfC\u00f3mo imprimir en borrador?<\/span><\/a><\/p>\n","protected":false},"author":1,"featured_media":1710,"parent":0,"menu_order":0,"comment_status":"open","ping_status":"closed","template":"","meta":{"neve_meta_sidebar":"","neve_meta_container":"","neve_meta_enable_content_width":"","neve_meta_content_width":0,"neve_meta_title_alignment":"","neve_meta_author_avatar":"","neve_post_elements_order":"","neve_meta_disable_header":"","neve_meta_disable_footer":"","neve_meta_disable_title":"","episode_type":"","audio_file":"","podmotor_file_id":"","podmotor_episode_id":"","cover_image":"","cover_image_id":"","duration":"","filesize":"","filesize_raw":"","date_recorded":"","explicit":"","block":"","footnotes":""},"class_list":["post-1706","page","type-page","status-publish","has-post-thumbnail","hentry"],"_links":{"self":[{"href":"https:\/\/quecartucho.es\/blog\/wp-json\/wp\/v2\/pages\/1706","targetHints":{"allow":["GET"]}}],"collection":[{"href":"https:\/\/quecartucho.es\/blog\/wp-json\/wp\/v2\/pages"}],"about":[{"href":"https:\/\/quecartucho.es\/blog\/wp-json\/wp\/v2\/types\/page"}],"author":[{"embeddable":true,"href":"https:\/\/quecartucho.es\/blog\/wp-json\/wp\/v2\/users\/1"}],"replies":[{"embeddable":true,"href":"https:\/\/quecartucho.es\/blog\/wp-json\/wp\/v2\/comments?post=1706"}],"version-history":[{"count":2,"href":"https:\/\/quecartucho.es\/blog\/wp-json\/wp\/v2\/pages\/1706\/revisions"}],"predecessor-version":[{"id":1709,"href":"https:\/\/quecartucho.es\/blog\/wp-json\/wp\/v2\/pages\/1706\/revisions\/1709"}],"wp:featuredmedia":[{"embeddable":true,"href":"https:\/\/quecartucho.es\/blog\/wp-json\/wp\/v2\/media\/1710"}],"wp:attachment":[{"href":"https:\/\/quecartucho.es\/blog\/wp-json\/wp\/v2\/media?parent=1706"}],"curies":[{"name":"wp","href":"https:\/\/api.w.org\/{rel}","templated":true}]}}