{"id":17098,"date":"2022-08-29T13:42:08","date_gmt":"2022-08-29T11:42:08","guid":{"rendered":"https:\/\/quecartucho.es\/blog\/?page_id=17098"},"modified":"2022-09-16T09:54:03","modified_gmt":"2022-09-16T07:54:03","slug":"la-impresora-imprime-con-rayas","status":"publish","type":"page","link":"https:\/\/quecartucho.es\/blog\/la-impresora-imprime-con-rayas\/","title":{"rendered":"La impresora imprime con rayas"},"content":{"rendered":"\n<p><strong>\u00bfPor qu\u00e9 mi impresora imprime con rayas?<\/strong><\/p>\n\n\n\n<div class=\"wp-block-columns is-layout-flex wp-container-core-columns-is-layout-9d6595d7 wp-block-columns-is-layout-flex\">\n<div class=\"wp-block-column is-layout-flow wp-block-column-is-layout-flow\">\n<p>Imagina que est\u00e1s intentando imprimir un documento importante y te encuentras con un papel con rayas que no deber\u00edan estar ah\u00ed. Obviamente, no puedes entregar el documento de esa manera y te preguntar\u00e1s <a href=\"https:\/\/quecartucho.es\/blog\/cuando-una-impresora-no-imprime-bien\/\">qu\u00e9 est\u00e1 pasando con tu impresora<\/a>.<\/p>\n\n\n\n<p>Si has llegado aqu\u00ed pregunt\u00e1ndote <strong>por qu\u00e9 tu impresora imprime a rayas<\/strong>, te vamos a ayudar con ello. Analizamos los motivos habituales, soluciones y algunas alternativas adaptadas a las marcas de impresora m\u00e1s importantes:<\/p>\n<\/div>\n\n\n\n<div class=\"wp-block-column is-layout-flow wp-block-column-is-layout-flow\">\n<figure class=\"wp-block-image size-large\"><img loading=\"lazy\" decoding=\"async\" width=\"1024\" height=\"576\" src=\"https:\/\/quecartucho.es\/blog\/wp-content\/uploads\/2022\/08\/impresora-imprime-con-rayas-1024x576.jpg\" alt=\"impresora imprime con rayas\" class=\"wp-image-17108\" title=\"\" srcset=\"https:\/\/quecartucho.es\/blog\/wp-content\/uploads\/2022\/08\/impresora-imprime-con-rayas-1024x576.jpg 1024w, https:\/\/quecartucho.es\/blog\/wp-content\/uploads\/2022\/08\/impresora-imprime-con-rayas-300x169.jpg 300w, https:\/\/quecartucho.es\/blog\/wp-content\/uploads\/2022\/08\/impresora-imprime-con-rayas-768x432.jpg 768w, https:\/\/quecartucho.es\/blog\/wp-content\/uploads\/2022\/08\/impresora-imprime-con-rayas-150x84.jpg 150w, https:\/\/quecartucho.es\/blog\/wp-content\/uploads\/2022\/08\/impresora-imprime-con-rayas.jpg 1280w\" sizes=\"auto, (max-width: 1024px) 100vw, 1024px\" \/><\/figure>\n<\/div>\n<\/div>\n\n\n\n\n\n\n<div id=\"rank-math-faq\" class=\"rank-math-block\">\n<div class=\"rank-math-list \">\n<div id=\"faq-question-1661773201974\" class=\"rank-math-list-item\">\n<h2 class=\"rank-math-question \"><strong>\u00bfPor qu\u00e9 motivo mi impresora ahora imprime con rayas?<\/strong><\/h2>\n<div class=\"rank-math-answer \">\n<img loading=\"lazy\" decoding=\"async\" width=\"150\" height=\"150\" src=\"https:\/\/quecartucho.es\/blog\/wp-content\/uploads\/2022\/08\/impresora-hace-rayas-horizontales-blancas-150x150.jpg\" class=\"alignright\" alt=\"\" title=\"\">\n<p>Antes de nada, es importante comprender el origen del problema. As\u00ed podremos trazar una soluci\u00f3n y evitar que la situaci\u00f3n se vuelva a repetir de cara al futuro.<br \/>Estas son algunas de las causas m\u00e1s habituales:<\/p>\n\n<\/div>\n<\/div>\n<\/div>\n<\/div>\n\n\n<ul class=\"wp-block-list\"><li>Se ha producido un <strong>fallo en el cabezal de impresi\u00f3n.<\/strong><\/li><li>Problema de <strong>obstrucci\u00f3n de los inyectores<\/strong>.<\/li><li>Es posible que los <strong><a href=\"https:\/\/quecartucho.es\/\">cartuchos<\/a> est\u00e9n secos<\/strong> o que el nivel de tinta\/t\u00f3ner sea demasiado bajo.<\/li><li>Presencia de alg\u00fan tipo de <strong>material extra\u00f1o<\/strong> dentro de la m\u00e1quina (podr\u00eda ser un trozo de papel, un adhesivo, incluso acumulaci\u00f3n de polvo).<\/li><li>La <strong>lente l\u00e1ser<\/strong> o el LED de la impresora podr\u00eda estar sucia.<\/li><li>Se ha producido una <strong>incorrecta instalaci\u00f3n<\/strong> del cartucho del t\u00f3ner o del tambor.<\/li><li>Tambi\u00e9n podr\u00eda darse el caso de que se est\u00e9 utilizando un <strong>papel incorrecto<\/strong>.<\/li><\/ul>\n\n\n\n<h2 class=\"wp-block-heading\"><strong>Qu\u00e9 debo hacer si mi impresora imprime a rayas<\/strong><\/h2>\n\n\n\n<p>Vamos a ver c\u00f3mo solucionar algunos de los problemas de la lista anterior:<\/p>\n\n\n\n<h3 class=\"wp-block-heading\">\u2b95 <strong>Obstrucciones de inyectores<\/strong><\/h3>\n\n\n\n<p>La mejor manera de proceder en este caso es hacer una <strong>limpieza de inyectores<\/strong>. Prueba a pasar la limpieza de inyectores autom\u00e1tica que puedes ejecutar desde el propio software.<\/p>\n\n\n\n<p>En el caso de que esto no sea suficiente, tendr\u00e1s que hacer una limpieza manual.<\/p>\n\n\n\n<h3 class=\"wp-block-heading\">\u2b95 <strong>Presencia de material extra\u00f1o en el interior de la m\u00e1quina<\/strong><\/h3>\n\n\n\n<p>En este caso, la soluci\u00f3n est\u00e1 bastante clara: simplemente tendremos que analizar la impresora y comprobar que no haya nada dentro.<\/p>\n\n\n\n<p>Tambi\u00e9n es interesante echar un vistazo a la <strong>pel\u00edcula protectora del tambor<\/strong>. Si se encuentra muy sucia, o con trozos de papel adheridos, la impresi\u00f3n fallar\u00e1.<\/p>\n\n\n\n<p>Usa un papel fino y muy suave para limpiarla.<\/p>\n\n\n\n<h3 class=\"wp-block-heading\">\u2b95 <strong>Cartuchos secos o con nivel de tinta bajo<\/strong><\/h3>\n\n\n\n<p>Si el nivel de tinta est\u00e1 demasiado bajo, o si el cartucho no se ha usado durante demasiado tiempo, la soluci\u00f3n m\u00e1s r\u00e1pida es la misma: <strong>sustituir el cartucho<\/strong>.<\/p>\n\n\n\n<p>Es cierto que se puede intentar usar un pa\u00f1o humedecido para intentar <em>revivir<\/em> el cartucho seco, pero no siempre saldr\u00e1 bien.<\/p>\n\n\n\n<p>Es conveniente imprimir de manera recurrente para evitar que esto ocurra.<\/p>\n\n\n\n<h3 class=\"wp-block-heading\">\u2b95 <strong>LED o lentes l\u00e1ser sucias<\/strong><\/h3>\n\n\n\n<p>Para solucionar este problema habr\u00e1 que hacer una <strong>limpieza con un pa\u00f1o libre de pelusas y un poco de alcohol<\/strong>. Es importante hacer esta limpieza de forma peri\u00f3dica para evitar que los restos se vayan acumulando en el interior.<\/p>\n\n\n\n<p>En el caso de que tengas alguna duda con el proceso, para evitar que se deteriore la impresora, es mejor ponerla en manos de un profesional que se encargue de proceder con la limpieza. Esto es especialmente importante para evitar da\u00f1ar las partes m\u00e1s sensibles de la m\u00e1quina.<\/p>\n\n\n\n<h3 class=\"wp-block-heading\">\u2b95 <strong>Incorrecta instalaci\u00f3n del cartucho<\/strong><\/h3>\n\n\n\n<p>Si crees que no has instalado correctamente el cartucho simplemente ret\u00edralo y aseg\u00farate de seguir las instrucciones del fabricante al pie de la letra.<\/p>\n\n\n\n<p>Si tienes alguna duda, ponte en contacto con el mismo.<\/p>\n\n\n\n<h3 class=\"wp-block-heading\">\u2b95 <strong>Comprobaci\u00f3n del papel<\/strong><\/h3>\n\n\n\n<p>Comprueba que el papel que est\u00e1s utilizando es el adecuado en base a la configuraci\u00f3n elegida.<\/p>\n\n\n\n<p>Adem\u00e1s, tambi\u00e9n tendr\u00e1s que revisar el papel para determinar si est\u00e1 h\u00famedo, si tiene una superficie muy irregular\u2026<\/p>\n\n\n\n<p>Una manera de identificar si el fallo es por usar un papel inadecuado es comprobar la mancha: si est\u00e1 presenta forma de motas de polvo de t\u00f3ner (en impresoras l\u00e1ser) ser\u00e1 problemas del papel.<\/p>\n\n\n\n<h2 class=\"wp-block-heading\"><strong>En impresoras l\u00e1ser<\/strong><\/h2>\n\n\n\n<div class=\"wp-block-columns is-layout-flex wp-container-core-columns-is-layout-9d6595d7 wp-block-columns-is-layout-flex\">\n<div class=\"wp-block-column is-layout-flow wp-block-column-is-layout-flow\">\n<p>La raz\u00f3n de que tu <a href=\"https:\/\/quecartucho.es\/blog\/impresoras\/laser-mejor\/\">impresora l\u00e1ser<\/a> imprima a rayas depender\u00e1 del tipo de perif\u00e9rico del que estemos hablando. En este apartado vamos a ver los problemas m\u00e1s comunes que afectan a las <strong>impresoras l\u00e1ser:<\/strong><\/p>\n<\/div>\n\n\n\n<div class=\"wp-block-column is-layout-flow wp-block-column-is-layout-flow\"><div class=\"wp-block-image\">\n<figure class=\"aligncenter size-full\"><a href=\"https:\/\/support.brother.com\/g\/b\/faqend.aspx?c=mx&amp;lang=es&amp;prod=hl3150cdn_us_as_cn&amp;faqid=faq00000213_030\" rel=\"nofollow noopener\" target=\"_blank\"><img loading=\"lazy\" decoding=\"async\" width=\"270\" height=\"165\" src=\"https:\/\/quecartucho.es\/blog\/wp-content\/uploads\/2022\/08\/impresion-con-rayas-en-impresora-brother.gif\" alt=\"\" class=\"wp-image-17104\" title=\"\"><\/a><\/figure>\n<\/div><\/div>\n<\/div>\n\n\n\n<h3 class=\"wp-block-heading\">\u27a4 <strong>Mi impresora imprime con rayas horizontales negras<\/strong><\/h3>\n\n\n\n<div class=\"wp-block-columns is-layout-flex wp-container-core-columns-is-layout-9d6595d7 wp-block-columns-is-layout-flex\">\n<div class=\"wp-block-column is-layout-flow wp-block-column-is-layout-flow\" style=\"flex-basis:66.66%\">\n<p>Lo m\u00e1s com\u00fan es que cuando una impresora l\u00e1ser muestre una impresi\u00f3n con rayas horizontales es que exista alg\u00fan problema relacionado con el <strong><a href=\"https:\/\/quecartucho.es\/16393-toners\">t\u00f3ner<\/a><\/strong> en cuesti\u00f3n (que es el componente que tiene el polvo que hace que la impresi\u00f3n sea posible).<\/p>\n\n\n\n<p>La soluci\u00f3n en este caso suele ser bastante simple, ya que lo \u00fanico que habr\u00e1 que hacer es <strong>cambiar el t\u00f3ner<\/strong>. Eso s\u00ed, tendr\u00e1s que asegurarte de que est\u00e1s haciendo el cambio del t\u00f3ner del color en el que te est\u00e1 saliendo la raya en la impresi\u00f3n.<\/p>\n\n\n\n<p>Adem\u00e1s, invierte en un <strong>t\u00f3ner de calidad<\/strong>, ya que as\u00ed se minimizar\u00e1 la posibilidad de que algo salga mal.<\/p>\n<\/div>\n\n\n\n<div class=\"wp-block-column is-layout-flow wp-block-column-is-layout-flow\" style=\"flex-basis:33.33%\">\n<figure class=\"wp-block-image size-full\"><img loading=\"lazy\" decoding=\"async\" width=\"374\" height=\"162\" src=\"https:\/\/quecartucho.es\/blog\/wp-content\/uploads\/2022\/08\/impresiones-con-rayas-negras-horizontales.jpg\" alt=\"impresion laser con rayas negras horizontales por fallo en impresora laser\" class=\"wp-image-17123\" title=\"\" srcset=\"https:\/\/quecartucho.es\/blog\/wp-content\/uploads\/2022\/08\/impresiones-con-rayas-negras-horizontales.jpg 374w, https:\/\/quecartucho.es\/blog\/wp-content\/uploads\/2022\/08\/impresiones-con-rayas-negras-horizontales-300x130.jpg 300w, https:\/\/quecartucho.es\/blog\/wp-content\/uploads\/2022\/08\/impresiones-con-rayas-negras-horizontales-150x65.jpg 150w\" sizes=\"auto, (max-width: 374px) 100vw, 374px\" \/><\/figure>\n<\/div>\n<\/div>\n\n\n\n<h3 class=\"wp-block-heading\">\u27a4 <strong>Mi impresora imprime con rayas verticales negras<\/strong><\/h3>\n\n\n\n<div class=\"wp-block-columns is-layout-flex wp-container-core-columns-is-layout-9d6595d7 wp-block-columns-is-layout-flex\">\n<div class=\"wp-block-column is-layout-flow wp-block-column-is-layout-flow\" style=\"flex-basis:66.66%\">\n<p>El origen del problema ser\u00e1 muy diferente en el caso de que aprecies que la impresora imprime rayas verticales negras. En este caso es muy probable que el problema est\u00e9 relacionado con el <strong>tambor<\/strong> del perif\u00e9rico.<\/p>\n\n\n\n<p>Aqu\u00ed nos encontramos con 2 posibles soluciones:<\/p>\n\n\n\n<ul class=\"wp-block-list\"><li><strong>Sustituir el tambor por uno nuevo<\/strong> (habr\u00e1 que revisar el precio del componente de nuestra impresora; dependiendo del modelo y de la complejidad de cambio, puede que valga la pena comprar una nueva).<\/li><li>Algunos modelos de impresora permiten que se pueda <strong>limpiar el tambor<\/strong> siguiendo un proceso especial. Esto es muy com\u00fan en las impresoras Brother. No vamos a entrar en detalle con el proceso, ya que var\u00eda mucho dependiendo de cada modelo. Te recomendamos seguir el manual de instrucciones para evitar causar cualquier tipo de deterioro.<\/li><\/ul>\n<\/div>\n\n\n\n<div class=\"wp-block-column is-layout-flow wp-block-column-is-layout-flow\" style=\"flex-basis:33.33%\">\n<figure class=\"wp-block-image size-full\"><img loading=\"lazy\" decoding=\"async\" width=\"600\" height=\"600\" src=\"https:\/\/quecartucho.es\/blog\/wp-content\/uploads\/2022\/08\/fallo-impresora-rayas-verticales-negras.webp\" alt=\"fallo impresora rayas verticales negras\" class=\"wp-image-17118\" title=\"\" srcset=\"https:\/\/quecartucho.es\/blog\/wp-content\/uploads\/2022\/08\/fallo-impresora-rayas-verticales-negras.webp 600w, https:\/\/quecartucho.es\/blog\/wp-content\/uploads\/2022\/08\/fallo-impresora-rayas-verticales-negras-300x300.webp 300w, https:\/\/quecartucho.es\/blog\/wp-content\/uploads\/2022\/08\/fallo-impresora-rayas-verticales-negras-150x150.webp 150w, https:\/\/quecartucho.es\/blog\/wp-content\/uploads\/2022\/08\/fallo-impresora-rayas-verticales-negras-120x120.webp 120w, https:\/\/quecartucho.es\/blog\/wp-content\/uploads\/2022\/08\/fallo-impresora-rayas-verticales-negras-96x96.webp 96w\" sizes=\"auto, (max-width: 600px) 100vw, 600px\" \/><\/figure>\n<\/div>\n<\/div>\n\n\n\n<h2 class=\"wp-block-heading\"><strong>En impresoras de tinta<\/strong><\/h2>\n\n\n\n<p>Si tienes una impresora de tinta y has comprobado que tus \u00faltimas impresiones aparecen con rayas horizontales o verticales, esta secci\u00f3n es para ti:<\/p>\n\n\n\n<h3 class=\"wp-block-heading\">\u27a4 <strong>Mi impresora imprime a rayas horizontales blancas<\/strong><\/h3>\n\n\n\n<div class=\"wp-block-columns is-layout-flex wp-container-core-columns-is-layout-9d6595d7 wp-block-columns-is-layout-flex\">\n<div class=\"wp-block-column is-layout-flow wp-block-column-is-layout-flow\" style=\"flex-basis:66.66%\">\n<p>Cuando esto ocurre, el problema suele asociarse con un <strong>mal funcionamiento en los cabezales de impresi\u00f3n<\/strong>.<\/p>\n\n\n\n<p>Debes tener en cuenta que, dependiendo de la impresora y del fabricante, podr\u00eda darse el caso de que el cabezal de impresi\u00f3n estuviera integrado en los propios cartuchos de tinta o en la misma impresora.<\/p>\n\n\n\n<p>Por fortuna, es un problema que tiene una sencilla soluci\u00f3n: <strong>hacer una limpieza de cabezales<\/strong>.<\/p>\n\n\n\n<p>La mayor\u00eda de las impresoras del momento cuentan con una opci\u00f3n contenida en el software que te permite hacer esta limpieza (los modelos m\u00e1s modernos permiten gestionarla desde la propia pantalla del perif\u00e9rico).<\/p>\n<\/div>\n\n\n\n<div class=\"wp-block-column is-layout-flow wp-block-column-is-layout-flow\" style=\"flex-basis:33.33%\">\n<figure class=\"wp-block-image size-large\"><img loading=\"lazy\" decoding=\"async\" width=\"1024\" height=\"576\" src=\"https:\/\/quecartucho.es\/blog\/wp-content\/uploads\/2022\/08\/imprime-rayas-1024x576.webp\" alt=\"impresion con tres rayas horizontales de lado a lado\" class=\"wp-image-17099\" title=\"\" srcset=\"https:\/\/quecartucho.es\/blog\/wp-content\/uploads\/2022\/08\/imprime-rayas-1024x576.webp 1024w, https:\/\/quecartucho.es\/blog\/wp-content\/uploads\/2022\/08\/imprime-rayas-300x169.webp 300w, https:\/\/quecartucho.es\/blog\/wp-content\/uploads\/2022\/08\/imprime-rayas-768x432.webp 768w, https:\/\/quecartucho.es\/blog\/wp-content\/uploads\/2022\/08\/imprime-rayas-150x84.webp 150w, https:\/\/quecartucho.es\/blog\/wp-content\/uploads\/2022\/08\/imprime-rayas.webp 1200w\" sizes=\"auto, (max-width: 1024px) 100vw, 1024px\" \/><\/figure>\n<\/div>\n<\/div>\n\n\n\n<p>Si, despu\u00e9s de haber hecho la limpieza de cabezales, el problema todav\u00eda persiste, es muy posible que los <strong>cabezales est\u00e9n defectuosos<\/strong>. Llegados a este punto tendremos 4 opciones:<\/p>\n\n\n\n<ol class=\"wp-block-list\"><li>a) &nbsp; &nbsp; Hacer el cambio del cabezal.<\/li><li>b) &nbsp; &nbsp; Sustituir el cartucho.<\/li><li>c) &nbsp; &nbsp; Comprar una impresora nueva.<\/li><li>d) &nbsp; &nbsp; Llevarla al servicio t\u00e9cnico (comprueba antes si la impresora est\u00e1 en garant\u00eda para determinar si merece la pena hacerlo).<\/li><\/ol>\n\n\n\n<h3 class=\"wp-block-heading\">\u27a4 <strong>Mi equipo imprime con manchas o l\u00edneas verticales blancas<\/strong><\/h3>\n\n\n\n<p>Si las manchas verticales que te muestra la impresora son blancas, puede deberse a lo siguiente:<\/p>\n\n\n\n<ul class=\"wp-block-list\"><li><strong>Material extra\u00f1o dentro de la m\u00e1quina como trozos de papel, notas adhesivas, polvo etc<\/strong>. Es importante comprobar que la pel\u00edcula protectora del tambor de imagen no est\u00e9 sucia o con trozos de papel adheridos. Si es as\u00ed, deb\u00e9is limpiarla suavemente con un papel muy fino y absorbente.<\/li><li>Puede que el <strong>papel <\/strong>no sea el adecuado. Aseg\u00farese de estar utilizando un papel acorde con las especificaciones del equipo. La causa del problema puede ser un papel de superficie demasiado irregular, h\u00famedo, etc.<\/li><li><strong>Problema del tambor: <\/strong>podr\u00edamos estar hablando de un fallo relacionado con el tambor, as\u00ed que lo m\u00e1s normal es que tengamos que hacer el cambio. Como ocurre con algunas impresoras l\u00e1ser, algunos modelos est\u00e1n pensados para que se siga un procedimiento especial de limpieza del mismo.<\/li><li><strong>Problema del LED de la impresora: <\/strong>tambi\u00e9n deber\u00eda comprobar el <strong>LED<\/strong> de la impresora, ya que este se podr\u00eda haber da\u00f1ado, o simplemente haber acumulado mucha suciedad. Te recomendamos usar el manual de instrucciones para determinar en donde se ha apostado dicha lucecita. Una vez la hayas localizado, simplemente utiliza un pa\u00f1o humedecido con un poco de alcohol (no uses un algod\u00f3n o pa\u00f1o que suelte virutas) y as\u00ed podr\u00e1s limpiarlo.<\/li><\/ul>\n\n\n\n<h2 class=\"wp-block-heading\"><strong>Solucionar impresiones con rayas en impresoras de cartuchos de tinta HP<\/strong><\/h2>\n\n\n\n<p>Lo m\u00e1s probable es que si tu <strong>impresora HP imprime con rayas<\/strong>, el problema se centre en que los cartuchos est\u00e1n sucios. Aqu\u00ed te ense\u00f1amos c\u00f3mo hacer una <strong>limpieza de cartuchos <\/strong>siguiendo 2 m\u00e9todos:<\/p>\n\n\n\n<h3 class=\"wp-block-heading\"><strong>\u279b<\/strong> <strong>1 Limpieza de cartuchos usando el software de HP<\/strong><\/h3>\n\n\n\n<p>En este apartado vamos a activar la limpieza utilizando la <strong>caja de herramientas de HP<\/strong>.<\/p>\n\n\n\n<p>1) &nbsp; &nbsp; Hacemos clic en <strong>Inicio -&gt; Configuraci\u00f3n -&gt; Impresoras.<\/strong><\/p>\n\n\n\n<p>2) &nbsp; &nbsp; Buscamos la impresora que estamos intentando arreglar y pulsamos con el bot\u00f3n derecho del rat\u00f3n sobre la misma. Haz clic nuevamente en <strong>Propiedades -&gt; Servicios<\/strong>.<\/p>\n\n\n\n<p>3) &nbsp; &nbsp; Localiza la opci\u00f3n de <strong>Caja de herramientas de HP Photosmart<\/strong> (si no encuentras esta opci\u00f3n prueba con <strong>Revisi\u00f3n del dispositivo<\/strong>).<\/p>\n\n\n\n<p>4) &nbsp; &nbsp; Finalmente, haz clic en la funci\u00f3n de <strong>limpieza de cartuchos de impresi\u00f3n<\/strong> y sigue las instrucciones que aparezcan en pantalla.<\/p>\n\n\n\n<p>Es importante no desconectar la impresora a mitad o podr\u00edamos provocar un mal funcionamiento.<\/p>\n\n\n\n<h3 class=\"wp-block-heading\"><strong>\u279b 2 Limpieza manual de cartuchos HP<\/strong><\/h3>\n\n\n\n<p>Puede que la <strong>limpieza autom\u00e1tica anterior <\/strong>no termine de solucionar el problema. En este caso, no quedar\u00e1 otra que seguir los siguientes pasos para iniciar una limpieza manual:<\/p>\n\n\n\n<p>1) &nbsp; &nbsp; Conecta la impresora, enci\u00e9ndela y levanta la cubierta.<\/p>\n\n\n\n<p>2) &nbsp; &nbsp; Espera a que los <a href=\"https:\/\/quecartucho.es\/4336-cartuchos-de-tinta-hp-compatibles\"><strong>cartuchos HP<\/strong><\/a> se sit\u00faen en el centro de la impresora. Entonces tendr\u00e1s que quitar el cable de alimentaci\u00f3n y as\u00ed se quedar\u00e1n fijos.<\/p>\n\n\n\n<p>3) &nbsp; &nbsp; Quita los cartuchos pulsando en el sistema de clic.<\/p>\n\n\n\n<p>4) &nbsp; &nbsp; Utiliza un pa\u00f1o o un bastoncillo de gomaespuma (es importante que no suelte pelusas) y humed\u00e9celos en agua.<\/p>\n\n\n\n<p>5) &nbsp; &nbsp; Limpia la <strong>banda de circuitos de color<\/strong> contenida en la parte inferior de los cartuchos. Es importante que lo limpies la placa de la boquilla del cartucho, si no extremo.<\/p>\n\n\n\n<p>6) &nbsp; &nbsp; Aprovecha tambi\u00e9n para limpiar los contactos del carro y elimina toda la suciedad posible. Retira cualquier resto de papel o elemento extra\u00f1o que pueda aparecer.<\/p>\n\n\n\n<p>7) &nbsp; &nbsp; Conecta el cable de corriente, cierra la tapa y los cartuchos volver\u00e1n a su sitio.<\/p>\n\n\n\n<h2 class=\"wp-block-heading\"><strong>El papel impreso presenta rayas verticales en impresoras de tinta Canon<\/strong><\/h2>\n\n\n\n<p>Aqu\u00ed vamos a ver algunas de las causas de una impresi\u00f3n a rayas en una <strong>impresora Canon<\/strong> y sus posibles soluciones:<\/p>\n\n\n\n<h3 class=\"wp-block-heading\"><strong>\u21c1<\/strong> <strong>1 Configuraci\u00f3n err\u00f3nea del papel<\/strong><\/h3>\n\n\n\n<p>En base al tipo del papel, o a la configuraci\u00f3n, se podr\u00edan ver rayas verticales sobre el papel. Esto se puede solucionar de la siguiente forma:<\/p>\n\n\n\n<p>1) &nbsp; &nbsp; Cambia el papel por uno nuevo (sobre todo si est\u00e1 estropeado, h\u00famedo o arrugado)<\/p>\n\n\n\n<p>2) &nbsp; &nbsp; Abre las <strong>preferencias de la impresora<\/strong>, marca en <strong>Acabado<\/strong> \u2013 <strong>Configuraci\u00f3n Avanzada<\/strong> y elija el papel que corresponda con la impresi\u00f3n.<\/p>\n\n\n\n<p>3) &nbsp; &nbsp; Actualiza el controlador de la impresora.<\/p>\n\n\n\n<h3 class=\"wp-block-heading\"><strong>\u21c1<\/strong> <strong>2&nbsp; La impresora ha estado sin imprimir durante bastante tiempo<\/strong><\/h3>\n\n\n\n<p>Si hace alg\u00fan tiempo que la impresora no imprime podr\u00edan verse rayas blancas en el papel. Esto se puede sustituir de la siguiente manera:<\/p>\n\n\n\n<p>1) &nbsp; &nbsp; Abre la pesta\u00f1a de <strong>Acabado<\/strong> y pulsa en <strong>Configuraci\u00f3n Avanzada<\/strong>.<\/p>\n\n\n\n<p>2) &nbsp; &nbsp; Pulsa en Ajuste de impresi\u00f3n especial B en <strong>[Modo 1]<\/strong>.<\/p>\n\n\n\n<p>3) &nbsp; &nbsp; Si el problema no se soluciona pulsa en <strong>[Modo 2]<\/strong> y si no en <strong>[Modo 3<\/strong>].<\/p>\n\n\n\n<p>4) &nbsp; &nbsp; Tambi\u00e9n puedes marcar la opci\u00f3n de <strong>[Desactivado]<\/strong> para ver si se soluciona el problema.<\/p>\n\n\n\n<p>Estos son los problemas m\u00e1s comunes que podr\u00edan explicar el <strong>por qu\u00e9 mi impresora imprime con rayas<\/strong>. Prueba estas alternativas y ver\u00e1s c\u00f3mo evitas que este problema se vuelva a repetir.<\/p>\n","protected":false},"excerpt":{"rendered":"<p>\u00bfPor qu\u00e9 mi impresora imprime con rayas? Imagina que est\u00e1s intentando imprimir un documento importante y te encuentras con un papel con rayas que no deber\u00edan estar ah\u00ed. Obviamente, no puedes entregar el documento de esa manera y te preguntar\u00e1s qu\u00e9 est\u00e1 pasando con tu impresora. Si has llegado aqu\u00ed pregunt\u00e1ndote por qu\u00e9 tu impresora&hellip;&nbsp;<a href=\"https:\/\/quecartucho.es\/blog\/la-impresora-imprime-con-rayas\/\" rel=\"bookmark\">Leer m\u00e1s &raquo;<span class=\"screen-reader-text\">La impresora imprime con rayas<\/span><\/a><\/p>\n","protected":false},"author":1,"featured_media":17099,"parent":0,"menu_order":0,"comment_status":"closed","ping_status":"closed","template":"","meta":{"neve_meta_sidebar":"full-width","neve_meta_container":"","neve_meta_enable_content_width":"on","neve_meta_content_width":100,"neve_meta_title_alignment":"","neve_meta_author_avatar":"","neve_post_elements_order":"","neve_meta_disable_header":"","neve_meta_disable_footer":"","neve_meta_disable_title":"","episode_type":"","audio_file":"","podmotor_file_id":"","podmotor_episode_id":"","cover_image":"","cover_image_id":"","duration":"","filesize":"","filesize_raw":"","date_recorded":"","explicit":"","block":"","footnotes":""},"class_list":["post-17098","page","type-page","status-publish","has-post-thumbnail","hentry"],"_links":{"self":[{"href":"https:\/\/quecartucho.es\/blog\/wp-json\/wp\/v2\/pages\/17098","targetHints":{"allow":["GET"]}}],"collection":[{"href":"https:\/\/quecartucho.es\/blog\/wp-json\/wp\/v2\/pages"}],"about":[{"href":"https:\/\/quecartucho.es\/blog\/wp-json\/wp\/v2\/types\/page"}],"author":[{"embeddable":true,"href":"https:\/\/quecartucho.es\/blog\/wp-json\/wp\/v2\/users\/1"}],"replies":[{"embeddable":true,"href":"https:\/\/quecartucho.es\/blog\/wp-json\/wp\/v2\/comments?post=17098"}],"version-history":[{"count":12,"href":"https:\/\/quecartucho.es\/blog\/wp-json\/wp\/v2\/pages\/17098\/revisions"}],"predecessor-version":[{"id":17148,"href":"https:\/\/quecartucho.es\/blog\/wp-json\/wp\/v2\/pages\/17098\/revisions\/17148"}],"wp:featuredmedia":[{"embeddable":true,"href":"https:\/\/quecartucho.es\/blog\/wp-json\/wp\/v2\/media\/17099"}],"wp:attachment":[{"href":"https:\/\/quecartucho.es\/blog\/wp-json\/wp\/v2\/media?parent=17098"}],"curies":[{"name":"wp","href":"https:\/\/api.w.org\/{rel}","templated":true}]}}