{"id":17131,"date":"2022-09-15T09:15:33","date_gmt":"2022-09-15T07:15:33","guid":{"rendered":"https:\/\/quecartucho.es\/blog\/?page_id=17131"},"modified":"2022-09-16T09:54:05","modified_gmt":"2022-09-16T07:54:05","slug":"la-impresora-imprime-en-blanco","status":"publish","type":"page","link":"https:\/\/quecartucho.es\/blog\/la-impresora-imprime-en-blanco\/","title":{"rendered":"La impresora imprime en blanco"},"content":{"rendered":"\n<h2 class=\"wp-block-heading\"> L<strong>a impresora imprime en blanco<\/strong><\/h2>\n\n\n\n<p>Es posible que en alguna ocasi\u00f3n est\u00e9s intentando imprimir alg\u00fan recurso y la impresora empiece a sacar hojas en blanco. Incluso puede que se mueva el cabezal y nos parezca que est\u00e1 saliendo <a href=\"https:\/\/quecartucho.es\/15603-botellas-de-tinta\">tinta<\/a>, pero nos quedaremos con la boca abierta cuando no veamos nada en el folio.<\/p>\n\n\n\n<p>\u00bfQu\u00e9 es lo que est\u00e1 pasando? \u00bfPor qu\u00e9 <strong>la impresora imprime en blanco<\/strong>? Como ocurre con otros tantos problemas que afectan a estos perif\u00e9ricos de salida, existen varios motivos que pueden explicar que la <a href=\"https:\/\/quecartucho.es\/blog\/cuando-una-impresora-no-imprime-bien\/\">impresora imprima mal<\/a>.<\/p>\n\n\n\n<p>A lo largo de este art\u00edculo vamos a ver los m\u00e1s importantes.<\/p>\n\n\n<div id=\"rank-math-faq\" class=\"rank-math-block\">\n<div class=\"rank-math-list \">\n<div id=\"faq-question-1663226056439\" class=\"rank-math-list-item\">\n<h2 class=\"rank-math-question \"><strong>\u00bfPor qu\u00e9 mi impresora imprime en blanco? Motivos habituales<\/strong><\/h2>\n<div class=\"rank-math-answer \">\n<img loading=\"lazy\" decoding=\"async\" width=\"150\" height=\"150\" src=\"https:\/\/quecartucho.es\/blog\/wp-content\/uploads\/2022\/09\/imprime-el-papel-en-blanco-150x150.jpg\" class=\"alignright\" alt=\"imprime el papel en blanco\" title=\"\">\n<p>Estas son algunas de las razones que podr\u00edan explicar el problema:<\/p>\n<p>\u2192 <strong>Mala conexi\u00f3n con la impresora: <\/strong>ya sea a trav\u00e9s de un cable o mediante conexi\u00f3n inal\u00e1mbrica.<br \/>\u2192 <strong>Nivel de tinta bajo o nulo.<\/strong><br \/>\u2192 <strong>Cartuchos tapados.<\/strong><br \/>\u2192 <strong>Problemas relacionados con el papel.<\/strong><br \/>\u2192 <strong>Controlador desactualizado<\/strong> o corrupto.<\/p>\n\n<\/div>\n<\/div>\n<\/div>\n<\/div>\n\n\n<h2 class=\"wp-block-heading\"><strong>\u00bfC\u00f3mo solucionar que la impresora imprime en blanco?<\/strong><\/h2>\n\n\n\n<h3 class=\"wp-block-heading\"><strong>1.<\/strong> <strong>Problemas de conexi\u00f3n<\/strong><\/h3>\n\n\n\n<p>La impresora se tiene que conectar con un dispositivo para que pueda funcionar, con independencia de que lo hagamos con un cable para recibir la informaci\u00f3n desde un ordenador, o v\u00eda WiFi \/ Bluetooth para recibirla desde un tel\u00e9fono m\u00f3vil.<\/p>\n\n\n\n<p>Lo l\u00f3gico ser\u00eda pensar que la impresora no deber\u00eda imprimir nada si no hay conexi\u00f3n, ni tan siquiera hojas en blanco. Sin embargo, puede que s\u00ed que exista conexi\u00f3n, pero esta sea de baja calidad.<\/p>\n\n\n\n<p>Prueba con estos procedimientos para solucionar el problema:<\/p>\n\n\n\n<ul class=\"wp-block-list\"><li><strong>Impresoras con cable: <\/strong>prueba a sustituir el <strong>cable USB<\/strong> o el <strong>cable de red<\/strong>, especialmente si el que est\u00e1s utilizando ya tiene mucho tiempo o si est\u00e1 doblado por alg\u00fan lado.<\/li><li><strong>Impresoras inal\u00e1mbricas: <\/strong>empieza comprobando si la <a href=\"https:\/\/quecartucho.es\/blog\/conoce-las-maneras-conectar-impresora-wifi-exitosamente\/\">impresora est\u00e1 conectada al WiFi <\/a>de la casa y prueba a reiniciar (apagar y encender). Si el problema persiste, intenta reiniciar el router.<\/li><\/ul>\n\n\n\n<h3 class=\"wp-block-heading\"><strong>2.<\/strong> <strong>Niveles de tinta bajos o agotados<\/strong><\/h3>\n\n\n\n<p>La <a href=\"https:\/\/quecartucho.es\/blog\/precio-de-la-tinta\/\">tinta es uno de los l\u00edquidos m\u00e1s caros que hay en el mundo<\/a>. Esto explica por qu\u00e9 intentamos apurarlas hasta el final, hasta el punto de que la impresora podr\u00eda no seguir imprimiendo por ese motivo.<\/p>\n\n\n\n<p><\/p>\n\n\n\n<div class=\"wp-block-columns is-layout-flex wp-container-core-columns-is-layout-9d6595d7 wp-block-columns-is-layout-flex\">\n<div class=\"wp-block-column is-layout-flow wp-block-column-is-layout-flow\">\n<p>Lo m\u00e1s com\u00fan es que aparezca un aviso en el sistema operativo indic\u00e1ndote que la impresora no tiene tinta, y este proceso deber\u00eda bloquear la impresi\u00f3n\u2026 pero no siempre es as\u00ed.<\/p>\n\n\n\n<ul class=\"wp-block-list\"><li>Si ya no te queda tinta, olv\u00eddate de inventos y <strong>compra un nuevo consumible<\/strong>.<\/li><li>En el caso de que los niveles sean muy bajos, tambi\u00e9n deber\u00edas hacer la compra de un nuevo cartucho <em>(en nuestra tienda online <strong>QueCartucho<\/strong> tienes tinta compatible con la mejor calidad precio \ud83d\ude1c)<\/em>. Es posible que se haya agotado un color en concreto y tengas que cambiar el cartucho entero.<\/li><\/ul>\n<\/div>\n\n\n\n<div class=\"wp-block-column is-layout-flow wp-block-column-is-layout-flow\">\n<figure class=\"wp-block-image size-full\"><img loading=\"lazy\" decoding=\"async\" width=\"500\" height=\"469\" src=\"https:\/\/quecartucho.es\/blog\/wp-content\/uploads\/2022\/09\/aviso-poca-tinta.webp\" alt=\"poca tinta\" class=\"wp-image-17140\" title=\"\" srcset=\"https:\/\/quecartucho.es\/blog\/wp-content\/uploads\/2022\/09\/aviso-poca-tinta.webp 500w, https:\/\/quecartucho.es\/blog\/wp-content\/uploads\/2022\/09\/aviso-poca-tinta-300x281.webp 300w, https:\/\/quecartucho.es\/blog\/wp-content\/uploads\/2022\/09\/aviso-poca-tinta-150x141.webp 150w\" sizes=\"auto, (max-width: 500px) 100vw, 500px\" \/><\/figure>\n<\/div>\n<\/div>\n\n\n\n<h3 class=\"wp-block-heading\"><strong>3.<\/strong> <strong>Cartuchos con la tinta taponada<\/strong><\/h3>\n\n\n\n<p>La impresora es un perif\u00e9rico que deber\u00eda utilizarse con frecuencia, ya que la inactividad podr\u00eda llegar a pasarle factura. Uno de los problemas m\u00e1s comunes que se puede producir si la tenemos mucho tiempo sin usarse es que se <strong>seque la tinta<\/strong>.<\/p>\n\n\n\n<p>Lo que ocurre es muy curioso: la impresora y el sistema operativo detectar\u00e1 que existe tinta en el cartucho. Sin embargo, como la tinta est\u00e1 seca imprimir\u00e1 en blanco porque no podr\u00e1 aplicarla cuando llegue el momento.<\/p>\n\n\n\n<p>Puedes intentar solucionar este problema de dos maneras:<\/p>\n\n\n\n<ul class=\"wp-block-list\"><li><strong><a href=\"https:\/\/quecartucho.es\/blog\/que-es-un-cabezal-de-impresion\/como-limpiar-un-cabezal-de-impresion\/\">Limpieza de inyectores<\/a>: <\/strong>pr\u00e1cticamente todas las impresoras actuales cuentan con esta funci\u00f3n. Est\u00e1 m\u00e1s bien pensada para eliminar las manchas de tinta que pueden ir acumul\u00e1ndose durante las impresiones, aunque tambi\u00e9n nos puede funcionar en este caso. Es posible que tengas que hacer varias limpiezas para ver alg\u00fan resultado.<\/li><li><strong>Limpieza manual: <\/strong>si el paso anterior falla, tan solo quedar\u00e1 hacer una limpieza manual. Necesitar\u00e1s un trapo o un bastoncillo de goma que no suelte pelos y un poco de agua. Humedece el bastoncillo o el trapo y fr\u00f3talo con mucho cuidado por el lugar en el que sale la tinta. Si se mancha es buena se\u00f1al, ya que habr\u00e1s desatascado el \u201ctap\u00f3n\u00bb que hab\u00eda.<\/li><\/ul>\n\n\n\n<p>Pero si la tinta lleva mucho tiempo seca no habr\u00e1 nada que puedas hacer. En este caso ser\u00e1 cuesti\u00f3n de <a href=\"https:\/\/quecartucho.es\/\">comprar un nuevo cartucho<\/a>.<\/p>\n\n\n\n<h3 class=\"wp-block-heading\"><strong>4.<\/strong> <strong>Problemas relacionados con el papel<\/strong><\/h3>\n\n\n\n<p>Cada papel tiene asociado una serie de caracter\u00edsticas como el <strong>gramaje<\/strong>, <strong>peso y tama\u00f1o<\/strong>. Es posible que est\u00e9s utilizando un papel cuyas especificaciones no sean reconocidas por la impresora, o bien que no haya sido configurada adecuadamente.<\/p>\n\n\n\n<p>En las <strong>propiedades de la impresora<\/strong> deber\u00edas revisar que la configuraci\u00f3n es correcta. Por ejemplo, puede que est\u00e9s intentando imprimir un documento est\u00e1ndar en un papel fotogr\u00e1fico o viceversa y la impresora saque la hoja en blanco.<\/p>\n\n\n\n<p>Algunas impresoras pueden tener la opci\u00f3n de imprimir hojas en blanco. Deber\u00edas revisar la configuraci\u00f3n por si, accidentalmente, se ha activado dicha funci\u00f3n.<\/p>\n\n\n\n<p>Las propiedades pueden estar m\u00e1s o menos accesibles dependiendo del modelo de la impresora. Tambi\u00e9n es posible acceder a ellas a trav\u00e9s de la pantalla t\u00e1ctil del dispositivo, en el caso de que lo tenga.<\/p>\n\n\n\n<h3 class=\"wp-block-heading\"><strong>5.<\/strong> <strong>Controlador corrupto u obsoleto<\/strong><\/h3>\n\n\n\n<p>Adem\u00e1s de los problemas anteriores, tambi\u00e9n podr\u00eda ocurrir que el <strong>controlador est\u00e9 desactualizado u obsoleto<\/strong>. En este caso, los problemas son muy variopintos, como imprimir hojas en blanco.<\/p>\n\n\n\n<p>1) &nbsp; &nbsp; Accede al <strong>panel de control<\/strong> y luego al <strong>administrador de dispositivos<\/strong>.<\/p>\n\n\n\n<p>2) &nbsp; &nbsp; Busca el modelo de tu impresora y marca en propiedades.<\/p>\n\n\n\n<p>3) &nbsp; &nbsp; Pulsa en <strong>actualizar controlador<\/strong> y espera a que el sistema operativo se encargue de todo.<\/p>\n\n\n\n<p>Puede que el proceso anterior no encuentre un controlador actualizado. Si esto ocurre, la \u00fanica soluci\u00f3n ser\u00e1 entrar a la p\u00e1gina oficial y hacer la comprobaci\u00f3n (y posterior instalaci\u00f3n) de forma manual.<\/p>\n\n\n<div id=\"rank-math-faq\" class=\"rank-math-block\">\n<div class=\"rank-math-list \">\n<div id=\"faq-question-1663226286006\" class=\"rank-math-list-item\">\n<h2 class=\"rank-math-question \"><strong>\u00bfExisten impresoras que evitan las hojas en blanco?<\/strong><\/h2>\n<div class=\"rank-math-answer \">\n\n<p>Como dato de inter\u00e9s, es posible encontrar actualmente en el mercado <strong>impresoras que omiten las p\u00e1ginas en blanco<\/strong>.<\/p>\n<p>Sin embargo, no sirven para evitar el problema que hemos estado describiendo a lo largo del art\u00edculo. Su funci\u00f3n es evitar aquellas hojas en blanco que puedan estar dentro de un documento; simplemente no se contar\u00e1n y no ser\u00e1n procesadas.<\/p>\n<p>Tambi\u00e9n es posible activar esta limitaci\u00f3n a nivel de software, aunque puede que tengamos que descargar un programa de terceros.<\/p>\n\n<\/div>\n<\/div>\n<\/div>\n<\/div>\n\n\n<p>Prueba con estas 5 soluciones y ver\u00e1s c\u00f3mo consigues solucionar el problema de que <strong>tu impresora imprima en blanco<\/strong>.<\/p>\n\n\n\n<figure class=\"wp-block-embed is-type-video is-provider-youtube wp-block-embed-youtube wp-embed-aspect-16-9 wp-has-aspect-ratio\"><div class=\"wp-block-embed__wrapper\">\n<div class=\"nv-iframe-embed\"><iframe loading=\"lazy\" title=\"\u00bfpor que mi impresora imprime en blanco?\" width=\"1200\" height=\"675\" src=\"https:\/\/www.youtube.com\/embed\/FUh2QG_weWc?feature=oembed\" frameborder=\"0\" allow=\"accelerometer; autoplay; clipboard-write; encrypted-media; gyroscope; picture-in-picture\" allowfullscreen><\/iframe><\/div>\n<\/div><\/figure>\n","protected":false},"excerpt":{"rendered":"<p>La impresora imprime en blanco Es posible que en alguna ocasi\u00f3n est\u00e9s intentando imprimir alg\u00fan recurso y la impresora empiece a sacar hojas en blanco. Incluso puede que se mueva el cabezal y nos parezca que est\u00e1 saliendo tinta, pero nos quedaremos con la boca abierta cuando no veamos nada en el folio. \u00bfQu\u00e9 es&hellip;&nbsp;<a href=\"https:\/\/quecartucho.es\/blog\/la-impresora-imprime-en-blanco\/\" rel=\"bookmark\">Leer m\u00e1s &raquo;<span class=\"screen-reader-text\">La impresora imprime en blanco<\/span><\/a><\/p>\n","protected":false},"author":1,"featured_media":17132,"parent":0,"menu_order":0,"comment_status":"closed","ping_status":"closed","template":"","meta":{"neve_meta_sidebar":"full-width","neve_meta_container":"","neve_meta_enable_content_width":"on","neve_meta_content_width":100,"neve_meta_title_alignment":"","neve_meta_author_avatar":"","neve_post_elements_order":"","neve_meta_disable_header":"","neve_meta_disable_footer":"","neve_meta_disable_title":"","episode_type":"","audio_file":"","podmotor_file_id":"","podmotor_episode_id":"","cover_image":"","cover_image_id":"","duration":"","filesize":"","filesize_raw":"","date_recorded":"","explicit":"","block":"","footnotes":""},"class_list":["post-17131","page","type-page","status-publish","has-post-thumbnail","hentry"],"_links":{"self":[{"href":"https:\/\/quecartucho.es\/blog\/wp-json\/wp\/v2\/pages\/17131","targetHints":{"allow":["GET"]}}],"collection":[{"href":"https:\/\/quecartucho.es\/blog\/wp-json\/wp\/v2\/pages"}],"about":[{"href":"https:\/\/quecartucho.es\/blog\/wp-json\/wp\/v2\/types\/page"}],"author":[{"embeddable":true,"href":"https:\/\/quecartucho.es\/blog\/wp-json\/wp\/v2\/users\/1"}],"replies":[{"embeddable":true,"href":"https:\/\/quecartucho.es\/blog\/wp-json\/wp\/v2\/comments?post=17131"}],"version-history":[{"count":5,"href":"https:\/\/quecartucho.es\/blog\/wp-json\/wp\/v2\/pages\/17131\/revisions"}],"predecessor-version":[{"id":17147,"href":"https:\/\/quecartucho.es\/blog\/wp-json\/wp\/v2\/pages\/17131\/revisions\/17147"}],"wp:featuredmedia":[{"embeddable":true,"href":"https:\/\/quecartucho.es\/blog\/wp-json\/wp\/v2\/media\/17132"}],"wp:attachment":[{"href":"https:\/\/quecartucho.es\/blog\/wp-json\/wp\/v2\/media?parent=17131"}],"curies":[{"name":"wp","href":"https:\/\/api.w.org\/{rel}","templated":true}]}}