{"id":17496,"date":"2022-10-20T11:36:30","date_gmt":"2022-10-20T09:36:30","guid":{"rendered":"https:\/\/quecartucho.es\/blog\/?page_id=17496"},"modified":"2022-10-20T11:36:31","modified_gmt":"2022-10-20T09:36:31","slug":"error-51-en-impresoras-brother","status":"publish","type":"page","link":"https:\/\/quecartucho.es\/blog\/error-51-en-impresoras-brother\/","title":{"rendered":"Error 51 en impresoras Brother"},"content":{"rendered":"\n<p>Cuando tenemos alg\u00fan tipo de <a href=\"https:\/\/quecartucho.es\/blog\/cuando-una-impresora-no-imprime-bien\/\">problema con una impresora<\/a>, y nos aparece un <strong>c\u00f3digo de error<\/strong>, lo primero que debemos hacer es consultarlo en el manual para saber qu\u00e9 est\u00e1 ocurriendo. Sin embargo, a veces la informaci\u00f3n que nos aparece es algo ambigua y tendremos que recurrir a otras fuentes para solucionarlo.<\/p>\n\n\n\n<p>Esto nos puede pasar con el <strong>error 51 en impresoras Brother<\/strong>. Como descubrir\u00e1s en cuanto investigues un poco sobre el mismo, no se trata precisamente de uno de los errores m\u00e1s habituales en esta marca de impresoras (de hecho, en algunos listados ni aparecer\u00e1).<\/p>\n\n\n\n<p>Sin m\u00e1s dilaci\u00f3n, vamos a analizar en detalle a lo que se refiere dicho error.<\/p>\n\n\n<div id=\"rank-math-faq\" class=\"rank-math-block\">\n<div class=\"rank-math-list \">\n<div id=\"faq-question-1666258053092\" class=\"rank-math-list-item\">\n<h2 class=\"rank-math-question \"><strong>\u00bfQu\u00e9 es el error 51 en impresoras Brother?<\/strong><\/h2>\n<div class=\"rank-math-answer \">\n<img loading=\"lazy\" decoding=\"async\" width=\"150\" height=\"150\" src=\"https:\/\/quecartucho.es\/blog\/wp-content\/uploads\/2022\/10\/El-error-51-nos-indica-que-hay-un-posible-atasco-de-papel-en-la-impresora-150x150.jpeg\" class=\"alignright\" alt=\"El error 51 nos indica que hay un posible atasco de papel en la impresora\" title=\"\">\n<p>El <strong>error 51<\/strong> nos indica que hay un <strong>posible atasco de papel<\/strong> en la impresora, pero tambi\u00e9n podr\u00eda darse el caso de que se haya producido un <strong>fallo de purga en relaci\u00f3n con el desplazamiento del cabezal<\/strong>.<\/p>\n<p>Lo m\u00e1s com\u00fan es que el c\u00f3digo de error aparezca en el software que usa el sistema operativo, pero tambi\u00e9n podr\u00eda aparecer en la <strong>pantalla LCD<\/strong> de las impresoras m\u00e1s modernas.<\/p>\n\n<\/div>\n<\/div>\n<div id=\"faq-question-1666258072831\" class=\"rank-math-list-item\">\n<h2 class=\"rank-math-question \"><strong>\u00bfC\u00f3mo solucionar el error 51 en impresoras Brother?<\/strong><\/h2>\n<div class=\"rank-math-answer \">\n<img loading=\"lazy\" decoding=\"async\" width=\"150\" height=\"150\" src=\"https:\/\/quecartucho.es\/blog\/wp-content\/uploads\/2022\/10\/\u00bfComo-solucionar-el-error-51-en-impresoras-Brother-150x150.webp\" class=\"alignright\" alt=\"\u00bfC\u00f3mo solucionar el error 51 en impresoras Brother?\" title=\"\">\n<p>Lo primero que debes hacer es una inspecci\u00f3n manual para determinar que realmente no existe ning\u00fan atasco de papel en la impresora. Si lo hay, simplemente soluci\u00f3nalo haciendo que se desplacen los rodillos poco a poco y el problema se habr\u00e1 solucionado.<\/p>\n<p>Tambi\u00e9n podr\u00eda darse el caso de que el atasco lo est\u00e9 produciendo alg\u00fan peque\u00f1o trozo de papel o elemento que no deber\u00eda estar ah\u00ed. En ese caso, no nos queda otra que abrir la tapa de la impresora, incluso hasta desplazar el carro del <a href=\"https:\/\/quecartucho.es\/\">cartucho<\/a>, para ver si encontramos alg\u00fan tipo de elemento extra\u00f1o. Ret\u00edralo y empieza a imprimir.<\/p>\n\n<\/div>\n<\/div>\n<\/div>\n<\/div>\n\n\n<p>Podr\u00eda ocurrir que, aun retirando ese elemento, la impresora sigue sin imprimir y muestre sin cesar el <strong>error 51<\/strong>.<br>Ser\u00e1 entonces cuando tengamos que <strong>reiniciar la impresora<\/strong>, y esto se podr\u00e1 hacer siguiendo estos pasos:<\/p>\n\n\n\n<p>1) &nbsp; &nbsp; Pulsa el bot\u00f3n de <strong>men\u00fa<\/strong>.<\/p>\n\n\n\n<p>2) &nbsp; &nbsp; Utiliza la flecha correspondiente para llegar a la opci\u00f3n de <strong>configuraci\u00f3n inicial<\/strong> y confirma pulsando <strong>ok<\/strong>.<\/p>\n\n\n\n<p>3) &nbsp; &nbsp; Pulsa de nuevo la flecha varias veces hasta llegar a la opci\u00f3n de <strong>reiniciar<\/strong>. Nuevamente, pulsa <strong>OK<\/strong>.<\/p>\n\n\n\n<p>4) &nbsp; &nbsp; Marca el tipo de restablecimiento que deseas realizar y pulsa OK (dependiendo de la impresora, puede que tan s\u00f3lo admita una \u00fanica forma de restablecimiento).<\/p>\n\n\n\n<p>5) &nbsp; &nbsp; El equipo empezar\u00e1 a restaurar los valores de f\u00e1brica.<\/p>\n\n\n\n<p>6) &nbsp; &nbsp; Prueba a imprimir.<\/p>\n\n\n\n<p>Como ya hemos comentado, el problema tambi\u00e9n podr\u00eda deberse a un error con la <strong>purga<\/strong>. Para purgar la impresora, sigue estos pasos:<\/p>\n\n\n\n<p>1) &nbsp; &nbsp; Enciende la impresora.<\/p>\n\n\n\n<p>2) &nbsp; &nbsp; Pulsa en <strong>men\u00fa, bot\u00f3n mono<\/strong> y en la flecha hacia arriba un total de 4 veces.<\/p>\n\n\n\n<p>3) &nbsp; &nbsp; Pulsa en la fecha que apunta hacia arriba y marca el <strong>n\u00famero 80<\/strong>.<\/p>\n\n\n\n<p>4) &nbsp; &nbsp; Busca la opci\u00f3n de <strong>PURGE: XXXX<\/strong>. Introduce los n\u00fameros <strong>2 \u2013 7 \u2013 7 \u2013 3<\/strong> y pulsa OK despu\u00e9s de marcar cada una de ellas.<\/p>\n\n\n\n<p>La impresora deber\u00eda funcionar.<\/p>\n\n\n\n<p>Si esto no sirve, deber\u00edas llevarla al servicio t\u00e9cnico.<\/p>\n","protected":false},"excerpt":{"rendered":"<p>Cuando tenemos alg\u00fan tipo de problema con una impresora, y nos aparece un c\u00f3digo de error, lo primero que debemos hacer es consultarlo en el manual para saber qu\u00e9 est\u00e1 ocurriendo. Sin embargo, a veces la informaci\u00f3n que nos aparece es algo ambigua y tendremos que recurrir a otras fuentes para solucionarlo. Esto nos puede&hellip;&nbsp;<a href=\"https:\/\/quecartucho.es\/blog\/error-51-en-impresoras-brother\/\" rel=\"bookmark\">Leer m\u00e1s &raquo;<span class=\"screen-reader-text\">Error 51 en impresoras Brother<\/span><\/a><\/p>\n","protected":false},"author":1,"featured_media":17498,"parent":0,"menu_order":0,"comment_status":"closed","ping_status":"closed","template":"","meta":{"neve_meta_sidebar":"full-width","neve_meta_container":"","neve_meta_enable_content_width":"on","neve_meta_content_width":100,"neve_meta_title_alignment":"","neve_meta_author_avatar":"","neve_post_elements_order":"","neve_meta_disable_header":"","neve_meta_disable_footer":"","neve_meta_disable_title":"","episode_type":"","audio_file":"","podmotor_file_id":"","podmotor_episode_id":"","cover_image":"","cover_image_id":"","duration":"","filesize":"","filesize_raw":"","date_recorded":"","explicit":"","block":"","footnotes":""},"class_list":["post-17496","page","type-page","status-publish","has-post-thumbnail","hentry"],"_links":{"self":[{"href":"https:\/\/quecartucho.es\/blog\/wp-json\/wp\/v2\/pages\/17496","targetHints":{"allow":["GET"]}}],"collection":[{"href":"https:\/\/quecartucho.es\/blog\/wp-json\/wp\/v2\/pages"}],"about":[{"href":"https:\/\/quecartucho.es\/blog\/wp-json\/wp\/v2\/types\/page"}],"author":[{"embeddable":true,"href":"https:\/\/quecartucho.es\/blog\/wp-json\/wp\/v2\/users\/1"}],"replies":[{"embeddable":true,"href":"https:\/\/quecartucho.es\/blog\/wp-json\/wp\/v2\/comments?post=17496"}],"version-history":[{"count":1,"href":"https:\/\/quecartucho.es\/blog\/wp-json\/wp\/v2\/pages\/17496\/revisions"}],"predecessor-version":[{"id":17501,"href":"https:\/\/quecartucho.es\/blog\/wp-json\/wp\/v2\/pages\/17496\/revisions\/17501"}],"wp:featuredmedia":[{"embeddable":true,"href":"https:\/\/quecartucho.es\/blog\/wp-json\/wp\/v2\/media\/17498"}],"wp:attachment":[{"href":"https:\/\/quecartucho.es\/blog\/wp-json\/wp\/v2\/media?parent=17496"}],"curies":[{"name":"wp","href":"https:\/\/api.w.org\/{rel}","templated":true}]}}