{"id":17610,"date":"2022-11-02T17:03:45","date_gmt":"2022-11-02T15:03:45","guid":{"rendered":"https:\/\/quecartucho.es\/blog\/?page_id=17610"},"modified":"2023-03-08T12:20:08","modified_gmt":"2023-03-08T10:20:08","slug":"como-solucionar-un-atasco-de-papel-en-la-impresora","status":"publish","type":"page","link":"https:\/\/quecartucho.es\/blog\/como-solucionar-un-atasco-de-papel-en-la-impresora\/","title":{"rendered":"\u00bfC\u00f3mo solucionar un atasco de papel en la impresora?"},"content":{"rendered":"\n<p>Atasco de papel en la impresora\u2026<\/p>\n\n\n\n<p>\u00a1Qu\u00e9 ilusi\u00f3n hace! \u00bfVerdad que s\u00ed?<\/p>\n\n\n\n<p>Es de las cosas m\u00e1s bonitas que te pueden pasar en casa o en la ofi. Y no importa que tengas una impresora Epson, Canon, HP, OKI\u2026 todas se atascan.<\/p>\n\n\n\n<div class=\"wp-block-columns is-layout-flex wp-container-core-columns-is-layout-9d6595d7 wp-block-columns-is-layout-flex\">\n<div class=\"wp-block-column is-layout-flow wp-block-column-is-layout-flow\">\n<p><\/p>\n\n\n\n<p>\u00bfY lo oportunos que son los atascos? Porque claro, no te pasan un domingo por la ma\u00f1ana al tratar de imprimir un mandala para colorear. No&#8230;<\/p>\n\n\n\n<p>La posibilidad de atasco de papel es directamente proporcional a dos factores: la prisa que tengas por imprimir y la importancia del documento en cuesti\u00f3n.&nbsp;<\/p>\n\n\n\n<p>As\u00ed que, para que ese momento \u201cpor favor esto no me puede estar pasando ahora\u201d no te amargue la existencia, desde Quecartucho te vamos a dar el <strong>paso a paso para quitar un atasco de la impresora<\/strong>, adem\u00e1s de algunos tips extra super\u00fatiles.<\/p>\n\n\n\n<p>\u00a1Al l\u00edo!<\/p>\n<\/div>\n\n\n\n<div class=\"wp-block-column is-layout-flow wp-block-column-is-layout-flow\">\n<figure class=\"wp-block-image size-large\"><img loading=\"lazy\" decoding=\"async\" width=\"1024\" height=\"683\" src=\"https:\/\/quecartucho.es\/blog\/wp-content\/uploads\/2022\/11\/atasco-de-papel-en-la-impresora-1024x683.jpg\" alt=\"atasco de papel en la impresora\" class=\"wp-image-17612\" title=\"\" srcset=\"https:\/\/quecartucho.es\/blog\/wp-content\/uploads\/2022\/11\/atasco-de-papel-en-la-impresora-1024x683.jpg 1024w, https:\/\/quecartucho.es\/blog\/wp-content\/uploads\/2022\/11\/atasco-de-papel-en-la-impresora-300x200.jpg 300w, https:\/\/quecartucho.es\/blog\/wp-content\/uploads\/2022\/11\/atasco-de-papel-en-la-impresora-768x512.jpg 768w, https:\/\/quecartucho.es\/blog\/wp-content\/uploads\/2022\/11\/atasco-de-papel-en-la-impresora-930x620.jpg 930w, https:\/\/quecartucho.es\/blog\/wp-content\/uploads\/2022\/11\/atasco-de-papel-en-la-impresora-150x100.jpg 150w, https:\/\/quecartucho.es\/blog\/wp-content\/uploads\/2022\/11\/atasco-de-papel-en-la-impresora.jpg 1470w\" sizes=\"auto, (max-width: 1024px) 100vw, 1024px\" \/><\/figure>\n<\/div>\n<\/div>\n\n\n\n<h2 class=\"wp-block-heading\">Paso a paso para quitar un atasco de la impresora<\/h2>\n\n\n\n<p>Si no sabes qu\u00e9 hacer cuando <strong><a href=\"https:\/\/quecartucho.es\/blog\/cuando-una-impresora-no-imprime-bien\/\">la impresora no imprime<\/a> por atasco de papel<\/strong>, no la tires por la ventana (aunque te sobren las ganas, que lo entendemos).<\/p>\n\n\n\n<p>Toma nota de este paso a paso:<\/p>\n\n\n\n<ol class=\"wp-block-list\">\n<li>Cancela la impresi\u00f3n en curso.&nbsp;<\/li>\n\n\n\n<li>Quita las hojas que haya en la bandeja de alimentaci\u00f3n.<\/li>\n\n\n\n<li>Mira si en la zona de alimentaci\u00f3n del papel no ha ca\u00eddo alg\u00fan peque\u00f1o objeto, como un clip o una grapa.&nbsp;<\/li>\n\n\n\n<li>Si es as\u00ed, desenchufa la impresora y, con mucho cuidado, volt\u00e9ala para que dicho objeto caiga. Obviamente esto solo podr\u00e1s hacerlo si tienes una impresora peque\u00f1a. Si no, puedes intentar sacar el objeto con las manos (siempre que est\u00e9 a tu alcance, no queremos accidentes) o alguna herramienta que no sea afilada, para no romper el rodillo.&nbsp;<\/li>\n\n\n\n<li>Si no ves ning\u00fan objeto, f\u00edjate en la pantalla de tu ordenador y\/o en el panel de la propia impresora: te indicar\u00e1 en qu\u00e9 zona est\u00e1 el atasco.<\/li>\n\n\n\n<li>Seg\u00fan qu\u00e9 marca y modelo de impresora tengas, quiz\u00e1s debas retirar una bandeja de papel, el tambor o el <a href=\"https:\/\/quecartucho.es\/16393-toners\"><strong>t\u00f3ner<\/strong><\/a>. Lo sabr\u00e1s porque se te indicar\u00e1 en la pantalla del ordenador o en el panel.&nbsp;<\/li>\n\n\n\n<li>Una vez has localizado el dichoso papelito atascado, est\u00edralo primero si est\u00e1 arrugado. Luego tira de \u00e9l con mucha suavidad, lentitud y siempre usando las dos manos.&nbsp;<\/li>\n\n\n\n<li>Vuelve a colocar la bandeja, t\u00f3ner, tambor\u2026 que hayas retirado y cierra las portezuelas.&nbsp;<\/li>\n\n\n\n<li>Con esto deber\u00eda ser suficiente.&nbsp;<\/li>\n<\/ol>\n\n\n\n<div class=\"wp-block-columns is-layout-flex wp-container-core-columns-is-layout-9d6595d7 wp-block-columns-is-layout-flex\">\n<div class=\"wp-block-column is-layout-flow wp-block-column-is-layout-flow\">\n<p>Si sacas el papel y este no est\u00e1 entero, quiere decir que ha quedado un trozo en el interior de la impresora. Si lo ves y lo puedes retirar t\u00fa mismo, estupendo. Para ello es posible que debas hacer girar el rodillo de impresi\u00f3n. Antes de hacerlo, siempre desenchufa primero la impresora. No queremos llevarnos sustos\u2026<\/p>\n\n\n\n<p>En caso de que no puedas sacar el trocito de papel, te recomendamos que <strong>contactes con el servicio t\u00e9cnico<\/strong>. No hagas inventos extra\u00f1os que, no solo podr\u00edan romper tu impresora, sino que dan al traste con la garant\u00eda.<\/p>\n<\/div>\n\n\n\n<div class=\"wp-block-column is-layout-flow wp-block-column-is-layout-flow\">\n<figure class=\"wp-block-image size-large\"><img loading=\"lazy\" decoding=\"async\" width=\"1024\" height=\"683\" src=\"https:\/\/quecartucho.es\/blog\/wp-content\/uploads\/2022\/11\/Paso-a-paso-para-quitar-un-atasco-de-la-impresora-1024x683.jpg\" alt=\"Paso a paso para quitar un atasco de la impresora\" class=\"wp-image-17613\" title=\"\" srcset=\"https:\/\/quecartucho.es\/blog\/wp-content\/uploads\/2022\/11\/Paso-a-paso-para-quitar-un-atasco-de-la-impresora-1024x683.jpg 1024w, https:\/\/quecartucho.es\/blog\/wp-content\/uploads\/2022\/11\/Paso-a-paso-para-quitar-un-atasco-de-la-impresora-300x200.jpg 300w, https:\/\/quecartucho.es\/blog\/wp-content\/uploads\/2022\/11\/Paso-a-paso-para-quitar-un-atasco-de-la-impresora-768x512.jpg 768w, https:\/\/quecartucho.es\/blog\/wp-content\/uploads\/2022\/11\/Paso-a-paso-para-quitar-un-atasco-de-la-impresora-930x620.jpg 930w, https:\/\/quecartucho.es\/blog\/wp-content\/uploads\/2022\/11\/Paso-a-paso-para-quitar-un-atasco-de-la-impresora-150x100.jpg 150w, https:\/\/quecartucho.es\/blog\/wp-content\/uploads\/2022\/11\/Paso-a-paso-para-quitar-un-atasco-de-la-impresora.jpg 1500w\" sizes=\"auto, (max-width: 1024px) 100vw, 1024px\" \/><\/figure>\n<\/div>\n<\/div>\n\n\n\n<p>Si la hoja no se atasca y termina saliendo arrugada te recomendamos que leas nuestro otro articulo \u00ab<a href=\"https:\/\/quecartucho.es\/blog\/la-impresora-arruga-el-papel\/\">\u00bfPor que las impresiones salen con arrugas?<\/a> \u00ab<a href=\"http:\/\/www.quecartucho.es\"><br><\/a><\/p>\n\n\n\n<h2 class=\"wp-block-heading\">Mi impresora dice atasco de papel pero no hay nada<\/h2>\n\n\n\n<p>\u00bfA que alguna vez te ha pasado? <strong>La impresora dice que hay atasco de papel, pero no lo hay<\/strong>. Y ella erre que erre, y t\u00fa acord\u00e1ndote del fabricante y su familia.&nbsp;<\/p>\n\n\n\n<p>Vamos a darte unas cuantas soluciones para cuando esto pasa.<\/p>\n\n\n\n<p><strong>Soluci\u00f3n #1. <\/strong>Apagar la impresora, esperar dos minutos y volverla a encender. Muchas veces es todo lo que necesitas para que vuelva a funcionar.&nbsp;<\/p>\n\n\n\n<p><strong>Soluci\u00f3n #2. <\/strong>Si tu impresora es de inyecci\u00f3n, puede que el problema venga de los carros de impresi\u00f3n. Para solucionarlo:&nbsp;<\/p>\n\n\n\n<ul class=\"wp-block-list\">\n<li>Desenchufa la impresora.&nbsp;<\/li>\n\n\n\n<li>Abre la puerta que da acceso a los <strong><a href=\"https:\/\/quecartucho.es\/\">cartuchos<\/a><\/strong>, en la parte superior delantera.<\/li>\n\n\n\n<li>Alcanza con tus manos el carro que transporta los cartuchos.<\/li>\n\n\n\n<li>Verifica si alg\u00fan objeto impide su paso y ret\u00edralo.&nbsp;<\/li>\n\n\n\n<li>Cierra la puerta, enchufa la impresora e intenta imprimir.&nbsp;<\/li>\n\n\n\n<li>Si no funciona, apaga y enciende la impresora.&nbsp;<\/li>\n<\/ul>\n\n\n\n<p>A veces, puede haber quedado un trocito de papel entre los rodillos de impresi\u00f3n. Como te hemos dicho antes, si no puedes sacarlo, es mejor que contactes con el servicio t\u00e9cnico. Contacta con ellos tambi\u00e9n en caso de que estas soluciones no funcionen.&nbsp;<\/p>\n\n\n<div class=\"wp-block-image\">\n<figure class=\"aligncenter size-full\"><img loading=\"lazy\" decoding=\"async\" width=\"800\" height=\"534\" src=\"https:\/\/quecartucho.es\/blog\/wp-content\/uploads\/2022\/11\/Mi-impresora-dice-atasco-de-papel-pero-no-hay-nada.jpg\" alt=\"Mi impresora dice atasco de papel pero no hay nada\" class=\"wp-image-17614\" title=\"\" srcset=\"https:\/\/quecartucho.es\/blog\/wp-content\/uploads\/2022\/11\/Mi-impresora-dice-atasco-de-papel-pero-no-hay-nada.jpg 800w, https:\/\/quecartucho.es\/blog\/wp-content\/uploads\/2022\/11\/Mi-impresora-dice-atasco-de-papel-pero-no-hay-nada-300x200.jpg 300w, https:\/\/quecartucho.es\/blog\/wp-content\/uploads\/2022\/11\/Mi-impresora-dice-atasco-de-papel-pero-no-hay-nada-768x513.jpg 768w, https:\/\/quecartucho.es\/blog\/wp-content\/uploads\/2022\/11\/Mi-impresora-dice-atasco-de-papel-pero-no-hay-nada-150x100.jpg 150w\" sizes=\"auto, (max-width: 800px) 100vw, 800px\" \/><\/figure>\n<\/div>\n\n\n<h2 class=\"wp-block-heading\">\u00a1No lo hagas! Qu\u00e9 no hacer nunca si se atasca el papel en tu impresora<\/h2>\n\n\n\n<p>Hasta ahora te hemos explicado <strong>qu\u00e9 hacer si hay un atasco en la impresora<\/strong>. Pues ahora vamos a explicarte lo que jam\u00e1s de los jamases tienes que hacer, a no ser que te quieras cargar la impresora.<\/p>\n\n\n\n<ol class=\"wp-block-list\">\n<li><strong>Nunca tires del papel atascado con una sola mano<\/strong>, ni con brusquedad. Lo \u00fanico que lograr\u00e1s es que alg\u00fan trocito se quede entre los rodillos y la soluci\u00f3n se convierta en un problema a\u00fan m\u00e1s grande.<\/li>\n\n\n\n<li>Si tu impresora tiene caj\u00f3n de alimentaci\u00f3n de papel, ten infinito cuidado al abrirlo, para evitar que se rompa el papel atascado.&nbsp;<\/li>\n\n\n\n<li><strong>No desmontes la impresora<\/strong>, por mucho tutorial de YouTube que veas. Lo m\u00e1s probable es que no arregles el atasco y que la garant\u00eda se esfume.<\/li>\n\n\n\n<li>Y por supuesto, golpear la impresora no sirve de nada. (Tirarla por la ventana tampoco \ud83e\udd2f).<\/li>\n<\/ol>\n\n\n<div class=\"wp-block-image\">\n<figure class=\"aligncenter size-large\"><img loading=\"lazy\" decoding=\"async\" width=\"1024\" height=\"405\" src=\"https:\/\/quecartucho.es\/blog\/wp-content\/uploads\/2022\/11\/Que-no-hacer-nunca-si-se-atasca-el-papel-en-tu-impresora-1024x405.png\" alt=\"Qu\u00e9 no hacer nunca si se atasca el papel en tu impresora\" class=\"wp-image-17616\" title=\"\" srcset=\"https:\/\/quecartucho.es\/blog\/wp-content\/uploads\/2022\/11\/Que-no-hacer-nunca-si-se-atasca-el-papel-en-tu-impresora-1024x405.png 1024w, https:\/\/quecartucho.es\/blog\/wp-content\/uploads\/2022\/11\/Que-no-hacer-nunca-si-se-atasca-el-papel-en-tu-impresora-300x119.png 300w, https:\/\/quecartucho.es\/blog\/wp-content\/uploads\/2022\/11\/Que-no-hacer-nunca-si-se-atasca-el-papel-en-tu-impresora-768x304.png 768w, https:\/\/quecartucho.es\/blog\/wp-content\/uploads\/2022\/11\/Que-no-hacer-nunca-si-se-atasca-el-papel-en-tu-impresora-1536x608.png 1536w, https:\/\/quecartucho.es\/blog\/wp-content\/uploads\/2022\/11\/Que-no-hacer-nunca-si-se-atasca-el-papel-en-tu-impresora-150x59.png 150w, https:\/\/quecartucho.es\/blog\/wp-content\/uploads\/2022\/11\/Que-no-hacer-nunca-si-se-atasca-el-papel-en-tu-impresora.png 1789w\" sizes=\"auto, (max-width: 1024px) 100vw, 1024px\" \/><\/figure>\n<\/div>\n\n\n<h2 class=\"wp-block-heading\">\u00bfC\u00f3mo evitar atascos en la impresora? Tips<\/h2>\n\n\n\n<p>Y como dicen aquello de \u201cla mejor cura es la prevenci\u00f3n\u201d, te damos estos <strong>consejos para evitar atascos en la impresora<\/strong>:<\/p>\n\n\n\n<ol class=\"wp-block-list\">\n<li>Usa un <strong>papel de buena calidad<\/strong>. No hace falta que sea el m\u00e1s caro, pero comprar un papel de muy poco gramaje favorece los atascos, ya que se arruga m\u00e1s f\u00e1cilmente y adem\u00e1s, produce m\u00e1s polvo, que se va acumulando en el interior de la impresora.&nbsp;<\/li>\n\n\n\n<li>Aseg\u00farate de que el <strong>papel no est\u00e9 h\u00famedo<\/strong>. Para ello, gu\u00e1rdalo en un lugar con ambiente seco y procura que no pase demasiados d\u00edas metido en la impresora.<\/li>\n\n\n\n<li>Si vas a usar cartulina o papel de un tama\u00f1o especial, ind\u00edcalo en los ajustes de impresi\u00f3n para que tu impresora sepa \u201cqu\u00e9 hacer\u201d (que s\u00ed, que es m\u00e1s lista de lo que piensas).<\/li>\n\n\n\n<li>Coloca bien el papel, cuadr\u00e1ndolo y ajust\u00e1ndolo con las gu\u00edas regulables de la bandeja o caj\u00f3n de alimentaci\u00f3n.&nbsp;<\/li>\n\n\n\n<li>No mezcles distintos tipos de papel.<\/li>\n\n\n\n<li>No llenes demasiado la bandeja o caj\u00f3n alimentador.<\/li>\n\n\n\n<li>Y por supuesto, reciclar es genial pero antes de hacerlo, mira bien que el papel no est\u00e9 arrugado, roto y que no tenga alguna grapa traicionera enganchada.&nbsp;<\/li>\n<\/ol>\n\n\n\n<p><br>Con estos consejos ya puedes decir que sabes todo lo que hay que saber sobre <strong>c\u00f3mo solucionar un atasco de impresora<\/strong>, c\u00f3mo evitarlo y lo que nunca, <strong>\ud83d\ude45\u200d\u2642\ufe0f <em>never ever<\/em><\/strong>, debes hacer.&nbsp;<\/p>\n\n\n\n<p>Peeeeero, te falta una cosita por saber (si no la sabes ya). Y es que en Quecartucho no solo tenemos <a href=\"https:\/\/quecartucho.es\/16394-cartuchos-de-tinta\">cartuchos de tinta<\/a>, t\u00f3ner, tambores y otros consumibles para impresoras 100% compatibles, sino que <strong>tambi\u00e9n tenemos <a href=\"https:\/\/quecartucho.es\/1503-papel-economico-din-a4-80-gramos-paquete-500-folios.html\">papel de calidad<\/a><\/strong> para todas tus necesidades de impresi\u00f3n: el d\u00eda a d\u00eda, esas fotos tan chulas, los informes que tu jefe quiere siempre para ayer\u2026<\/p>\n\n\n\n<p><a href=\"http:\/\/www.quecartucho.es\">\u00a1Date una vuelta por nuestra web!<br><\/a><\/p>\n","protected":false},"excerpt":{"rendered":"<p>Atasco de papel en la impresora\u2026 \u00a1Qu\u00e9 ilusi\u00f3n hace! \u00bfVerdad que s\u00ed? Es de las cosas m\u00e1s bonitas que te pueden pasar en casa o en la ofi. Y no importa que tengas una impresora Epson, Canon, HP, OKI\u2026 todas se atascan. \u00bfY lo oportunos que son los atascos? Porque claro, no te pasan un&hellip;&nbsp;<a href=\"https:\/\/quecartucho.es\/blog\/como-solucionar-un-atasco-de-papel-en-la-impresora\/\" rel=\"bookmark\">Leer m\u00e1s &raquo;<span class=\"screen-reader-text\">\u00bfC\u00f3mo solucionar un atasco de papel en la impresora?<\/span><\/a><\/p>\n","protected":false},"author":1,"featured_media":17611,"parent":0,"menu_order":0,"comment_status":"closed","ping_status":"closed","template":"","meta":{"neve_meta_sidebar":"full-width","neve_meta_container":"","neve_meta_enable_content_width":"on","neve_meta_content_width":100,"neve_meta_title_alignment":"","neve_meta_author_avatar":"","neve_post_elements_order":"","neve_meta_disable_header":"","neve_meta_disable_footer":"","neve_meta_disable_title":"","episode_type":"","audio_file":"","podmotor_file_id":"","podmotor_episode_id":"","cover_image":"","cover_image_id":"","duration":"","filesize":"","filesize_raw":"","date_recorded":"","explicit":"","block":"","footnotes":""},"class_list":["post-17610","page","type-page","status-publish","has-post-thumbnail","hentry"],"_links":{"self":[{"href":"https:\/\/quecartucho.es\/blog\/wp-json\/wp\/v2\/pages\/17610","targetHints":{"allow":["GET"]}}],"collection":[{"href":"https:\/\/quecartucho.es\/blog\/wp-json\/wp\/v2\/pages"}],"about":[{"href":"https:\/\/quecartucho.es\/blog\/wp-json\/wp\/v2\/types\/page"}],"author":[{"embeddable":true,"href":"https:\/\/quecartucho.es\/blog\/wp-json\/wp\/v2\/users\/1"}],"replies":[{"embeddable":true,"href":"https:\/\/quecartucho.es\/blog\/wp-json\/wp\/v2\/comments?post=17610"}],"version-history":[{"count":7,"href":"https:\/\/quecartucho.es\/blog\/wp-json\/wp\/v2\/pages\/17610\/revisions"}],"predecessor-version":[{"id":18742,"href":"https:\/\/quecartucho.es\/blog\/wp-json\/wp\/v2\/pages\/17610\/revisions\/18742"}],"wp:featuredmedia":[{"embeddable":true,"href":"https:\/\/quecartucho.es\/blog\/wp-json\/wp\/v2\/media\/17611"}],"wp:attachment":[{"href":"https:\/\/quecartucho.es\/blog\/wp-json\/wp\/v2\/media?parent=17610"}],"curies":[{"name":"wp","href":"https:\/\/api.w.org\/{rel}","templated":true}]}}