{"id":18218,"date":"2022-12-23T11:02:41","date_gmt":"2022-12-23T09:02:41","guid":{"rendered":"https:\/\/quecartucho.es\/blog\/?page_id=18218"},"modified":"2022-12-23T11:41:12","modified_gmt":"2022-12-23T09:41:12","slug":"la-impresora-imprime-amarillo","status":"publish","type":"page","link":"https:\/\/quecartucho.es\/blog\/la-impresora-imprime-rosa-o-verde-azul-amarillo-rojo\/la-impresora-imprime-amarillo\/","title":{"rendered":"La impresora imprime Amarillo"},"content":{"rendered":"\n<p>\u00bfTu impresora solo <strong>imprime amarillo<\/strong>? De la misma manera que ocurre con otros colores, este problema es bastante importante. Aqu\u00ed vamos a encontrarle una soluci\u00f3n.<\/p>\n\n\n<div id=\"rank-math-faq\" class=\"rank-math-block\">\n<div class=\"rank-math-list \">\n<div id=\"faq-question-1671785907444\" class=\"rank-math-list-item\">\n<h2 class=\"rank-math-question \"><strong>\u00bfPor qu\u00e9 mi impresora solo imprime amarillo?<\/strong><\/h2>\n<div class=\"rank-math-answer \">\n\n<p>Dependiendo del modelo de impresora, la cantidad de cartuchos puede variar.<\/p>\n<p>\u27a4 Podr\u00eda darse el caso de que tan solo tengamos 2 cartuchos: uno de ellos corresponder\u00eda con el color negro y los otros tendr\u00edan los 3 colores base. A trav\u00e9s de la combinaci\u00f3n de los mismos es como conseguir\u00eda imprimir los colores.<\/p>\n<p>\u27a4 Pero tambi\u00e9n es posible encontrar impresoras con 4 cartuchos: negro, cian, magenta y amarillo.<\/p>\n<p>A diferencia de lo que se pueda pensar, lo m\u00e1s com\u00fan es que el problema no se encuentre en el <a href=\"https:\/\/quecartucho.es\/\"><strong>cartucho<\/strong><\/a> amarillo, sino en los dem\u00e1s. Puede que se haya agotado alg\u00fan color y la impresora lo sustituya con ese color. Es decir, que se ha <strong>agotado alg\u00fan color<\/strong>.<\/p>\n<p>Pero tambi\u00e9n podr\u00eda ocurrir que se haya <strong><a href=\"https:\/\/quecartucho.es\/blog\/que-es-un-cabezal-de-impresion\/como-limpiar-un-cabezal-de-impresion\/\">obstruido el cabezal<\/a><\/strong>: esto lo podremos identificar revisando la configuraci\u00f3n de la impresora y comprobando que los niveles son aceptables.<\/p>\n<p>Una tercera explicaci\u00f3n del problema podr\u00eda ser que la impresora tan solo se ha configurado para imprimir en un determinado color.<\/p>\n\n<\/div>\n<\/div>\n<\/div>\n<\/div>\n\n\n<h2 class=\"wp-block-heading\"><strong>C\u00f3mo soluciono el problema si la impresora solo imprime amarillo.<\/strong><\/h2>\n\n\n\n<p><strong>1)<\/strong> <strong>Comprueba los niveles de tinta: <\/strong>esta comprobaci\u00f3n deber\u00eda llevarla la impresora de forma autom\u00e1tica antes de hacer cualquier impresi\u00f3n. Pero si no es as\u00ed, con tan solo abrir el software de la impresora (en PC, m\u00f3vil o desde la pantalla de la impresora), deber\u00eda ser m\u00e1s que suficiente. Si el nivel de alg\u00fan color es demasiado bajo, no dudes en comprar un cartucho nuevo y cambiarlo cuanto antes.<\/p>\n\n\n\n<p><strong>2)<\/strong> <strong>Haz una limpieza de cabezales autom\u00e1tica: <\/strong>la funci\u00f3n de <strong>limpieza de cabezales<\/strong> est\u00e1 dentro de la <strong>configuraci\u00f3n de la impresora<\/strong>, dentro de <strong>Panel de Control -&gt; Dispositivos e impresoras<\/strong>. No tiene ning\u00fan misterio: simplemente tendremos que pulsar en el bot\u00f3n y dejar que el proceso acabe sin hacer ninguna acci\u00f3n en la impresora, y mucho menos apagarla (si lo hacemos, se podr\u00eda llegar a estropear).<\/p>\n\n\n\n<p><strong>3)<\/strong> <strong>Haz una limpieza de cabezales manual: <\/strong>en el caso de que se trate de un atasco pronunciado, la opci\u00f3n autom\u00e1tica no funcionar\u00e1 y tan solo podremos hacer una <strong>limpieza de cabezales manual<\/strong>. Esto requiere de extraer el cabezal y de pasarla un pa\u00f1uelo humedecido en alcohol isoprop\u00edlico hasta que empiece a manchar. Aseg\u00farate de introducir el cabezal correctamente, una vez desatascado.<\/p>\n\n\n\n<p><strong>4)<\/strong> <strong>Revisa la configuraci\u00f3n de la impresora: <\/strong>podr\u00eda ser que, despu\u00e9s de haber seguido el proceso anterior, no hayamos solucionado el problema. Entonces tendremos que recurrir a la <strong>configuraci\u00f3n de color de la impresora<\/strong> para determinar qu\u00e9 es lo que est\u00e1 fallando. Puede que la hayamos configurado para imprimir tan solo en un color, o que hayamos desactivado los anteriores sin querer. Otra posible explicaci\u00f3n es que se haya producido un malfuncionamiento de este perif\u00e9rico que est\u00e9 produciendo que <strong>imprima en amarillo<\/strong>.<\/p>\n\n\n\n<p>Si sigues estos pasos en detalle no tardar\u00e1s en encontrar la causa y la soluci\u00f3n de tu problema de impresi\u00f3n.<\/p>\n","protected":false},"excerpt":{"rendered":"<p>\u00bfTu impresora solo imprime amarillo? De la misma manera que ocurre con otros colores, este problema es bastante importante. Aqu\u00ed vamos a encontrarle una soluci\u00f3n. C\u00f3mo soluciono el problema si la impresora solo imprime amarillo. 1) Comprueba los niveles de tinta: esta comprobaci\u00f3n deber\u00eda llevarla la impresora de forma autom\u00e1tica antes de hacer cualquier impresi\u00f3n.&hellip;&nbsp;<a href=\"https:\/\/quecartucho.es\/blog\/la-impresora-imprime-rosa-o-verde-azul-amarillo-rojo\/la-impresora-imprime-amarillo\/\" rel=\"bookmark\">Leer m\u00e1s &raquo;<span class=\"screen-reader-text\">La impresora imprime Amarillo<\/span><\/a><\/p>\n","protected":false},"author":1,"featured_media":18239,"parent":16165,"menu_order":0,"comment_status":"closed","ping_status":"closed","template":"","meta":{"neve_meta_sidebar":"full-width","neve_meta_container":"","neve_meta_enable_content_width":"on","neve_meta_content_width":100,"neve_meta_title_alignment":"","neve_meta_author_avatar":"","neve_post_elements_order":"","neve_meta_disable_header":"","neve_meta_disable_footer":"","neve_meta_disable_title":"","episode_type":"","audio_file":"","podmotor_file_id":"","podmotor_episode_id":"","cover_image":"","cover_image_id":"","duration":"","filesize":"","filesize_raw":"","date_recorded":"","explicit":"","block":"","footnotes":""},"class_list":["post-18218","page","type-page","status-publish","has-post-thumbnail","hentry"],"_links":{"self":[{"href":"https:\/\/quecartucho.es\/blog\/wp-json\/wp\/v2\/pages\/18218","targetHints":{"allow":["GET"]}}],"collection":[{"href":"https:\/\/quecartucho.es\/blog\/wp-json\/wp\/v2\/pages"}],"about":[{"href":"https:\/\/quecartucho.es\/blog\/wp-json\/wp\/v2\/types\/page"}],"author":[{"embeddable":true,"href":"https:\/\/quecartucho.es\/blog\/wp-json\/wp\/v2\/users\/1"}],"replies":[{"embeddable":true,"href":"https:\/\/quecartucho.es\/blog\/wp-json\/wp\/v2\/comments?post=18218"}],"version-history":[{"count":2,"href":"https:\/\/quecartucho.es\/blog\/wp-json\/wp\/v2\/pages\/18218\/revisions"}],"predecessor-version":[{"id":18222,"href":"https:\/\/quecartucho.es\/blog\/wp-json\/wp\/v2\/pages\/18218\/revisions\/18222"}],"up":[{"embeddable":true,"href":"https:\/\/quecartucho.es\/blog\/wp-json\/wp\/v2\/pages\/16165"}],"wp:featuredmedia":[{"embeddable":true,"href":"https:\/\/quecartucho.es\/blog\/wp-json\/wp\/v2\/media\/18239"}],"wp:attachment":[{"href":"https:\/\/quecartucho.es\/blog\/wp-json\/wp\/v2\/media?parent=18218"}],"curies":[{"name":"wp","href":"https:\/\/api.w.org\/{rel}","templated":true}]}}