{"id":18877,"date":"2023-03-21T19:02:49","date_gmt":"2023-03-21T17:02:49","guid":{"rendered":"https:\/\/quecartucho.es\/blog\/?page_id=18877"},"modified":"2023-03-21T19:03:19","modified_gmt":"2023-03-21T17:03:19","slug":"como-cancelar-epson-readyprint-y-empezar-a-ahorrar-dinero","status":"publish","type":"page","link":"https:\/\/quecartucho.es\/blog\/como-cancelar-epson-readyprint-y-empezar-a-ahorrar-dinero\/","title":{"rendered":"C\u00f3mo cancelar Epson ReadyPrint y empezar a ahorrar dinero"},"content":{"rendered":"\n<p><strong>Epson ReadyPrint<\/strong> es un servicio lanzado por la marca Epson para proveer de <strong><a href=\"https:\/\/quecartucho.es\/\">tinta<\/a><\/strong> a los propietarios de sus impresoras de forma mensual. Son muchos los usuarios que se han dado de alta, pensando que realmente les ayudar\u00eda a ahorrar\u2026 pero no siempre es as\u00ed.<\/p>\n\n\n\n<p>A lo largo de este art\u00edculo vamos a analizar cu\u00e1l es el proceso para dar de baja el servicio de Epson ReadyPrint, as\u00ed como las principales ventajas de tomar esta decisi\u00f3n. Sigue leyendo para encontrar toda la informaci\u00f3n.<\/p>\n\n\n<div id=\"rank-math-faq\" class=\"rank-math-block\">\n<div class=\"rank-math-list \">\n<div id=\"faq-question-1679395944916\" class=\"rank-math-list-item\">\n<h2 class=\"rank-math-question \"><strong>\u00bfC\u00f3mo me doy de baja en el servicio de Epson ReadyPrint?<\/strong><\/h2>\n<div class=\"rank-math-answer \">\n<img loading=\"lazy\" decoding=\"async\" width=\"150\" height=\"150\" src=\"https:\/\/quecartucho.es\/blog\/wp-content\/uploads\/2023\/03\/\u00bfComo-me-doy-de-baja-en-el-servicio-de-Epson-ReadyPrint-150x150.jpg\" class=\"alignright\" alt=\"\u00bfC\u00f3mo me doy de baja en el servicio de Epson ReadyPrint?\" title=\"\">\n<p>A diferencia de otros servicios de suscripci\u00f3n similares de la competencia, debes saber que tendr\u00e1s que <strong><mark class=\"has-inline-color has-neve-link-hover-color-color\">devolver la impresora<\/mark><\/strong> en el caso de que quieras dar de baja el servicio (no tendr\u00eda sentido qued\u00e1rsela, ya que dejar\u00eda de estar operativa).<\/p>\n<p>El proceso para devolver la impresora no es demasiado intuitivo, y es que debes ponerte en contacto con <strong>atenci\u00f3n al cliente<\/strong> (v\u00eda telef\u00f3nica), dar tus datos personales y solicitar que te den la baja.\u00a0\u00a0<\/p>\n<p>Tambi\u00e9n es muy posible que tengas que indicar el <strong>n\u00famero de serie de la impresora<\/strong>: esta referencia se puede localizar en el propio embalaje de la impresora o bajo el esc\u00e1ner. Algunos modelos de impresora, como es el caso de la <strong>EcoTank ET-M1170U<\/strong>, requieren que abramos el dep\u00f3sito de papel para localizar el n\u00famero de serie.<\/p>\n<p>Lo m\u00e1s probable es que te cobren el mes completo, por lo que debes esperar a que est\u00e9 lo m\u00e1s cerca posible del final para evitar gastar de m\u00e1s.<\/p>\n<p>Ahora bien, hay que tener en cuenta dos condiciones antes de proceder con la devoluci\u00f3n:<\/p>\n<p><strong>1)<\/strong> <strong>Embalaje: <\/strong>tendr\u00e1s que usar la caja del embalaje original para proceder con la devoluci\u00f3n y dar as\u00ed de baja el servicio. Si no lo tienes, desde atenci\u00f3n al cliente te dan una soluci\u00f3n y es <strong>solicitar una caja de env\u00edo a medida<\/strong>; esto debes verlo como una \u00faltima opci\u00f3n, ya que lo m\u00e1s probable es que tengas que pagar gastos adicionales.<\/p>\n<p><strong>2)<\/strong> <strong>Cargos extra: <\/strong>revisa previamente que la impresora est\u00e9 en buen estado. Ten en cuenta que se va a comprobar con todo detalle desde el momento en el que llegue al almac\u00e9n. Si se detecta cualquier tipo de problema, podr\u00edas tener que abonar gastos adicionales.<\/p>\n<p>Una vez hayas manifestado tu decisi\u00f3n de dar de baja el servicio, lo hayas hecho a trav\u00e9s de atenci\u00f3n al cliente de la marca y hayan recibido la impresora correctamente, la <strong>baja<\/strong> deber\u00eda quedar tramitada.<\/p>\n<p> Puede que no recibas ning\u00fan e-mail de confirmaci\u00f3n de que esto ha ocurrido, as\u00ed que no dudes en <strong>comprobar<\/strong> que todo est\u00e1 correcto en el siguiente ciclo de facturaci\u00f3n.<\/p>\n\n<\/div>\n<\/div>\n<\/div>\n<\/div>\n\n\n<h2 class=\"wp-block-heading\">\u2705 <strong>Beneficios de darte de baja en el servicio de Epson ReadyPrint<\/strong><\/h2>\n\n\n\n<h3 class=\"wp-block-heading\"><strong>1.<\/strong> <strong>Eliminar un gasto fijo mes a mes<\/strong><\/h3>\n\n\n\n<p>Uno de los problemas del <strong>servicio Epson ReadyPrint<\/strong> es que su contrataci\u00f3n entra\u00f1a un determinado gasto fijo mensual. Al principio puede parecer interesante, especialmente si tienes mucho que imprimir. El problema viene en aquellos meses en donde no tienes nada que imprimir y simplemente dejas activo el servicio, por si acaso.<\/p>\n\n\n\n<p>En el caso de Epson, dar de baja el servicio es m\u00e1s tedioso, ya que implica la propia devoluci\u00f3n de la impresora.<\/p>\n\n\n\n<p>Esto hace que tengas un gasto fijo mes a mes y no te des ni cuenta. Si haces los c\u00e1lculos, te dar\u00e1s cuenta de que est\u00e1s pagando una importante cantidad de dinero a cambio de nada.<\/p>\n\n\n\n<p>El plan m\u00ednimo es de <strong>1.99\u20ac<\/strong> al mes. Muchos usuarios, sobre todo por pereza, deciden no dar el servicio de baja a pesar de que no lo van a usar en mucho tiempo. Si hacemos los c\u00e1lculos pertinentes, al final habr\u00e1s pagado m\u00e1s de <strong>20\u20ac <\/strong>y puede que no hayas usado la impresora en todo ese tiempo. Y esto todav\u00eda ser\u00e1 m\u00e1s grave en el caso de que tengas un plan m\u00e1s caro.<\/p>\n\n\n\n<h3 class=\"wp-block-heading\"><strong>2.<\/strong> <strong>Pagar\u00e1s por lo que consumas<\/strong><\/h3>\n\n\n\n<p>Epson te propone una serie de planes que podr\u00e1s personalizar en base a tus necesidades de impresi\u00f3n.<\/p>\n\n\n\n<p>El <strong>plan b\u00e1sico<\/strong> tiene asociadas <strong>10 p\u00e1ginas<\/strong>, uno m\u00e1s avanzado incluye <strong>30 p\u00e1ginas<\/strong> a un precio de <strong>2,49\u20ac<\/strong>, el siguiente <strong>50 p\u00e1ginas<\/strong> a <strong>3.99\u20ac<\/strong>, y as\u00ed sucesivamente.<\/p>\n\n\n\n<p>El problema de esta forma de plantear las impresiones es que no siempre tenemos control de lo que vamos a imprimir: puede que un mes hayamos elegido la opci\u00f3n b\u00e1sica y tengamos que imprimir algo urgente.<\/p>\n\n\n\n<p>Esto te puede salir caro: en el caso de que no te hayas dado cuenta y sigas usando el mismo plan, cada p\u00e1gina adicional tendr\u00e1 un coste de <strong>0.10\u20ac<\/strong> en <strong>ReadyPrint<\/strong> y de <strong>0.03\u20ac<\/strong> en el plan de <strong>ReadyPrint ecoTank<\/strong>. Es decir, que podr\u00edas llegar a pagar 1\u20ac por imprimir 10 p\u00e1ginas en el plan convencional.<\/p>\n\n\n\n<p>Al <strong>dar de baja Epson ReadyPrint<\/strong> y centrarte en los <strong><a href=\"https:\/\/quecartucho.es\/4223-cartuchos-de-tinta-epson-compatibles\">cartuchos Epson<\/a><\/strong> convencionales, pagar\u00e1s \u00fanicamente por lo que vas a imprimir. En el momento en el que se acabe la tinta, simplemente habr\u00e1 que comprar un nuevo consumible, o recargar el anterior.<\/p>\n\n\n\n<h3 class=\"wp-block-heading\"><strong>3.<\/strong> <strong>Podr\u00e1s distribuir mejor el coste por cada p\u00e1gina<\/strong><\/h3>\n\n\n\n<p>Otro gran problema que tienen los servicios de suscripci\u00f3n de tinta es la manera de contabilizar las p\u00e1ginas. En <strong>Epson ReadyPrint<\/strong> se te contar\u00e1 cada p\u00e1gina impresora como una unidad m\u00e1s dentro de tu plan, con independencia del contenido de la misma.<\/p>\n\n\n\n<p>Esto quiere decir que no importar\u00e1 si una p\u00e1gina sale con una peque\u00f1a imagen en un lateral, con un texto completo o en blanco con tan solo 1 l\u00ednea. En cualquier caso, el contador habr\u00e1 marcado una unidad adicional y contar\u00e1 para el plan de pagos. Esto puede ser catastr\u00f3fico si tienes el plan m\u00e1s b\u00e1sico, ya que habr\u00e1s consumido 1 hojas de las 10 que tienes, cuando no le has dado el m\u00e1ximo rendimiento.<\/p>\n\n\n\n<p>Con los cartuchos convencionales te ser\u00e1 m\u00e1s f\u00e1cil calcular el gasto de tinta bas\u00e1ndonos en el rendimiento de cada impresi\u00f3n.<\/p>\n\n\n\n<h3 class=\"wp-block-heading\"><strong>4.<\/strong> <strong>Epson controlar\u00e1 la conexi\u00f3n de la impresora<\/strong><\/h3>\n\n\n\n<p>Para usar los servicios de <strong>Epson ReadyPrint<\/strong> debes tener la impresora conectada a la red de forma frecuente. Si no se conecta en un plazo de 24 horas, dejar\u00e1 de imprimir.<\/p>\n\n\n\n<p>Al darla de baja, evitas que la marca pueda espiar tu conexi\u00f3n.<\/p>\n\n\n\n<h2 class=\"wp-block-heading\"><strong>Consecuencias de darte de baja en el servicio de Epson ReadyPrint<\/strong><\/h2>\n\n\n\n<p>Antes de cursar la baja en <strong>Epson ReadyPrint<\/strong> existen algunas consecuencias que tendr\u00e1s que sopesar para no llevarte ninguna sorpresa desagradable luego.<\/p>\n\n\n\n<h3 class=\"wp-block-heading\">\u26d4 <strong>Devolver la impresora<\/strong><\/h3>\n\n\n\n<p>Como ya hemos indicado en varias ocasiones durante este texto, lo primero que ocurrir\u00e1 en el momento en el que solicites la baja es que tendr\u00e1s que <strong>devolver la impresora<\/strong>. De hecho, la marca no te dejar\u00e1 seguir con la baja a no ser que la devuelvas con antelaci\u00f3n (para ello, la tienes que embalar con el envoltorio propio de la marca y tiene que ser comprobada en el almac\u00e9n).<\/p>\n\n\n\n<p>En el caso de que exista cualquier tipo de deterioro en la impresora, Epson se reserva el derecho de cobrarlo.<\/p>\n\n\n\n<h3 class=\"wp-block-heading\">\u26d4 <strong>Cargos extra<\/strong><\/h3>\n\n\n\n<p>El ciclo de facturaci\u00f3n del plan elegido comenzar\u00e1 desde el d\u00eda en el que te des de alta. Esto quiere decir que cada mes te pasar\u00e1n la factura en ese mismo d\u00eda, a no ser que cambies a un nuevo plan.<\/p>\n\n\n\n<p>Si decides darte de baja antes de que termine el ciclo, incluso habiendo devuelto la impresora, es muy probable que se apliquen <strong>cargos extra<\/strong> hasta que llegue el d\u00eda exacto en el que se dio de alta el servicio.<\/p>\n\n\n\n<p>Esto es muy importante tenerlo en cuenta, ya que muchas de las reclamaciones que recibe la marca Epson est\u00e1n relacionadas precisamente con este problema. Tal y como podemos leer en sus t\u00e9rminos y condiciones, es algo que se ha sopesado.<\/p>\n\n\n\n<h3 class=\"wp-block-heading\">\u26d4 <strong>Finalizaci\u00f3n del servicio<\/strong><\/h3>\n\n\n\n<p>Aunque sea obvio, ten en cuenta que, cuando la baja sea efectiva, ya no podr\u00e1s seguir imprimiendo. B\u00e1sicamente, porque no tienes la impresora.<\/p>\n\n\n\n<p>Sin embargo, lo m\u00e1s habitual es que la impresora sea compatible con cartuchos convencionales por lo que, mientras se tramita la baja, podemos imprimir con ellos.<\/p>\n\n\n\n<p>Sopesa los pros y los contras del servicio de <strong>Epson ReadyPrint<\/strong> y, si no te convence, ya sabes c\u00f3mo debes darte de baja.<\/p>\n\n\n<div id=\"rank-math-faq\" class=\"rank-math-block\">\n<div class=\"rank-math-list \">\n<div id=\"faq-question-1679396507525\" class=\"rank-math-list-item\">\n<h3 class=\"rank-math-question \">\u00bfQue es <strong>Epson ReadyPrint<\/strong>?<\/h3>\n<div class=\"rank-math-answer \">\n<img loading=\"lazy\" decoding=\"async\" width=\"150\" height=\"150\" src=\"https:\/\/quecartucho.es\/blog\/wp-content\/uploads\/2023\/03\/Epson-ReadyPrint-150x150.webp\" class=\"alignright\" alt=\"\" title=\"\">\n<p>Es un plan de impresi\u00f3n por suscripci\u00f3n, se puede elegir solo tinta si tienes impresora, o que te alquilen la impresora y te suministren la tinta. Tambi\u00e9n puedes elegir pago por uso, pero esta opci\u00f3n no est\u00e1 disponible para todas las impresoras.<\/p>\n\n<\/div>\n<\/div>\n<\/div>\n<\/div>","protected":false},"excerpt":{"rendered":"<p>Epson ReadyPrint es un servicio lanzado por la marca Epson para proveer de tinta a los propietarios de sus impresoras de forma mensual. Son muchos los usuarios que se han dado de alta, pensando que realmente les ayudar\u00eda a ahorrar\u2026 pero no siempre es as\u00ed. A lo largo de este art\u00edculo vamos a analizar cu\u00e1l&hellip;&nbsp;<a href=\"https:\/\/quecartucho.es\/blog\/como-cancelar-epson-readyprint-y-empezar-a-ahorrar-dinero\/\" rel=\"bookmark\">Leer m\u00e1s &raquo;<span class=\"screen-reader-text\">C\u00f3mo cancelar Epson ReadyPrint y empezar a ahorrar dinero<\/span><\/a><\/p>\n","protected":false},"author":1,"featured_media":18886,"parent":0,"menu_order":0,"comment_status":"closed","ping_status":"closed","template":"","meta":{"neve_meta_sidebar":"full-width","neve_meta_container":"","neve_meta_enable_content_width":"on","neve_meta_content_width":100,"neve_meta_title_alignment":"","neve_meta_author_avatar":"","neve_post_elements_order":"","neve_meta_disable_header":"","neve_meta_disable_footer":"","neve_meta_disable_title":"","episode_type":"","audio_file":"","podmotor_file_id":"","podmotor_episode_id":"","cover_image":"","cover_image_id":"","duration":"","filesize":"","filesize_raw":"","date_recorded":"","explicit":"","block":"","footnotes":""},"class_list":["post-18877","page","type-page","status-publish","has-post-thumbnail","hentry"],"_links":{"self":[{"href":"https:\/\/quecartucho.es\/blog\/wp-json\/wp\/v2\/pages\/18877","targetHints":{"allow":["GET"]}}],"collection":[{"href":"https:\/\/quecartucho.es\/blog\/wp-json\/wp\/v2\/pages"}],"about":[{"href":"https:\/\/quecartucho.es\/blog\/wp-json\/wp\/v2\/types\/page"}],"author":[{"embeddable":true,"href":"https:\/\/quecartucho.es\/blog\/wp-json\/wp\/v2\/users\/1"}],"replies":[{"embeddable":true,"href":"https:\/\/quecartucho.es\/blog\/wp-json\/wp\/v2\/comments?post=18877"}],"version-history":[{"count":5,"href":"https:\/\/quecartucho.es\/blog\/wp-json\/wp\/v2\/pages\/18877\/revisions"}],"predecessor-version":[{"id":18894,"href":"https:\/\/quecartucho.es\/blog\/wp-json\/wp\/v2\/pages\/18877\/revisions\/18894"}],"wp:featuredmedia":[{"embeddable":true,"href":"https:\/\/quecartucho.es\/blog\/wp-json\/wp\/v2\/media\/18886"}],"wp:attachment":[{"href":"https:\/\/quecartucho.es\/blog\/wp-json\/wp\/v2\/media?parent=18877"}],"curies":[{"name":"wp","href":"https:\/\/api.w.org\/{rel}","templated":true}]}}