{"id":19259,"date":"2023-05-11T11:01:40","date_gmt":"2023-05-11T09:01:40","guid":{"rendered":"https:\/\/quecartucho.es\/blog\/?page_id=19259"},"modified":"2023-05-11T11:19:24","modified_gmt":"2023-05-11T09:19:24","slug":"epson-impresion-temporal-con-tinta-negra-cuando-se-agoten-los-cartuchos-de-colores","status":"publish","type":"page","link":"https:\/\/quecartucho.es\/blog\/como-imprimir-con-un-solo-cartucho\/epson-impresion-temporal-con-tinta-negra-cuando-se-agoten-los-cartuchos-de-colores\/","title":{"rendered":"Epson: Impresi\u00f3n temporal con tinta negra cuando se agoten los cartuchos de colores"},"content":{"rendered":"\n<p>\u00bfTe imaginas que tu impresora Epson te dijera que puedes seguir imprimiendo con tinta negra cuando se te acaben los cartuchos de colores? Pues eso es lo que promete la <strong>funci\u00f3n de impresi\u00f3n temporal con tinta negra<\/strong>, que te permite seguir usando tu impresora durante un breve periodo de tiempo s\u00f3lo con tinta negra. Pero no te emociones demasiado, porque esta funci\u00f3n tiene sus limitaciones y riesgos.<\/p>\n\n\n\n\n\n\n<p><strong>Lo primero<\/strong> que debes saber es que esta funci\u00f3n s\u00f3lo est\u00e1 disponible para algunos modelos de <a href=\"https:\/\/quecartucho.es\/blog\/impresoras-epson\/\">impresoras Epson<\/a> y s\u00f3lo para Windows y Mac OS X (no para Mac OS X 10.4 o anterior). Adem\u00e1s, \u00fanicamente puedes usarla si imprimes desde el ordenador, no si imprimes o copias directamente desde la impresora. Y por supuesto, debes sustituir los cartuchos de tinta agotados lo antes posible, porque el tiempo que puedas seguir imprimiendo depende de muchos factores, como las condiciones de uso, las im\u00e1genes impresas, los ajustes de impresi\u00f3n y la frecuencia de uso.<\/p>\n\n\n\n<div class=\"wp-block-columns is-layout-flex wp-container-core-columns-is-layout-9d6595d7 wp-block-columns-is-layout-flex\">\n<div class=\"wp-block-column is-layout-flow wp-block-column-is-layout-flow\" style=\"flex-basis:66.66%\">\n<p><strong>Lo segundo<\/strong> que debes saber es que para activar esta funci\u00f3n debes seguir unos pasos espec\u00edficos seg\u00fan el sistema operativo que uses. En Windows, debes cancelar el trabajo de impresi\u00f3n cuando el EPSON Status Monitor 3 te lo indique, cargar papel normal o un sobre, acceder a los ajustes de la impresora, seleccionar la opci\u00f3n de escala de grises y hacer clic en imprimir en negro. En Mac OS X, debes borrar el trabajo de impresi\u00f3n si no puedes reanudarlo, abrir el Epson Printer Utility 4, seleccionar la opci\u00f3n de permitir temporalmente la impresi\u00f3n en negro, cargar papel normal o un sobre y seleccionar la opci\u00f3n de escala de grises.<\/p>\n\n\n\n<p><strong>Lo tercero<\/strong> que debes saber es que esta funci\u00f3n puede afectar a la calidad y al rendimiento de tu impresora. Al imprimir solamente con tinta negra, puedes perder detalles y colores en las im\u00e1genes y documentos. Adem\u00e1s, puedes da\u00f1ar los <a href=\"https:\/\/quecartucho.es\/blog\/que-es-un-cabezal-de-impresion\/\">cabezales de impresi\u00f3n<\/a> si los usas sin tinta durante mucho tiempo. Por eso, es recomendable realizar una <a href=\"https:\/\/quecartucho.es\/blog\/que-es-un-cabezal-de-impresion\/como-limpiar-un-cabezal-de-impresion\/\">limpieza de los cabezales<\/a> despu\u00e9s de sustituir los cartuchos de tinta agotados.<\/p>\n<\/div>\n\n\n\n<div class=\"wp-block-column is-layout-flow wp-block-column-is-layout-flow\" style=\"flex-basis:33.33%\">\n<figure class=\"wp-block-image size-full\"><img loading=\"lazy\" decoding=\"async\" width=\"388\" height=\"370\" src=\"https:\/\/quecartucho.es\/blog\/wp-content\/uploads\/2023\/05\/Impresion-temporal-con-tinta-negra-cuando-se-agoten-los-cartuchos-de-colores-epson.gif\" alt=\"Impresi\u00f3n temporal con tinta negra cuando se agoten los cartuchos de colores epson\" class=\"wp-image-19273\" title=\"\"><\/figure>\n<\/div>\n<\/div>\n\n\n\n<p><\/p>\n\n\n\n<blockquote class=\"wp-block-quote has-background has-small-font-size is-layout-flow wp-block-quote-is-layout-flow\" style=\"background-color:#b4cdff\">\n<p>&#8211; El tiempo que pueda seguir imprimiendo depende de las condiciones de uso, de las im\u00e1genes impresas, de los ajustes de impresi\u00f3n y de la frecuencia de uso.<br>&#8211; Esta funci\u00f3n no est\u00e1 disponible para Mac OS X 10.4 ni anterior.<br>&#8211; Si surge el error de un cartucho de tinta agotado con otro ordenador de la red, tendr\u00e1 que cancelar el trabajo de impresi\u00f3n en la impresora.<\/p>\n<cite><strong>https:\/\/support.epson-europe.com\/onlineguides\/es\/b42wd\/html\/ink_3.htm<\/strong><\/cite><\/blockquote>\n\n\n\n<p>Si se ha agotado la tinta de color y todav\u00eda queda tinta negra, puede seguir imprimiendo un rato s\u00f3lo con tinta negra. Sin embargo, deber\u00eda reponer los <a href=\"https:\/\/quecartucho.es\/\"><strong>cartuchos de tinta<\/strong><\/a> agotados lo antes posible. En la siguiente secci\u00f3n se explica c\u00f3mo seguir imprimiendo temporalmente con tinta negra.<\/p>\n\n\n\n<h2 class=\"wp-block-heading\">En Windows<\/h2>\n\n\n\n<p>A continuaci\u00f3n, se presentan las instrucciones para seguir imprimiendo temporalmente con tinta negra en Windows:<\/p>\n\n\n\n<ol class=\"wp-block-list\">\n<li>Cuando el programa EPSON Status Monitor 3 le indique que cancele el trabajo de impresi\u00f3n, seleccione la opci\u00f3n \u00abDetener\u00bb o \u00abCancelar impresi\u00f3n\u00bb para cancelarlo.<\/li>\n\n\n\n<li>Cargue papel com\u00fan o un sobre en la impresora.<\/li>\n\n\n\n<li>Acceda a los ajustes de la impresora a trav\u00e9s del controlador de impresora en Windows. https:\/\/support.epson-europe.com\/onlineguides\/es\/b42wd\/html\/app_1.htm#S-00300-00300-00100<\/li>\n\n\n\n<li>En la pesta\u00f1a \u00abPrincipal\u00bb, elija la configuraci\u00f3n adecuada en \u00abOpci\u00f3n de Calidad\u00bb para obtener el resultado deseado.<\/li>\n\n\n\n<li>Seleccione \u00abPapel Normal\u00bb o \u00abSobre\u00bb en la opci\u00f3n \u00abTipo\u00bb seg\u00fan el tipo de papel que est\u00e9 utilizando.<\/li>\n\n\n\n<li>Marque la casilla \u00abEscala de Grises\u00bb en \u00abOpciones de impresi\u00f3n\u00bb.<\/li>\n\n\n\n<li>Haga clic en \u00abAceptar\u00bb para cerrar la ventana de ajustes de la impresora.<\/li>\n\n\n\n<li>Imprima su archivo seg\u00fan lo har\u00eda normalmente.<\/li>\n\n\n\n<li>El programa EPSON Status Monitor 3 aparecer\u00e1 nuevamente en la pantalla de su ordenador. Haga clic en \u00abImprimir en negro\u00bb para imprimir utilizando tinta negra.<\/li>\n<\/ol>\n\n\n<div class=\"wp-block-image\">\n<figure class=\"aligncenter size-full\"><img loading=\"lazy\" decoding=\"async\" width=\"400\" height=\"289\" src=\"https:\/\/quecartucho.es\/blog\/wp-content\/uploads\/2023\/05\/Impresion-temporal-con-tinta-negra-cuando-se-agoten-los-cartuchos-de-colores-en-windows.gif\" alt=\"Impresi\u00f3n temporal con tinta negra cuando se agoten los cartuchos de colores en windows\" class=\"wp-image-19260\" title=\"\"><\/figure>\n<\/div>\n\n<div class=\"wp-block-image\">\n<figure class=\"aligncenter size-full\"><img loading=\"lazy\" decoding=\"async\" width=\"400\" height=\"173\" src=\"https:\/\/quecartucho.es\/blog\/wp-content\/uploads\/2023\/05\/Impresion-temporal-con-tinta-negra-cuando-se-agoten-los-cartuchos-de-colores-con-PC.gif\" alt=\"Impresi\u00f3n temporal con tinta negra cuando se agoten los cartuchos de colores con PC\" class=\"wp-image-19261\" title=\"\"><\/figure>\n<\/div>\n\n\n<p>Puede ver m\u00e1s informaci\u00f3n en: <a href=\"https:\/\/files.support.epson.com\/htmldocs\/xp101_\/xp101_ug6\/source\/printers\/source\/ink_functions\/tasks\/printing_expended_color_ink_windows.html\" rel=\"nofollow noopener\" target=\"_blank\">C\u00f3mo imprimir con cartuchos de color agotados &#8211; Windows <\/a><\/p>\n\n\n\n<h2 class=\"wp-block-heading\">En Mac OS X<\/h2>\n\n\n\n<p>En el sistema operativo Mac OS X, siga estos pasos para imprimir temporalmente en tinta negra.<\/p>\n\n\n\n<ul class=\"wp-block-list\">\n<li>Si no puede reanudar la impresi\u00f3n, haga clic en el icono de la impresora en el Dock. Si aparece un mensaje de error indicando que cancele el trabajo de impresi\u00f3n, haga clic en \u00abBorrar\u00bb y siga estas instrucciones para imprimir el documento utilizando tinta negra.<\/li>\n\n\n\n<li>Abra el cuadro de di\u00e1logo Epson Printer Utility 4.<\/li>\n\n\n\n<li>Acceda al controlador de impresora en Mac OS X. <a href=\"https:\/\/support.epson-europe.com\/onlineguides\/es\/b42wd\/html\/app_1.htm#S-00300-00300-00200\" rel=\"nofollow noopener\" target=\"_blank\">https:\/\/support.epson-europe.com\/onlineguides\/es\/b42wd\/html\/app_1.htm#S-00300-00300-00200<\/a><\/li>\n\n\n\n<li>Haga clic en \u00abAjustes del controlador\u00bb en la esquina superior izquierda de la ventana Epson Printer Utility 4.<\/li>\n\n\n\n<li>Verifique que la opci\u00f3n \u00abPermitir temporalmente la impresi\u00f3n en negro\u00bb est\u00e9 seleccionada y cierre la ventana.<\/li>\n\n\n\n<li>Cargue papel com\u00fan o un sobre en la impresora.<\/li>\n\n\n\n<li>Abra el cuadro de di\u00e1logo \u00abImprimir\u00bb.<\/li>\n\n\n\n<li>Haga clic en el bot\u00f3n para expandir el cuadro de di\u00e1logo.<\/li>\n\n\n\n<li>Seleccione la impresora que est\u00e9 utilizando en \u00abImpresora\u00bb y realice los ajustes necesarios.<\/li>\n\n\n\n<li>Seleccione \u00abAjustes de impresi\u00f3n\u00bb en el men\u00fa emergente.<\/li>\n\n\n\n<li>Elija \u00abPapel Normal\u00bb o \u00abSobre\u00bb en la opci\u00f3n \u00abTipo de papel\u00bb.<\/li>\n\n\n\n<li>Seleccione \u00abEscala de Grises\u00bb en la opci\u00f3n \u00abColor\u00bb.<\/li>\n\n\n\n<li>Haga clic en \u00abImprimir\u00bb para cerrar el cuadro de di\u00e1logo \u00abImprimir\u00bb.<\/li>\n<\/ul>\n\n\n<div class=\"wp-block-image\">\n<figure class=\"aligncenter size-full\"><img loading=\"lazy\" decoding=\"async\" width=\"400\" height=\"274\" src=\"https:\/\/quecartucho.es\/blog\/wp-content\/uploads\/2023\/05\/Impresion-temporal-con-tinta-negra-cuando-se-agoten-los-cartuchos-de-colores-en-MAC-OS.gif\" alt=\"Impresi\u00f3n temporal con tinta negra cuando se agoten los cartuchos de colores en MAC OS\" class=\"wp-image-19275\" title=\"\"><\/figure>\n<\/div>\n\n\n<p>Puede ver m\u00e1s informaci\u00f3n en: <a href=\"https:\/\/files.support.epson.com\/htmldocs\/xp211_\/xp211_ug6\/Source\/Printers\/Source\/Ink_Functions\/Tasks\/printing_expended_color_ink_mac_fy13.html\" rel=\"nofollow noopener\" target=\"_blank\">C\u00f3mo imprimir con cartuchos de color agotados &#8211; Mac OS X<\/a><\/p>\n\n\n\n<h2 class=\"wp-block-heading\">En conclusi\u00f3n<\/h2>\n\n\n\n<p>La <strong>impresi\u00f3n temporal con tinta negra<\/strong> puede ser una soluci\u00f3n de emergencia si se te acaban los cartuchos de color y necesitas imprimir algo urgente. Pero no es una opci\u00f3n recomendable para usar habitualmente, ya que puede perjudicar a la calidad y al funcionamiento de tu impresora. As\u00ed que ya sabes, si quieres aprovechar al m\u00e1ximo tu impresora Epson, no te olvides de reponer los cartuchos de tinta a tiempo.<\/p>\n\n\n\n<p>Puede consultar la fuente original en \u00ab<strong><a href=\"https:\/\/support.epson-europe.com\/onlineguides\/es\/b42wd\/html\/ink_3.htm\" rel=\"nofollow noopener\" target=\"_blank\">https:\/\/support.epson-europe.com\/onlineguides\/es\/b42wd\/html\/ink_3.htm<\/a><\/strong>\u00ab<\/p>\n","protected":false},"excerpt":{"rendered":"<p>\u00bfTe imaginas que tu impresora Epson te dijera que puedes seguir imprimiendo con tinta negra cuando se te acaben los cartuchos de colores? Pues eso es lo que promete la funci\u00f3n de impresi\u00f3n temporal con tinta negra, que te permite seguir usando tu impresora durante un breve periodo de tiempo s\u00f3lo con tinta negra. Pero&hellip;&nbsp;<a href=\"https:\/\/quecartucho.es\/blog\/como-imprimir-con-un-solo-cartucho\/epson-impresion-temporal-con-tinta-negra-cuando-se-agoten-los-cartuchos-de-colores\/\" rel=\"bookmark\">Leer m\u00e1s &raquo;<span class=\"screen-reader-text\">Epson: Impresi\u00f3n temporal con tinta negra cuando se agoten los cartuchos de colores<\/span><\/a><\/p>\n","protected":false},"author":1,"featured_media":19263,"parent":16860,"menu_order":0,"comment_status":"closed","ping_status":"closed","template":"","meta":{"neve_meta_sidebar":"","neve_meta_container":"","neve_meta_enable_content_width":"","neve_meta_content_width":0,"neve_meta_title_alignment":"","neve_meta_author_avatar":"","neve_post_elements_order":"","neve_meta_disable_header":"","neve_meta_disable_footer":"","neve_meta_disable_title":"","episode_type":"","audio_file":"","podmotor_file_id":"","podmotor_episode_id":"","cover_image":"","cover_image_id":"","duration":"","filesize":"","filesize_raw":"","date_recorded":"","explicit":"","block":"","footnotes":""},"class_list":["post-19259","page","type-page","status-publish","has-post-thumbnail","hentry"],"_links":{"self":[{"href":"https:\/\/quecartucho.es\/blog\/wp-json\/wp\/v2\/pages\/19259","targetHints":{"allow":["GET"]}}],"collection":[{"href":"https:\/\/quecartucho.es\/blog\/wp-json\/wp\/v2\/pages"}],"about":[{"href":"https:\/\/quecartucho.es\/blog\/wp-json\/wp\/v2\/types\/page"}],"author":[{"embeddable":true,"href":"https:\/\/quecartucho.es\/blog\/wp-json\/wp\/v2\/users\/1"}],"replies":[{"embeddable":true,"href":"https:\/\/quecartucho.es\/blog\/wp-json\/wp\/v2\/comments?post=19259"}],"version-history":[{"count":7,"href":"https:\/\/quecartucho.es\/blog\/wp-json\/wp\/v2\/pages\/19259\/revisions"}],"predecessor-version":[{"id":19276,"href":"https:\/\/quecartucho.es\/blog\/wp-json\/wp\/v2\/pages\/19259\/revisions\/19276"}],"up":[{"embeddable":true,"href":"https:\/\/quecartucho.es\/blog\/wp-json\/wp\/v2\/pages\/16860"}],"wp:featuredmedia":[{"embeddable":true,"href":"https:\/\/quecartucho.es\/blog\/wp-json\/wp\/v2\/media\/19263"}],"wp:attachment":[{"href":"https:\/\/quecartucho.es\/blog\/wp-json\/wp\/v2\/media?parent=19259"}],"curies":[{"name":"wp","href":"https:\/\/api.w.org\/{rel}","templated":true}]}}