{"id":19378,"date":"2023-05-31T09:32:19","date_gmt":"2023-05-31T07:32:19","guid":{"rendered":"https:\/\/quecartucho.es\/blog\/?page_id=19378"},"modified":"2023-05-31T10:19:18","modified_gmt":"2023-05-31T08:19:18","slug":"como-se-fabrican-los-cartuchos-de-tinta-compatibles","status":"publish","type":"page","link":"https:\/\/quecartucho.es\/blog\/cartuchos\/como-se-fabrican-los-cartuchos-de-tinta-compatibles\/","title":{"rendered":"\u00bfC\u00f3mo se fabrican los cartuchos de tinta compatibles?"},"content":{"rendered":"\n<p>Seguro que has tenido la fortuna de presenciar la magia de la <strong><a href=\"https:\/\/quecartucho.es\/\">tinta<\/a><\/strong> transformando un papel en blanco en una obra de arte \ud83e\udd29.<\/p>\n\n\n\n<p>Vale\u2026 O quiz\u00e1s en un documento de lo m\u00e1s aburrido \ud83d\ude12.&nbsp;<\/p>\n\n\n\n<p>Pero la cuesti\u00f3n es\u2026 \u00bfTe has preguntado alguna vez <strong>c\u00f3mo se fabrican los cartuchos de tinta compatibles<\/strong> que hacen posible esa transformaci\u00f3n?&nbsp;<\/p>\n\n\n\n<p>Pues bien, s\u00fabete al tren del saber de Quecartucho \ud83d\ude82, porque vamos a hacer un recorrido por todo lo que debes saber sobre c\u00f3mo se fabrican estos estupendos consumibles que cada d\u00eda te hacen la vida un poquito m\u00e1s f\u00e1cil.&nbsp;<\/p>\n\n\n\n<p>\u00a1Bienvenido a bordo!<\/p>\n\n\n\n<h2 class=\"wp-block-heading\">Primera parada: \u00bfQu\u00e9 son los cartuchos de tinta compatibles?<\/h2>\n\n\n\n<p>Primero, pong\u00e1monos en sinton\u00eda. <strong><a href=\"https:\/\/quecartucho.es\/blog\/cartuchos\/\">Un cartucho de tinta compatible no es m\u00e1s que un cartucho fabricado por una empresa que no es la fabricante de tu impresora<\/a>.<\/strong>\u00a0<\/p>\n\n\n\n<p>Chimpum.&nbsp;<\/p>\n\n\n\n<p>Sin m\u00e1s.<\/p>\n\n\n\n<p>Lo que viene siendo un poco de rebeli\u00f3n en la industria de la tinta, \u00bfsabes? Estos chicos traviesos vienen con la promesa de ser m\u00e1s baratos pero igual de eficaces que los cartuchos originales. \u00a1Suena bien, \u00bfno?!<\/p>\n\n\n\n<h2 class=\"wp-block-heading\">Segunda parada: la f\u00e1brica del arco iris<\/h2>\n\n\n\n<p>\ud83c\udf08 Y no, no es el t\u00edtulo de un episodio de <em>Los osos angelosos <\/em>(\u00bfte acuerdas?)<\/p>\n\n\n\n<p>La <strong>producci\u00f3n de un cartucho compatible<\/strong> es como preparar un pastel, pero en lugar de harina y huevos, se utiliza pl\u00e1stico, tinta y un poquito de ingenio. El cartucho en s\u00ed se fabrica con pl\u00e1stico moldeado y consta de varias partes: el tanque de tinta, la esponja de almacenamiento y los circuitos electr\u00f3nicos que se comunican con la impresora.<\/p>\n\n\n\n<p>\u00bfTe has quedado igual? \ud83d\ude36 <em>Don\u2019t worry. <\/em>Aunque pueda parecer complicado, es un proceso bastante bien orquestado, como un ballet de colores que se realiza en la f\u00e1brica, donde la tinta entra en el cartucho de forma delicada y precisa.&nbsp;<\/p>\n\n\n\n<p>Que, a todo esto, la tinta es m\u00e1s que solo un l\u00edquido colorido. Se compone de varios componentes, entre los que se incluyen pigmentos, solventes y aditivos que ayudan a que todo fluya correctamente. Y s\u00ed, es tinta igual de buena e igual de tinta que la de los <a href=\"https:\/\/quecartucho.es\/blog\/cartuchos\/cartuchos-de-tinta-originales\/\">cartuchos originales<\/a>. As\u00ed que no dejes que te cuenten milongas<strong>.<\/strong><\/p>\n\n\n\n<figure class=\"wp-block-audio\"><audio controls src=\"https:\/\/quecartucho.es\/blog\/wp-content\/uploads\/2022\/05\/8.-Mitos-y-verdades-sobre-los-cartuchos-de-tinta-para-impresoras.mp3\"><\/audio><figcaption class=\"wp-element-caption\"><a href=\"https:\/\/quecartucho.es\/blog\/podcast\/mitos-y-verdades-sobre-los-cartuchos-de-tinta-para-impresoras\/\">Mitos y verdades sobre los cartuchos de tinta para impresoras<\/a><\/figcaption><\/figure>\n\n\n\n<h2 class=\"wp-block-heading\">Tercera parada: control de calidad, o c\u00f3mo evitar la cat\u00e1strofe del color<\/h2>\n\n\n\n<div class=\"wp-block-columns is-layout-flex wp-container-core-columns-is-layout-9d6595d7 wp-block-columns-is-layout-flex\">\n<div class=\"wp-block-column is-layout-flow wp-block-column-is-layout-flow\">\n<p> <\/p>\n\n\n\n<p><\/p>\n\n\n\n<p>El <strong>control de calidad <\/strong>es la \u00faltima y crucial parada en este viaje. \u00bfTe imaginas que tu nuevo <strong>cartucho compatible<\/strong> de repente empiece a imprimir en rosita beb\u00e9 cada vez que quieres negro? \ud83e\udd2f \u00a1Ser\u00eda un verdadero caos crom\u00e1tico! Para evitar tales sorpresas, cada cartucho se somete a rigurosas pruebas. <\/p>\n\n\n\n<p>Las pruebas de impresi\u00f3n y las comprobaciones de rendimiento son solo algunas de las formas en que estas empresas aseguran que tu cartucho compatible pueda enfrentarse a su contrincante original sin despeinarse<\/p>\n\n\n\n<p><\/p>\n<\/div>\n\n\n\n<div class=\"wp-block-column is-layout-flow wp-block-column-is-layout-flow\">\n<figure class=\"wp-block-image size-large\"><img loading=\"lazy\" decoding=\"async\" width=\"1024\" height=\"576\" src=\"https:\/\/quecartucho.es\/blog\/wp-content\/uploads\/2023\/05\/fabrica-de-cartuchos-de-toner-para-impresora-1024x576.jpg\" alt=\"fabrica de cartuchos de toner para impresora\" class=\"wp-image-19380\" title=\"\" srcset=\"https:\/\/quecartucho.es\/blog\/wp-content\/uploads\/2023\/05\/fabrica-de-cartuchos-de-toner-para-impresora-1024x576.jpg 1024w, https:\/\/quecartucho.es\/blog\/wp-content\/uploads\/2023\/05\/fabrica-de-cartuchos-de-toner-para-impresora-300x169.jpg 300w, https:\/\/quecartucho.es\/blog\/wp-content\/uploads\/2023\/05\/fabrica-de-cartuchos-de-toner-para-impresora-768x432.jpg 768w, https:\/\/quecartucho.es\/blog\/wp-content\/uploads\/2023\/05\/fabrica-de-cartuchos-de-toner-para-impresora.jpg 1200w\" sizes=\"auto, (max-width: 1024px) 100vw, 1024px\" \/><\/figure>\n<\/div>\n<\/div>\n\n\n\n<h2 class=\"wp-block-heading\">\u00daltima parada: hasta la pr\u00f3xima aventura<\/h2>\n\n\n\n<p>\u00a1Y aqu\u00ed nos bajamos! Esperamos que te haya gustado este corto pero intenso viaje por la producci\u00f3n de cartuchos compatibles.&nbsp;<\/p>\n\n\n\n<p>Aunque pueda parecer un simple accesorio de oficina, cada cartucho compatible es como un humilde h\u00e9roe \ud83e\uddb8: te salva el d\u00eda, pero sin darse importancia por apellidarse Epson, HP o lo que sea.<\/p>\n\n\n\n<p>As\u00ed que cuando vayas a imprimir algo, ya sea la declaraci\u00f3n de la renta o una receta para galletas, piensa en tu cartucho de tinta compatible como mucho m\u00e1s que un recipiente de pl\u00e1stico lleno de tinta. Es un producto de ingenio humano y creatividad, \u00a1y est\u00e1 listo para llenar tu mundo de color cual unicornio saltar\u00edn! \ud83e\udd84<\/p>\n\n\n\n<p>Y por si toda esta explosi\u00f3n de colores y buen rollo fuera poca, en <a href=\"http:\/\/quecartucho.es\">Quecartucho<\/a> encontrar\u00e1s los <strong>cartuchos de tinta compatibles de m\u00e1s alta calidad<\/strong>, esas joyas que, como ya has aprendido, son producto de la ciencia, la precisi\u00f3n y un toque de magia.<\/p>\n\n\n\n<p>Y sus precios, \u00a1madre m\u00eda sus precios! Son m\u00e1s bajos que un pato agachado.&nbsp;<\/p>\n\n\n\n<p>Adem\u00e1s, si tienes prisa por empezar a imprimir tu pr\u00f3xima obra maestra o ese informe que era para ayer, no tienes de qu\u00e9 preocuparte. Tenemos un <strong>servicio de entrega tan r\u00e1pido<\/strong> que incluso Usain Bolt se sentir\u00eda celoso.<\/p>\n\n\n\n<p>Y si a\u00fan te preguntas: \u00ab\u00bfY si mi cartucho compatible decide hacer una huelga a mitad de una impresi\u00f3n importante?\u00bb. <em>Don\u2019t panic<\/em>. Quecartucho ofrece nada menos que \u00a15 a\u00f1os de garant\u00eda! Imprime sin estr\u00e9s.<\/p>\n\n\n\n<p>Esperamos verte pronto en una nueva aventura de colores en nuestra tienda online.<\/p>\n","protected":false},"excerpt":{"rendered":"<p>Seguro que has tenido la fortuna de presenciar la magia de la tinta transformando un papel en blanco en una obra de arte \ud83e\udd29. Vale\u2026 O quiz\u00e1s en un documento de lo m\u00e1s aburrido \ud83d\ude12.&nbsp; Pero la cuesti\u00f3n es\u2026 \u00bfTe has preguntado alguna vez c\u00f3mo se fabrican los cartuchos de tinta compatibles que hacen posible&hellip;&nbsp;<a href=\"https:\/\/quecartucho.es\/blog\/cartuchos\/como-se-fabrican-los-cartuchos-de-tinta-compatibles\/\" rel=\"bookmark\">Leer m\u00e1s &raquo;<span class=\"screen-reader-text\">\u00bfC\u00f3mo se fabrican los cartuchos de tinta compatibles?<\/span><\/a><\/p>\n","protected":false},"author":1,"featured_media":19382,"parent":461,"menu_order":0,"comment_status":"closed","ping_status":"closed","template":"","meta":{"neve_meta_sidebar":"","neve_meta_container":"","neve_meta_enable_content_width":"","neve_meta_content_width":0,"neve_meta_title_alignment":"","neve_meta_author_avatar":"","neve_post_elements_order":"","neve_meta_disable_header":"","neve_meta_disable_footer":"","neve_meta_disable_title":"","episode_type":"","audio_file":"","podmotor_file_id":"","podmotor_episode_id":"","cover_image":"","cover_image_id":"","duration":"","filesize":"","filesize_raw":"","date_recorded":"","explicit":"","block":"","footnotes":""},"class_list":["post-19378","page","type-page","status-publish","has-post-thumbnail","hentry"],"_links":{"self":[{"href":"https:\/\/quecartucho.es\/blog\/wp-json\/wp\/v2\/pages\/19378","targetHints":{"allow":["GET"]}}],"collection":[{"href":"https:\/\/quecartucho.es\/blog\/wp-json\/wp\/v2\/pages"}],"about":[{"href":"https:\/\/quecartucho.es\/blog\/wp-json\/wp\/v2\/types\/page"}],"author":[{"embeddable":true,"href":"https:\/\/quecartucho.es\/blog\/wp-json\/wp\/v2\/users\/1"}],"replies":[{"embeddable":true,"href":"https:\/\/quecartucho.es\/blog\/wp-json\/wp\/v2\/comments?post=19378"}],"version-history":[{"count":8,"href":"https:\/\/quecartucho.es\/blog\/wp-json\/wp\/v2\/pages\/19378\/revisions"}],"predecessor-version":[{"id":19398,"href":"https:\/\/quecartucho.es\/blog\/wp-json\/wp\/v2\/pages\/19378\/revisions\/19398"}],"up":[{"embeddable":true,"href":"https:\/\/quecartucho.es\/blog\/wp-json\/wp\/v2\/pages\/461"}],"wp:featuredmedia":[{"embeddable":true,"href":"https:\/\/quecartucho.es\/blog\/wp-json\/wp\/v2\/media\/19382"}],"wp:attachment":[{"href":"https:\/\/quecartucho.es\/blog\/wp-json\/wp\/v2\/media?parent=19378"}],"curies":[{"name":"wp","href":"https:\/\/api.w.org\/{rel}","templated":true}]}}