{"id":19471,"date":"2023-06-09T11:39:54","date_gmt":"2023-06-09T09:39:54","guid":{"rendered":"https:\/\/quecartucho.es\/blog\/?page_id=19471"},"modified":"2023-06-09T11:39:56","modified_gmt":"2023-06-09T09:39:56","slug":"error-4803-en-kyocera-que-es-y-como-solucionarlo","status":"publish","type":"page","link":"https:\/\/quecartucho.es\/blog\/error-4803-en-kyocera-que-es-y-como-solucionarlo\/","title":{"rendered":"Error 4803 en Kyocera \u00bfQu\u00e9 es y como solucionarlo?"},"content":{"rendered":"\n<div class=\"wp-block-columns is-layout-flex wp-container-core-columns-is-layout-9d6595d7 wp-block-columns-is-layout-flex\">\n<div class=\"wp-block-column is-layout-flow wp-block-column-is-layout-flow\" style=\"flex-basis:66.66%\">\n<h2 class=\"wp-block-heading\">Que es el Error 4803 en Kyocera<\/h2>\n\n\n\n<p>El error 4803 en Kyocera es uno de los problemas m\u00e1s comunes que pueden surgir al escanear a correo electr\u00f3nico con una cuenta de Outlook 365. Este error no es por fallo de la impresora Kyocera ni de su <a href=\"https:\/\/quecartucho.es\/16393-toneres\"><strong>t\u00f3neres<\/strong><\/a>, el culpable est\u00e1 fuera, se debe a las actualizaciones de seguridad que ha realizado Microsoft en su servicio de Exchange Online (Office 365) y que requieren un cifrado mejorado para la comunicaci\u00f3n entre la impresora y el servidor.<\/p>\n<\/div>\n\n\n\n<div class=\"wp-block-column is-layout-flow wp-block-column-is-layout-flow\" style=\"flex-basis:33.33%\">\n<figure class=\"wp-block-image size-full\"><img loading=\"lazy\" decoding=\"async\" width=\"341\" height=\"148\" src=\"https:\/\/quecartucho.es\/blog\/wp-content\/uploads\/2023\/06\/Para-solucionar-el-error-4803-en-Kyocera.jpeg\" alt=\"Para solucionar el error 4803 en Kyocera\" class=\"wp-image-19473\" title=\"\" srcset=\"https:\/\/quecartucho.es\/blog\/wp-content\/uploads\/2023\/06\/Para-solucionar-el-error-4803-en-Kyocera.jpeg 341w, https:\/\/quecartucho.es\/blog\/wp-content\/uploads\/2023\/06\/Para-solucionar-el-error-4803-en-Kyocera-300x130.jpeg 300w\" sizes=\"auto, (max-width: 341px) 100vw, 341px\" \/><\/figure>\n<\/div>\n<\/div>\n\n\n\n<h2 class=\"wp-block-heading\"><br>Solucionar el error 4803 en Kyocera<\/h2>\n\n\n\n<p>Para solucionar el error 4803 en Kyocera, hay que seguir los siguientes pasos:<\/p>\n\n\n\n<ul class=\"wp-block-list\">\n<li>Acceder al Centro de Comando de la impresora e ir a la secci\u00f3n de Seguridad &gt; Seguridad de la red.<\/li>\n\n\n\n<li>En la configuraci\u00f3n del servidor, habilitar las versiones para SSL\/TLS y SHA2 .<\/li>\n\n\n\n<li>En la configuraci\u00f3n del cliente, hacer lo mismo .<\/li>\n\n\n\n<li>En la verificaci\u00f3n del certificado, tambi\u00e9n activar SSL\/TLS y SHA2.<\/li>\n\n\n\n<li>Enviar los cambios y reiniciar el dispositivo.<\/li>\n\n\n\n<li>Comprobar que el firmware de la impresora est\u00e1 actualizado a la \u00faltima versi\u00f3n disponible en la p\u00e1gina web de Kyocera.<\/li>\n\n\n\n<li>Confirmar que la seguridad SMTP est\u00e1 configurada en STARTTLS en el men\u00fa Function settings\/Email.<\/li>\n<\/ul>\n\n\n\n<p>Si se siguen estos pasos correctamente, el error 4803 deber\u00eda desaparecer y se podr\u00eda escanear a correo electr\u00f3nico sin problemas. Sin embargo, hay que tener en cuenta que algunos modelos antiguos de Kyocera no admiten el cifrado mejorado y no tendr\u00e1n estas opciones en el Centro de Comando, por lo que ya no funcionar\u00e1n con Office 365. En ese caso, habr\u00eda que buscar una alternativa o cambiar de impresora.<\/p>\n","protected":false},"excerpt":{"rendered":"<p>Que es el Error 4803 en Kyocera El error 4803 en Kyocera es uno de los problemas m\u00e1s comunes que pueden surgir al escanear a correo electr\u00f3nico con una cuenta de Outlook 365. Este error no es por fallo de la impresora Kyocera ni de su t\u00f3neres, el culpable est\u00e1 fuera, se debe a las&hellip;&nbsp;<a href=\"https:\/\/quecartucho.es\/blog\/error-4803-en-kyocera-que-es-y-como-solucionarlo\/\" rel=\"bookmark\">Leer m\u00e1s &raquo;<span class=\"screen-reader-text\">Error 4803 en Kyocera \u00bfQu\u00e9 es y como solucionarlo?<\/span><\/a><\/p>\n","protected":false},"author":1,"featured_media":19472,"parent":0,"menu_order":0,"comment_status":"closed","ping_status":"closed","template":"","meta":{"neve_meta_sidebar":"","neve_meta_container":"","neve_meta_enable_content_width":"","neve_meta_content_width":0,"neve_meta_title_alignment":"","neve_meta_author_avatar":"","neve_post_elements_order":"","neve_meta_disable_header":"","neve_meta_disable_footer":"","neve_meta_disable_title":"","episode_type":"","audio_file":"","podmotor_file_id":"","podmotor_episode_id":"","cover_image":"","cover_image_id":"","duration":"","filesize":"","filesize_raw":"","date_recorded":"","explicit":"","block":"","footnotes":""},"class_list":["post-19471","page","type-page","status-publish","has-post-thumbnail","hentry"],"_links":{"self":[{"href":"https:\/\/quecartucho.es\/blog\/wp-json\/wp\/v2\/pages\/19471","targetHints":{"allow":["GET"]}}],"collection":[{"href":"https:\/\/quecartucho.es\/blog\/wp-json\/wp\/v2\/pages"}],"about":[{"href":"https:\/\/quecartucho.es\/blog\/wp-json\/wp\/v2\/types\/page"}],"author":[{"embeddable":true,"href":"https:\/\/quecartucho.es\/blog\/wp-json\/wp\/v2\/users\/1"}],"replies":[{"embeddable":true,"href":"https:\/\/quecartucho.es\/blog\/wp-json\/wp\/v2\/comments?post=19471"}],"version-history":[{"count":2,"href":"https:\/\/quecartucho.es\/blog\/wp-json\/wp\/v2\/pages\/19471\/revisions"}],"predecessor-version":[{"id":19476,"href":"https:\/\/quecartucho.es\/blog\/wp-json\/wp\/v2\/pages\/19471\/revisions\/19476"}],"wp:featuredmedia":[{"embeddable":true,"href":"https:\/\/quecartucho.es\/blog\/wp-json\/wp\/v2\/media\/19472"}],"wp:attachment":[{"href":"https:\/\/quecartucho.es\/blog\/wp-json\/wp\/v2\/media?parent=19471"}],"curies":[{"name":"wp","href":"https:\/\/api.w.org\/{rel}","templated":true}]}}