{"id":19614,"date":"2023-06-28T11:50:40","date_gmt":"2023-06-28T09:50:40","guid":{"rendered":"https:\/\/quecartucho.es\/blog\/?page_id=19614"},"modified":"2023-06-28T11:57:12","modified_gmt":"2023-06-28T09:57:12","slug":"como-se-reciclan-los-cartuchos-de-impresora","status":"publish","type":"page","link":"https:\/\/quecartucho.es\/blog\/cartuchos\/reciclados\/como-se-reciclan-los-cartuchos-de-impresora\/","title":{"rendered":"\u00bfC\u00f3mo se reciclan los cartuchos de impresora?"},"content":{"rendered":"\n<p>En el caos diario de la impresi\u00f3n en casa o en la oficina, los <a href=\"https:\/\/quecartucho.es\/\"><strong>cartuchos de tinta<\/strong><\/a> desempe\u00f1an un papel muy importante. Su labor no termina una vez que han dado su \u00faltimo suspiro de tinta. \u00a1No! Aqu\u00ed es cuando comienza la odisea de su reutilizaci\u00f3n y reciclaje.<\/p>\n\n\n\n<p>As\u00ed que si alguna vez en tu vida te has preguntado <strong>\u00bfC\u00f3mo se fabrican los cartuchos de impresora reciclados?, <\/strong>qu\u00e9date a nuestra vera, que te lo vamos a contar todo.<\/p>\n\n\n\n<h2 class=\"wp-block-heading\"><a><\/a>El camino de reciclaje de los cartuchos de tinta<\/h2>\n\n\n\n<p>La <strong>reutilizaci\u00f3n de los cartuchos de tinta<\/strong> puede sonar, as\u00ed a bote pronto, a algo tan emocionante como ver pintura secarse. Pero ver\u00e1s c\u00f3mo es m\u00e1s entretenido que algunas series de Netflix (vale, no, no todas son buenas).<\/p>\n\n\n\n<div class=\"wp-block-columns is-layout-flex wp-container-core-columns-is-layout-9d6595d7 wp-block-columns-is-layout-flex\">\n<div class=\"wp-block-column is-layout-flow wp-block-column-is-layout-flow\">\n<ul class=\"wp-block-list\">\n<li><strong>1. El retiro:<\/strong> una vez que tu <a href=\"https:\/\/quecartucho.es\/blog\/cartuchos\/cartuchos-de-tinta-originales\/\">cartucho de tinta original<\/a> se ha agotado y es retirado de tu impresora, no se va a una isla desierta a tomar pi\u00f1as coladas, no. M\u00e1s bien est\u00e1 prepar\u00e1ndose para su pr\u00f3ximo gran acto.<\/li>\n\n\n\n<li><strong>2. La recolecci\u00f3n:<\/strong> los cartuchos usados son recolectados cual patatas en un patatal, y transportados a las instalaciones de reciclaje.<\/li>\n\n\n\n<li><strong>3. La clasificaci\u00f3n:<\/strong> \u00a1empieza la acci\u00f3n! Los cartuchos son clasificados por marca y modelo. Esta etapa es vital para asegurar que cada cartucho se recicle de la manera m\u00e1s eficiente y efectiva posible.<\/li>\n\n\n\n<li><strong>4. El desmantelamiento:<\/strong> suena a deprimente, pero no lo es. En esta fase los cartuchos se desmontan para limpiar todas sus partes y garantizar que est\u00e1n en perfectas condiciones para la nueva carga de tinta.<\/li>\n\n\n\n<li><strong>5. La inspecci\u00f3n: <\/strong>cada cartucho es inspeccionado minuciosamente. S\u00ed, como si le cayera una inspecci\u00f3n de Hacienda. Si pasa la inspecci\u00f3n, est\u00e1 listo para el pr\u00f3ximo paso.<\/li>\n\n\n\n<li><strong>7. El rellenado:<\/strong> cu\u00e1l cruasanes reci\u00e9n amasaditos, los cartuchos son rellenados con tinta fresca, dandoles una nueva vida y prepar\u00e1ndolos para la gran cantidad de impresiones que est\u00e1n por venir.<\/li>\n\n\n\n<li><strong>8. La prueba final:<\/strong> antes de que el cartucho reciclado pueda ser vendido, es sometido a una prueba final para garantizar que funciona perfectamente. Solo los mejores llegan a esta etapa.<\/li>\n\n\n\n<li><strong>9. El nuevo comienzo:<\/strong> una vez que el cartucho de tinta ha pasado todas estas etapas, est\u00e1 listo para una nueva vida. Es enviado de vuelta al mundo. Y si tiene mucha, mucha suerte, y si es de los mejores y pasa nuestras estrictas pruebas de selecci\u00f3n, llega a Quecartucho, donde puede volver a hacer felices a clientes tan molones como t\u00fa, haciendo lo que mejor se le da: imprimir tus documentos con la mejor calidad.<\/li>\n<\/ul>\n<\/div>\n\n\n\n<div class=\"wp-block-column is-vertically-aligned-center is-layout-flow wp-block-column-is-layout-flow\">\n<p> <figure class=\"wp-block-image aligncenter size-full\"><a href=\"https:\/\/quecartucho.es\/\"><img loading=\"lazy\" decoding=\"async\" width=\"1000\" height=\"660\" class=\"wp-image-19623\" src=\"https:\/\/quecartucho.es\/blog\/wp-content\/uploads\/2023\/06\/cartuchos-impresora.png\" alt=\"cartuchos impresora\" title=\"\" srcset=\"https:\/\/quecartucho.es\/blog\/wp-content\/uploads\/2023\/06\/cartuchos-impresora.png 1000w, https:\/\/quecartucho.es\/blog\/wp-content\/uploads\/2023\/06\/cartuchos-impresora-300x198.png 300w, https:\/\/quecartucho.es\/blog\/wp-content\/uploads\/2023\/06\/cartuchos-impresora-768x507.png 768w\" sizes=\"auto, (max-width: 1000px) 100vw, 1000px\" \/><\/a><\/figure> <\/p>\n<\/div>\n<\/div>\n\n\n\n<p><\/p>\n\n\n\n<p>\u00bfPensabas que un simple cartucho de tinta podr\u00eda tener una vida tan emocionante despu\u00e9s de su primer uso? Seguro que tu vecino de arriba tiene una vida m\u00e1s aburrida\u2026 \ud83d\ude44\ud83e\udd23<\/p>\n\n\n<div id=\"rank-math-faq\" class=\"rank-math-block\">\n<div class=\"rank-math-list \">\n<div id=\"faq-question-1687944558538\" class=\"rank-math-list-item\">\n<h2 class=\"rank-math-question \">\u00bfPor qu\u00e9 reciclar cartuchos de tinta?<\/h2>\n<div class=\"rank-math-answer \">\n<img loading=\"lazy\" decoding=\"async\" width=\"300\" height=\"122\" src=\"https:\/\/quecartucho.es\/blog\/wp-content\/uploads\/2023\/06\/Reciclar-cartuchos-de-tinta-300x122.png\" class=\"alignright\" alt=\"Reciclar cartuchos de tinta vacios\" title=\"\">\n<p>Vale, hasta aqu\u00ed muy bonito todo. Pero si todav\u00eda no tienes muy claro <strong>por qu\u00e9 hay que comprar cartuchos compatibles, <\/strong>aqu\u00ed tienes 3 razones convincentes para que te acabes de decidir:<\/p>\n\n<\/div>\n<\/div>\n<\/div>\n<\/div>\n\n\n<ul class=\"wp-block-list\">\n<li>Primero, est\u00e1 el <strong>impacto ambiental<\/strong>. Puede que pienses que es poca cosa, pero reciclar un solo cartucho de tinta ahorra alrededor de 11 litros de petr\u00f3leo y minimiza los residuos pl\u00e1sticos. Adem\u00e1s, la producci\u00f3n de cartuchos de tinta nuevos produce gases de efecto invernadero, lo que contribuye al calentamiento global. Entonces, \u00bfpor qu\u00e9 no dar un paso hacia un planeta m\u00e1s verde comprando cartuchos de tinta reciclados? S\u00ed, tus peque\u00f1as acciones hacen la diferencia.<\/li>\n<\/ul>\n\n\n\n<ul class=\"wp-block-list\">\n<li>Segundo, est\u00e1 el <strong>impacto econ\u00f3mico<\/strong>. Los cartuchos de tinta reciclados suelen ser m\u00e1s baratos que los nuevos. Ah\u00ed est\u00e1, te lo hemos dicho: m\u00e1s baratos. Y no, no estamos bromeando. \u00bfPor qu\u00e9 gastar m\u00e1s cuando puedes obtener la misma calidad, o incluso mejor, por menos?<\/li>\n<\/ul>\n\n\n\n<ul class=\"wp-block-list\">\n<li>Y tercero, est\u00e1 el <strong>impacto en la calidad<\/strong>. Mucha gente tiene la idea err\u00f3nea de que los cartuchos de tinta reciclados son de alguna manera inferiores a los nuevos. Pero eso no podr\u00eda estar m\u00e1s lejos de la realidad. En nuestra tienda online, ofrecemos una amplia gama de cartuchos de tinta reciclados de alta calidad que son 100% compatibles con tu impresora. Y como nos gusta decir, lo mejor que puedes hacer si no te acabas de fiar no es leernos a nosotros, sino leer los montones de rese\u00f1as positivas que tienen nuestros cartuchos.<\/li>\n<\/ul>\n\n\n\n<h2 class=\"wp-block-heading\">\u00bfReciclado? \u00a1S\u00ed, <em>porfaplis<\/em>!<\/h2>\n\n\n\n<div class=\"wp-block-columns is-layout-flex wp-container-core-columns-is-layout-9d6595d7 wp-block-columns-is-layout-flex\">\n<div class=\"wp-block-column is-layout-flow wp-block-column-is-layout-flow\" style=\"flex-basis:66.66%\">\n<p><\/p>\n\n\n\n<p>La pr\u00f3xima vez que tu impresora empiece a chillar por m\u00e1s tinta, haz una elecci\u00f3n inteligente y opta por un <strong>cartucho reciclado<\/strong>. Ahorrar\u00e1s dinero, ayudar\u00e1s al medio ambiente y recibir\u00e1s un producto de alta calidad. Es un <em>win-win <\/em>en toda regla, oye.<\/p>\n\n\n\n<p>As\u00ed que pl\u00e1ntale cara al despilfarro que te proponen las grandes marcas y \u00fanete a nosotros en la rebeld\u00eda de los cartuchos 100% compatible. Entra en nuestra <a href=\"http:\/\/quecartucho.es\/\">tienda online<\/a> como si estuvieras en tu casa y descubre todo los cartuchos de tinta reciclados que tenemos para tu impresora (s\u00ed, s\u00ed, para esa \u201cmarca rara que nadie tiene y me cuesta horrores encontrar consumibles\u201d, tambi\u00e9n).<\/p>\n<\/div>\n\n\n\n<div class=\"wp-block-column is-layout-flow wp-block-column-is-layout-flow\" style=\"flex-basis:33.33%\">\n<figure class=\"wp-block-image size-full\"><a href=\"https:\/\/quecartucho.es\/blog\/cartuchos\/reciclados\/\"><img loading=\"lazy\" decoding=\"async\" width=\"800\" height=\"800\" src=\"https:\/\/quecartucho.es\/blog\/wp-content\/uploads\/2023\/06\/Cartucho-recicldo.jpg\" alt=\"Cartucho reciclado\" class=\"wp-image-19618\" title=\"\" srcset=\"https:\/\/quecartucho.es\/blog\/wp-content\/uploads\/2023\/06\/Cartucho-recicldo.jpg 800w, https:\/\/quecartucho.es\/blog\/wp-content\/uploads\/2023\/06\/Cartucho-recicldo-300x300.jpg 300w, https:\/\/quecartucho.es\/blog\/wp-content\/uploads\/2023\/06\/Cartucho-recicldo-150x150.jpg 150w, https:\/\/quecartucho.es\/blog\/wp-content\/uploads\/2023\/06\/Cartucho-recicldo-768x768.jpg 768w, https:\/\/quecartucho.es\/blog\/wp-content\/uploads\/2023\/06\/Cartucho-recicldo-120x120.jpg 120w\" sizes=\"auto, (max-width: 800px) 100vw, 800px\" \/><\/a><\/figure>\n<\/div>\n<\/div>\n\n\n\n<p>Recuerda, cada peque\u00f1o acto cuenta en la lucha por un futuro m\u00e1s sostenible y, por qu\u00e9 no, por un bolsillo m\u00e1s lleno para ti y para que te lo gastes en lo que t\u00fa quieras y no solo en cartuchos.<\/p>\n","protected":false},"excerpt":{"rendered":"<p>En el caos diario de la impresi\u00f3n en casa o en la oficina, los cartuchos de tinta desempe\u00f1an un papel muy importante. Su labor no termina una vez que han dado su \u00faltimo suspiro de tinta. \u00a1No! Aqu\u00ed es cuando comienza la odisea de su reutilizaci\u00f3n y reciclaje. As\u00ed que si alguna vez en tu&hellip;&nbsp;<a href=\"https:\/\/quecartucho.es\/blog\/cartuchos\/reciclados\/como-se-reciclan-los-cartuchos-de-impresora\/\" rel=\"bookmark\">Leer m\u00e1s &raquo;<span class=\"screen-reader-text\">\u00bfC\u00f3mo se reciclan los cartuchos de impresora?<\/span><\/a><\/p>\n","protected":false},"author":1,"featured_media":19622,"parent":3442,"menu_order":0,"comment_status":"open","ping_status":"closed","template":"","meta":{"neve_meta_sidebar":"","neve_meta_container":"","neve_meta_enable_content_width":"","neve_meta_content_width":0,"neve_meta_title_alignment":"","neve_meta_author_avatar":"","neve_post_elements_order":"","neve_meta_disable_header":"","neve_meta_disable_footer":"","neve_meta_disable_title":"","episode_type":"","audio_file":"","podmotor_file_id":"","podmotor_episode_id":"","cover_image":"","cover_image_id":"","duration":"","filesize":"","filesize_raw":"","date_recorded":"","explicit":"","block":"","footnotes":""},"class_list":["post-19614","page","type-page","status-publish","has-post-thumbnail","hentry"],"_links":{"self":[{"href":"https:\/\/quecartucho.es\/blog\/wp-json\/wp\/v2\/pages\/19614","targetHints":{"allow":["GET"]}}],"collection":[{"href":"https:\/\/quecartucho.es\/blog\/wp-json\/wp\/v2\/pages"}],"about":[{"href":"https:\/\/quecartucho.es\/blog\/wp-json\/wp\/v2\/types\/page"}],"author":[{"embeddable":true,"href":"https:\/\/quecartucho.es\/blog\/wp-json\/wp\/v2\/users\/1"}],"replies":[{"embeddable":true,"href":"https:\/\/quecartucho.es\/blog\/wp-json\/wp\/v2\/comments?post=19614"}],"version-history":[{"count":2,"href":"https:\/\/quecartucho.es\/blog\/wp-json\/wp\/v2\/pages\/19614\/revisions"}],"predecessor-version":[{"id":19624,"href":"https:\/\/quecartucho.es\/blog\/wp-json\/wp\/v2\/pages\/19614\/revisions\/19624"}],"up":[{"embeddable":true,"href":"https:\/\/quecartucho.es\/blog\/wp-json\/wp\/v2\/pages\/3442"}],"wp:featuredmedia":[{"embeddable":true,"href":"https:\/\/quecartucho.es\/blog\/wp-json\/wp\/v2\/media\/19622"}],"wp:attachment":[{"href":"https:\/\/quecartucho.es\/blog\/wp-json\/wp\/v2\/media?parent=19614"}],"curies":[{"name":"wp","href":"https:\/\/api.w.org\/{rel}","templated":true}]}}