{"id":20006,"date":"2023-08-01T11:59:00","date_gmt":"2023-08-01T09:59:00","guid":{"rendered":"https:\/\/quecartucho.es\/blog\/?page_id=20006"},"modified":"2023-08-02T16:25:54","modified_gmt":"2023-08-02T14:25:54","slug":"como-instalar-una-impresora-hp","status":"publish","type":"page","link":"https:\/\/quecartucho.es\/blog\/como-se-instala-una-impresora\/como-instalar-una-impresora-hp\/","title":{"rendered":"C\u00f3mo instalar una impresora HP"},"content":{"rendered":"\n<p>\u00bfTe has decidido por la compra de una <strong>impresora HP<\/strong>? Una vez que la tengas colocada d\u00f3nde va a ir, el siguiente paso es hacer la instalaci\u00f3n. <a href=\"https:\/\/quecartucho.es\/blog\/como-instalar-una-impresora-sin-cd\/\">Ya no se llevan los CDs de instalaci\u00f3n: no todas las impresoras los llevan<\/a> y, si los traen, es posible que sea mejor trabajar con drivers m\u00e1s actuales.<\/p>\n\n\n\n<p>Las impresoras actuales son cada vez m\u00e1s aut\u00f3nomas e inteligentes; est\u00e1n dise\u00f1adas para trabajar tanto de manera independiente, c\u00f3mo para conectarse con los diferentes equipos inform\u00e1ticos en una red local.<\/p>\n\n\n\n<p>Para que el proceso de <strong>c\u00f3mo instalar una impresora HP<\/strong> sea m\u00e1s sencillo, nosotros podemos ayudarte. Muy pronto, estar\u00e1s sacando las mejores impresiones y exprimiendo al m\u00e1ximo esas <strong><a href=\"https:\/\/quecartucho.es\/\">tintas<\/a> <\/strong>para obtener resultados sorprendentes. As\u00ed que, sin m\u00e1s pre\u00e1mbulos, \u00a1vamos a sumergirnos en el fascinante mundo de la impresi\u00f3n! \ud83d\udda8\ufe0f\ud83d\udca5<\/p>\n\n\n\n<h2 class=\"wp-block-heading\"><strong>Instalaci\u00f3n de los drivers de una impresora HP<\/strong><\/h2>\n\n\n\n<h3 class=\"wp-block-heading\"><strong>Con CD oficial de instalaci\u00f3n (No recomendado)<\/strong><\/h3>\n\n\n\n<p>Aunque con el CD oficial funcionar\u00e1 la impresora, es muy probable que los drivers no est\u00e9n actualizados. Esto quiere decir que no se habr\u00e1n solucionado los \u00faltimos <em>bugs<\/em> (errores). <\/p>\n\n\n\n<ul class=\"has-background wp-block-list\" style=\"background-color:#cbf8c5\">\n<li>Es una buena soluci\u00f3n, por s\u00ed, por los motivos que sean, no nos podemos conectar a Internet. <\/li>\n\n\n\n<li>Tambi\u00e9n es la mejor soluci\u00f3n para cuando vamos a utilizar <strong><a href=\"https:\/\/quecartucho.es\/4336-cartuchos-de-tinta-hp-compatibles\">cartuchos de tinta HP compatibles<\/a><\/strong>, ya que los nevos driver HP incorporan firmware, que no mejora la impresora y que como \u00fanica finalidad tiene que no funcione la impresora con cartuchos que no sean los originales.<\/li>\n<\/ul>\n\n\n\n<p>Tiene una pega: <strong>necesitas un lector de CD<\/strong>. Si tu ordenador f\u00edsico o port\u00e1til es actual, es posible que no lo tenga.<\/p>\n\n\n\n<p>1) &nbsp; &nbsp; Conecta la impresora a la corriente e introduce el CD de instalaci\u00f3n en el ordenador.<\/p>\n\n\n\n<p>2) &nbsp; &nbsp; El proceso de instalaci\u00f3n suele consistir en una sucesi\u00f3n de botones de \u201cSiguiente\u201d y aceptar las condiciones.<\/p>\n\n\n\n<p>3) &nbsp; &nbsp; En alg\u00fan momento durante la instalaci\u00f3n se te pedir\u00e1 que <strong>conectes el cable USB <\/strong>para conseguir la conexi\u00f3n entre el equipo y el perif\u00e9rico.<\/p>\n\n\n\n<p><strong>Importante: <\/strong>podr\u00eda darse el caso de que no se ejecute el programa de instalaci\u00f3n, o que se produzca alg\u00fan problema. Quiz\u00e1, esos drivers no est\u00e9n preparados para ejecutarse en esta versi\u00f3n de sistema operativo (por ejemplo, podr\u00edan ser para Windows XP y t\u00fa los est\u00e1s intentando instalar en Windows 10). En ese caso, la \u00fanica soluci\u00f3n es trabajar con drivers actualizados.<\/p>\n\n\n<div class=\"wp-block-image\">\n<figure class=\"aligncenter size-large\"><img loading=\"lazy\" decoding=\"async\" width=\"1024\" height=\"575\" src=\"https:\/\/quecartucho.es\/blog\/wp-content\/uploads\/2023\/08\/Instalacion-de-los-drivers-de-una-impresora-HP-1-1024x575.jpg\" alt=\"Instalaci\u00f3n de los drivers de una impresora HP\" class=\"wp-image-20066\" title=\"\" srcset=\"https:\/\/quecartucho.es\/blog\/wp-content\/uploads\/2023\/08\/Instalacion-de-los-drivers-de-una-impresora-HP-1-1024x575.jpg 1024w, https:\/\/quecartucho.es\/blog\/wp-content\/uploads\/2023\/08\/Instalacion-de-los-drivers-de-una-impresora-HP-1-300x169.jpg 300w, https:\/\/quecartucho.es\/blog\/wp-content\/uploads\/2023\/08\/Instalacion-de-los-drivers-de-una-impresora-HP-1-768x431.jpg 768w, https:\/\/quecartucho.es\/blog\/wp-content\/uploads\/2023\/08\/Instalacion-de-los-drivers-de-una-impresora-HP-1.jpg 1200w\" sizes=\"auto, (max-width: 1024px) 100vw, 1024px\" \/><\/figure>\n<\/div>\n\n\n<h3 class=\"wp-block-heading\"><strong>Con drivers actualizados (sin CD)<\/strong><\/h3>\n\n\n\n<p>Si tienes conexi\u00f3n a Internet, olv\u00eddate del CD. Aqu\u00ed tienes un par de opciones a seguir:<\/p>\n\n\n\n<ul class=\"wp-block-list\">\n<li>&nbsp; &nbsp; &nbsp; <strong>Windows Update: <\/strong>es una herramienta incluida en el propio n\u00facleo de Windows. A trav\u00e9s de la misma, el sistema accede a una base de datos muy completa en donde deber\u00eda estar el driver de la impresora HP. Aunque lo parezca, tampoco es la mejor soluci\u00f3n.<\/li>\n\n\n\n<li>&nbsp; &nbsp; &nbsp; <strong>Drivers oficiales de la web de HP: <\/strong>c\u00f3mo ya te puedes imaginar, esta es la mejor opci\u00f3n. Los <strong>drivers oficiales de HP<\/strong> te garantizan un funcionamiento \u00f3ptimo de la impresora. Pero no solo eso, sino que a veces tambi\u00e9n tienen alg\u00fan que otro software para controlar las propiedades de la impresora, como elegir la calidad de impresi\u00f3n, control del esc\u00e1ner, entre otras funcionalidades.<\/li>\n<\/ul>\n\n\n\n<h2 class=\"wp-block-heading\"><strong>Descubre c\u00f3mo instalar una impresora HP: Paso a paso<\/strong><\/h2>\n\n\n\n<h3 class=\"wp-block-heading\"><strong>Instalar una impresora de la marca HP con cable USB<\/strong><\/h3>\n\n\n\n<p>Sigue estos pasos para instalar la impresora usando el cable USB:<\/p>\n\n\n\n<p>1) &nbsp; &nbsp; Enchufa la impresora a la luz, <strong>pero todav\u00eda no conectes el cable USB<\/strong>.<\/p>\n\n\n\n<p>2) &nbsp; &nbsp; Instala los drivers tal y c\u00f3mo hemos visto en el punto anterior.<\/p>\n\n\n\n<p>3) &nbsp; &nbsp; Durante el <strong>asistente de instalaci\u00f3n<\/strong> podr\u00edas llegar a un punto en el que se te indique que es el momento de conectar la impresora por USB. Si esto ocurre, sigue las instrucciones y quedar\u00e1 lista para usarse.<\/p>\n\n\n\n<p>4) \u00a0 \u00a0 Pero si no ocurre, simplemente conecta la impresora cuando haya terminado el proceso. El sistema operativo la instalar\u00e1 porque ya tiene los drivers.<\/p>\n\n\n<div class=\"wp-block-image\">\n<figure class=\"aligncenter size-large\"><img loading=\"lazy\" decoding=\"async\" width=\"1024\" height=\"576\" src=\"https:\/\/quecartucho.es\/blog\/wp-content\/uploads\/2023\/08\/Instalar-una-impresora-laser-de-la-marca-HP-con-cable-USB-1024x576.jpg\" alt=\"Instalar una impresora l\u00e1ser de la marca HP con cable USB\" class=\"wp-image-20067\" title=\"\" srcset=\"https:\/\/quecartucho.es\/blog\/wp-content\/uploads\/2023\/08\/Instalar-una-impresora-laser-de-la-marca-HP-con-cable-USB-1024x576.jpg 1024w, https:\/\/quecartucho.es\/blog\/wp-content\/uploads\/2023\/08\/Instalar-una-impresora-laser-de-la-marca-HP-con-cable-USB-300x169.jpg 300w, https:\/\/quecartucho.es\/blog\/wp-content\/uploads\/2023\/08\/Instalar-una-impresora-laser-de-la-marca-HP-con-cable-USB-768x432.jpg 768w, https:\/\/quecartucho.es\/blog\/wp-content\/uploads\/2023\/08\/Instalar-una-impresora-laser-de-la-marca-HP-con-cable-USB.jpg 1280w\" sizes=\"auto, (max-width: 1024px) 100vw, 1024px\" \/><figcaption class=\"wp-element-caption\">Instalar una impresora l\u00e1ser de la marca HP con cable USB<\/figcaption><\/figure>\n<\/div>\n\n\n<h3 class=\"wp-block-heading\"><strong>Instalar una impresora HP WiFi<\/strong><\/h3>\n\n\n\n<p>Esta forma de configuraci\u00f3n no es dif\u00edcil, pero hay varios caminos que puedes escoger:<\/p>\n\n\n\n<ul class=\"wp-block-list\">\n<li>&nbsp; &nbsp; &nbsp; <strong>WPS: <\/strong>si tu impresora tiene tecnolog\u00eda WPS, esta es la forma m\u00e1s f\u00e1cil de hacer las cosas. Pulsa el bot\u00f3n WiFi del perif\u00e9rico hasta que parpadee y en el router pulsa el bot\u00f3n WPS hasta que la luz est\u00e9 intermitente. No deber\u00eda durar m\u00e1s de unos minutos para que la impresora quede sincronizada.<\/li>\n\n\n\n<li>&nbsp; &nbsp; &nbsp; <strong>Pantalla LCD: <\/strong>si la impresora tiene LCD, puedes acceder a la secci\u00f3n de <strong>configuraci\u00f3n de red inal\u00e1mbrica<\/strong> o conectarte a la red que proceda. Para que esto funcione, debes conocer tanto el SSID, como la contrase\u00f1a.<\/li>\n\n\n\n<li>&nbsp; &nbsp; &nbsp; <strong>Conexi\u00f3n por cable: <\/strong>algunas impresoras nos dan la opci\u00f3n de conectarse por cable al ordenador para hacer la configuraci\u00f3n WiFi de forma autom\u00e1tica. Es una buena alternativa si falla todo lo dem\u00e1s.<\/li>\n<\/ul>\n\n\n\n<p>Cuando la impresora se haya conectado, habr\u00e1 que terminar el proceso desde el sistema operativo.<\/p>\n\n\n\n<p>1) &nbsp; &nbsp; Accede a <strong>Panel de control -&gt; Dispositivos e impresoras.<\/strong><\/p>\n\n\n\n<p>2) &nbsp; &nbsp; Pulsa en <strong>Agregar impresora<\/strong>.<\/p>\n\n\n\n<p>3) &nbsp; &nbsp; Dependiendo de la velocidad de la red local, tardar\u00e1 m\u00e1s o menos en cargar un listado con las impresoras disponibles. Busca la tuya y haz clic en la misma.<\/p>\n\n\n\n<p>4) &nbsp; &nbsp; Espera a que el sistema termine de hacer la configuraci\u00f3n y la impresora habr\u00e1 quedado vinculada con el equipo inform\u00e1tico. Puedes aprovechar este punto para <strong>convertirla en predeterminada<\/strong>.<\/p>\n\n\n\n<p>C\u00f3mo ves, existen diferentes formas para <strong>instalar una impresora HP<\/strong>. No dudes en elegir la que m\u00e1s sencilla te resulte de entender.&nbsp;<\/p>\n","protected":false},"excerpt":{"rendered":"<p>\u00bfTe has decidido por la compra de una impresora HP? Una vez que la tengas colocada d\u00f3nde va a ir, el siguiente paso es hacer la instalaci\u00f3n. Ya no se llevan los CDs de instalaci\u00f3n: no todas las impresoras los llevan y, si los traen, es posible que sea mejor trabajar con drivers m\u00e1s actuales.&hellip;&nbsp;<a href=\"https:\/\/quecartucho.es\/blog\/como-se-instala-una-impresora\/como-instalar-una-impresora-hp\/\" rel=\"bookmark\">Leer m\u00e1s &raquo;<span class=\"screen-reader-text\">C\u00f3mo instalar una impresora HP<\/span><\/a><\/p>\n","protected":false},"author":1,"featured_media":20063,"parent":19967,"menu_order":0,"comment_status":"open","ping_status":"closed","template":"","meta":{"neve_meta_sidebar":"","neve_meta_container":"","neve_meta_enable_content_width":"","neve_meta_content_width":0,"neve_meta_title_alignment":"","neve_meta_author_avatar":"","neve_post_elements_order":"","neve_meta_disable_header":"","neve_meta_disable_footer":"","neve_meta_disable_title":"","episode_type":"","audio_file":"","podmotor_file_id":"","podmotor_episode_id":"","cover_image":"","cover_image_id":"","duration":"","filesize":"","filesize_raw":"","date_recorded":"","explicit":"","block":"","footnotes":""},"class_list":["post-20006","page","type-page","status-publish","has-post-thumbnail","hentry"],"_links":{"self":[{"href":"https:\/\/quecartucho.es\/blog\/wp-json\/wp\/v2\/pages\/20006","targetHints":{"allow":["GET"]}}],"collection":[{"href":"https:\/\/quecartucho.es\/blog\/wp-json\/wp\/v2\/pages"}],"about":[{"href":"https:\/\/quecartucho.es\/blog\/wp-json\/wp\/v2\/types\/page"}],"author":[{"embeddable":true,"href":"https:\/\/quecartucho.es\/blog\/wp-json\/wp\/v2\/users\/1"}],"replies":[{"embeddable":true,"href":"https:\/\/quecartucho.es\/blog\/wp-json\/wp\/v2\/comments?post=20006"}],"version-history":[{"count":5,"href":"https:\/\/quecartucho.es\/blog\/wp-json\/wp\/v2\/pages\/20006\/revisions"}],"predecessor-version":[{"id":20068,"href":"https:\/\/quecartucho.es\/blog\/wp-json\/wp\/v2\/pages\/20006\/revisions\/20068"}],"up":[{"embeddable":true,"href":"https:\/\/quecartucho.es\/blog\/wp-json\/wp\/v2\/pages\/19967"}],"wp:featuredmedia":[{"embeddable":true,"href":"https:\/\/quecartucho.es\/blog\/wp-json\/wp\/v2\/media\/20063"}],"wp:attachment":[{"href":"https:\/\/quecartucho.es\/blog\/wp-json\/wp\/v2\/media?parent=20006"}],"curies":[{"name":"wp","href":"https:\/\/api.w.org\/{rel}","templated":true}]}}