{"id":20008,"date":"2023-08-01T11:59:34","date_gmt":"2023-08-01T09:59:34","guid":{"rendered":"https:\/\/quecartucho.es\/blog\/?page_id=20008"},"modified":"2023-08-02T16:06:38","modified_gmt":"2023-08-02T14:06:38","slug":"como-instalar-una-impresora-epson","status":"publish","type":"page","link":"https:\/\/quecartucho.es\/blog\/como-se-instala-una-impresora\/como-instalar-una-impresora-epson\/","title":{"rendered":"C\u00f3mo instalar una impresora Epson"},"content":{"rendered":"\n<p>Si ha llegado el momento de renovar tu impresora, los modelos de la marca Epson son muy interesantes. Esta marca ofrece <strong>garant\u00eda de calidad<\/strong> en todos sus perif\u00e9ricos, de tal manera que podr\u00e1s acceder a un t\u00e9cnico especializado que te ayude con tus dudas y problemas si algo sale mal.<\/p>\n\n\n\n<p>Una de las caracter\u00edsticas que m\u00e1s destacan de las impresoras Epson es su <strong>facilidad de instalaci\u00f3n<\/strong>. Y es que la marca dise\u00f1a perif\u00e9ricos para usuarios reales y estos buscan la sencillez desde el momento en el que instalan la impresora, hasta que imprimen con ella.<\/p>\n\n\n\n<p>\u00bfEst\u00e1s ansioso por saber c\u00f3mo poner en marcha tu impresora Epson y exprimir al m\u00e1ximo esos <strong><a href=\"https:\/\/quecartucho.es\/\">cartuchos<\/a><\/strong> de tinta para obtener trabajos n\u00edtidos y bien definidos o las fotos del \u00faltimo viaje con los colores vibrantes? \u00a1Pues no busques m\u00e1s! Aqu\u00ed, en este emocionante rinconcito, te revelamos todos los secretos para que te conviertas en un maestro de la impresi\u00f3n. \u00a1Acomp\u00e1\u00f1anos y descubre el fascinante mundo de la tinta! \ud83d\udda8\ufe0f\ud83c\udf08<\/p>\n\n\n\n<h2 class=\"wp-block-heading\"><strong>Proceso para instalar una impresora Epson<\/strong><\/h2>\n\n\n\n<h3 class=\"wp-block-heading\"><strong>Instalaci\u00f3n de drivers<\/strong><\/h3>\n\n\n\n<p>Un driver es un programa para ordenador que hace posible la comunicaci\u00f3n entre el sistema y el perif\u00e9rico.<\/p>\n\n\n\n<p>Existe la posibilidad de que los sistemas m\u00e1s modernos (Windows 10 y 11) tengan ya instalados los drivers, pero se recomienda <strong>descargarlos desde la web oficial<\/strong>. As\u00ed te aseguras de que est\u00e1n lo m\u00e1s actualizados posible, algo clave para evitar cualquier tipo de problema.<\/p>\n\n\n\n<p>Este es el proceso a seguir para la <strong><a href=\"https:\/\/quecartucho.es\/blog\/como-instalar-una-impresora-sin-cd\/\">instalaci\u00f3n de los drivers baj\u00e1ndolos de internet<\/a><\/strong> para una impresora Epson:<\/p>\n\n\n\n<ul class=\"wp-block-list\">\n<li>1) &nbsp; &nbsp; Accede a la web de Epson. En el apartado de apps y software podr\u00e1s encontrar los controladores, listos para su descarga: tan solo <strong>indica tu modelo de impresora<\/strong> para descargar los adecuados.<\/li>\n\n\n\n<li>2) &nbsp; &nbsp; Una vez se hayan descargado, tan solo pulsa sobre el archivo y te aparecer\u00e1 el siguiente mensaje: <em>\u00bfDesea ejecutar este archivo<\/em>? Pulsa sobre Ejecutar para iniciar la instalaci\u00f3n.<\/li>\n\n\n\n<li>3) &nbsp; &nbsp; Lo primero que encontrar\u00e1s es el <strong>contrato de licencia<\/strong>. Siempre es interesante leerlo antes de firmar nada; pulsa sobre\u201d <strong>Acepto los t\u00e9rminos del contrato de licencia\u201d<\/strong> una vez que lo hayas hecho.<\/li>\n\n\n\n<li>4) &nbsp; &nbsp; El software debe mostrar un listado de las impresoras disponibles para poder configurarlas. Tan solo busca la tuya y haz clic sobre la misma. A continuaci\u00f3n, pulsa en <strong>siguiente<\/strong>.<\/li>\n\n\n\n<li>5) &nbsp; &nbsp; Haz clic sobre <strong>Registrar impresoras<\/strong> y te aparecer\u00e1n las <strong>cl\u00e1usulas y condiciones<\/strong> relacionadas con su uso. Cuando lo tengas todo claro, la forma de seguir avanzando es pulsar sobre la casilla de consentimiento y luego en <strong>Siguiente<\/strong>.<\/li>\n\n\n\n<li>6) &nbsp; &nbsp; Para registrar la impresora debes tener una <strong>cuenta en Epson Connect<\/strong>; si no la tienes no pasa nada, ya que en un punto del proceso de instalaci\u00f3n la podr\u00e1s crear.<\/li>\n\n\n\n<li>7) &nbsp; &nbsp; Logu\u00e9ate con tu cuenta y pulsa en <strong>a\u00f1adir nueva impresora<\/strong>. A partir de ese momento, la impresora habr\u00e1 quedado asociada con tu cuenta. Si m\u00e1s adelante la quieres quitar, puedes seguir este mismo proceso hasta el final y marcar <strong>quitar impresora<\/strong>.<\/li>\n<\/ul>\n\n\n\n<h3 class=\"wp-block-heading\"><strong>Configuraci\u00f3n de impresora Epson por cable o por red<\/strong><\/h3>\n\n\n<div class=\"wp-block-image\">\n<figure class=\"aligncenter size-large\"><img loading=\"lazy\" decoding=\"async\" width=\"1024\" height=\"654\" src=\"https:\/\/quecartucho.es\/blog\/wp-content\/uploads\/2023\/08\/Configuracion-de-impresora-Epson-por-cable-o-por-red-1024x654.webp\" alt=\"Configuraci\u00f3n de impresora Epson por cable o por red\" class=\"wp-image-20058\" title=\"\" srcset=\"https:\/\/quecartucho.es\/blog\/wp-content\/uploads\/2023\/08\/Configuracion-de-impresora-Epson-por-cable-o-por-red-1024x654.webp 1024w, https:\/\/quecartucho.es\/blog\/wp-content\/uploads\/2023\/08\/Configuracion-de-impresora-Epson-por-cable-o-por-red-300x191.webp 300w, https:\/\/quecartucho.es\/blog\/wp-content\/uploads\/2023\/08\/Configuracion-de-impresora-Epson-por-cable-o-por-red-768x490.webp 768w, https:\/\/quecartucho.es\/blog\/wp-content\/uploads\/2023\/08\/Configuracion-de-impresora-Epson-por-cable-o-por-red.webp 1313w\" sizes=\"auto, (max-width: 1024px) 100vw, 1024px\" \/><\/figure>\n<\/div>\n\n\n<p>Si te decides por la opci\u00f3n del cable USB, lo \u00fanico que tendr\u00e1s que hacer es conectarla y el sistema se encargar\u00e1 de configurarlo todo. Esto es debido a que le hemos dado al sistema operativo los controladores que necesita para completarlo, y todo esto ha ocurrido en el proceso anterior.<\/p>\n\n\n\n<p>Pero si <strong>tienes una impresora Ethernet o WiFI<\/strong>, la situaci\u00f3n cambia un poco.<\/p>\n\n\n\n<p>Lo m\u00e1s habitual es que la impresora detecte la red de forma autom\u00e1tica: pero si no es as\u00ed, el sistema te preguntar\u00e1 si la quieres conectar por conexi\u00f3n USB directa oa trav\u00e9s de WiFI.<\/p>\n\n\n\n<ul class=\"wp-block-list\">\n<li>&nbsp; &nbsp; &nbsp; <strong>Para instalar una impresora Epson por Ethernet<\/strong> tendr\u00e1s que acceder a <strong>Panel de Control -&gt; Dispositivos e impresoras -&gt; Agregar impresora<\/strong>. Pulsa en el modelo correspondiente en el listado que aparece. Si hubiese que seguir alg\u00fan que otro paso, el sistema te lo indicar\u00e1.<\/li>\n\n\n\n<li>&nbsp; &nbsp; &nbsp; <strong>Para instalar una impresora Epson WiFi <\/strong>tenemos un par de opciones:<\/li>\n<\/ul>\n\n\n\n<p>o \u00a0 <strong>Si se trata de una impresora con pantalla<\/strong>, tendr\u00e1s que tocar los botones (o el t\u00e1ctil) para acceder al Men\u00fa -> Configuraci\u00f3n de Red -> Configuraci\u00f3n WiFi (Esta ruta puede cambiar ligeramente, dependiendo de cada modelo). Pulsa en el <strong>Asistente de Configuraci\u00f3n WiFi<\/strong> y aseg\u00farate de elegir el SSID (nombre de la red WiFI) que corresponde, as\u00ed como su contrase\u00f1a. No estar\u00eda de m\u00e1s que marcases la opci\u00f3n de \u201cImprimir p\u00e1gina de prueba\u201d para determinar que todo funciona correctamente.<\/p>\n\n\n<div class=\"wp-block-image\">\n<figure class=\"aligncenter size-large\"><img loading=\"lazy\" decoding=\"async\" width=\"1024\" height=\"576\" src=\"https:\/\/quecartucho.es\/blog\/wp-content\/uploads\/2023\/08\/instalar-una-impresora-Epson-por-Ethernet-1024x576.jpg\" alt=\"instalar una impresora Epson por Ethernet\" class=\"wp-image-20059\" title=\"\" srcset=\"https:\/\/quecartucho.es\/blog\/wp-content\/uploads\/2023\/08\/instalar-una-impresora-Epson-por-Ethernet-1024x576.jpg 1024w, https:\/\/quecartucho.es\/blog\/wp-content\/uploads\/2023\/08\/instalar-una-impresora-Epson-por-Ethernet-300x169.jpg 300w, https:\/\/quecartucho.es\/blog\/wp-content\/uploads\/2023\/08\/instalar-una-impresora-Epson-por-Ethernet-768x432.jpg 768w, https:\/\/quecartucho.es\/blog\/wp-content\/uploads\/2023\/08\/instalar-una-impresora-Epson-por-Ethernet.jpg 1280w\" sizes=\"auto, (max-width: 1024px) 100vw, 1024px\" \/><figcaption class=\"wp-element-caption\">Instalar una impresora Epson por Ethernet<\/figcaption><\/figure>\n<\/div>\n\n\n<p>o \u00a0 <strong>Conexi\u00f3n de un cable temporal: <\/strong>otra opci\u00f3n que se presenta es la de conectar un cable USB para completar la conexi\u00f3n WiFI. Esta opci\u00f3n se encuentra desde el Panel de control, en el <strong>m\u00e9todo de configuraci\u00f3n del asistente para configurar una impresora WiFi<\/strong>. Al pulsar en \u201cconectar un cable USB temporalmente\u201d tendr\u00e1s que conectarlo cuando se te pida y quitarlo cuando lo diga el sistema. Simplemente, elige el nombre de la red WiFi deseada y su contrase\u00f1a. Pulsa en <strong>Aceptar<\/strong> y estar\u00e1 lista para imprimir.<\/p>\n\n\n\n<p>Estos son los diferentes <strong><a href=\"https:\/\/quecartucho.es\/blog\/como-se-instala-una-impresora\/como-instalar-una-impresora-samsung\/\" data-type=\"page\" data-id=\"20001\">caminos que tienes para instalar una impresora<\/a><\/strong> del fabricante Epson. Por lo general, no deber\u00eda existir ning\u00fan tipo de problema si sigues estos pasos. Sin embargo, aseg\u00farate de leer bien lo que te indican los asistentes y de utilizar el sentido com\u00fan: \u00a1Ver\u00e1s c\u00f3mo consigues <strong><a href=\"https:\/\/quecartucho.es\/blog\/como-se-instala-una-impresora\/\">instalar el perif\u00e9rico<\/a><\/strong> sin complicaciones!<\/p>\n","protected":false},"excerpt":{"rendered":"<p>Si ha llegado el momento de renovar tu impresora, los modelos de la marca Epson son muy interesantes. Esta marca ofrece garant\u00eda de calidad en todos sus perif\u00e9ricos, de tal manera que podr\u00e1s acceder a un t\u00e9cnico especializado que te ayude con tus dudas y problemas si algo sale mal. Una de las caracter\u00edsticas que&hellip;&nbsp;<a href=\"https:\/\/quecartucho.es\/blog\/como-se-instala-una-impresora\/como-instalar-una-impresora-epson\/\" rel=\"bookmark\">Leer m\u00e1s &raquo;<span class=\"screen-reader-text\">C\u00f3mo instalar una impresora Epson<\/span><\/a><\/p>\n","protected":false},"author":1,"featured_media":20053,"parent":19967,"menu_order":0,"comment_status":"open","ping_status":"closed","template":"","meta":{"neve_meta_sidebar":"","neve_meta_container":"","neve_meta_enable_content_width":"","neve_meta_content_width":0,"neve_meta_title_alignment":"","neve_meta_author_avatar":"","neve_post_elements_order":"","neve_meta_disable_header":"","neve_meta_disable_footer":"","neve_meta_disable_title":"","episode_type":"","audio_file":"","podmotor_file_id":"","podmotor_episode_id":"","cover_image":"","cover_image_id":"","duration":"","filesize":"","filesize_raw":"","date_recorded":"","explicit":"","block":"","footnotes":""},"class_list":["post-20008","page","type-page","status-publish","has-post-thumbnail","hentry"],"_links":{"self":[{"href":"https:\/\/quecartucho.es\/blog\/wp-json\/wp\/v2\/pages\/20008","targetHints":{"allow":["GET"]}}],"collection":[{"href":"https:\/\/quecartucho.es\/blog\/wp-json\/wp\/v2\/pages"}],"about":[{"href":"https:\/\/quecartucho.es\/blog\/wp-json\/wp\/v2\/types\/page"}],"author":[{"embeddable":true,"href":"https:\/\/quecartucho.es\/blog\/wp-json\/wp\/v2\/users\/1"}],"replies":[{"embeddable":true,"href":"https:\/\/quecartucho.es\/blog\/wp-json\/wp\/v2\/comments?post=20008"}],"version-history":[{"count":5,"href":"https:\/\/quecartucho.es\/blog\/wp-json\/wp\/v2\/pages\/20008\/revisions"}],"predecessor-version":[{"id":20062,"href":"https:\/\/quecartucho.es\/blog\/wp-json\/wp\/v2\/pages\/20008\/revisions\/20062"}],"up":[{"embeddable":true,"href":"https:\/\/quecartucho.es\/blog\/wp-json\/wp\/v2\/pages\/19967"}],"wp:featuredmedia":[{"embeddable":true,"href":"https:\/\/quecartucho.es\/blog\/wp-json\/wp\/v2\/media\/20053"}],"wp:attachment":[{"href":"https:\/\/quecartucho.es\/blog\/wp-json\/wp\/v2\/media?parent=20008"}],"curies":[{"name":"wp","href":"https:\/\/api.w.org\/{rel}","templated":true}]}}