{"id":20077,"date":"2023-08-03T11:55:12","date_gmt":"2023-08-03T09:55:12","guid":{"rendered":"https:\/\/quecartucho.es\/blog\/?page_id=20077"},"modified":"2023-08-03T11:55:12","modified_gmt":"2023-08-03T09:55:12","slug":"como-elegir-cartuchos-de-tinta-compatible-de-alta-calidad","status":"publish","type":"page","link":"https:\/\/quecartucho.es\/blog\/cartuchos\/como-elegir-los-cartuchos-de-tu-impresora\/como-elegir-cartuchos-de-tinta-compatible-de-alta-calidad\/","title":{"rendered":"\u00bfC\u00f3mo elegir cartuchos de tinta compatible de alta calidad?"},"content":{"rendered":"\n<p>Uuuuyyyy, dif\u00edcil. Muy dif\u00edcil \ud83e\udd14. Hay que tener en cuenta taaaantas cosas: qui\u00e9n es el fabricante, cu\u00e1l es el rendimiento del cartucho, si lleva o no lleva chip, si est\u00e1 adscrito al Convenio Internacional de Cartuchos Unidos\u2026 Bufffff\u2026..<\/p>\n\n\n\n<p><br>Pero oye, a no desesperar. \u00bfPara qu\u00e9 estamos nosotros? No hace falta que te saques un M\u00e1ster del Universo \ud83c\udf93 en Ingenier\u00eda Cartuchil. Aqu\u00ed somos muy exquisitos y solo aceptamos los mejores <strong><a href=\"https:\/\/quecartucho.es\/\">cartuchos<\/a><\/strong>, la flor y nata, vamos.<\/p>\n\n\n<div class=\"wp-block-image\">\n<figure class=\"aligncenter size-large\"><a href=\"https:\/\/quecartucho.es\/\"><img loading=\"lazy\" decoding=\"async\" width=\"1024\" height=\"605\" src=\"https:\/\/quecartucho.es\/blog\/wp-content\/uploads\/2023\/08\/cartuchos-de-tinta-compatible-de-alta-calidad-1024x605.webp\" alt=\"cartuchos de tinta compatible de alta calidad\" class=\"wp-image-20081\" title=\"\" srcset=\"https:\/\/quecartucho.es\/blog\/wp-content\/uploads\/2023\/08\/cartuchos-de-tinta-compatible-de-alta-calidad-1024x605.webp 1024w, https:\/\/quecartucho.es\/blog\/wp-content\/uploads\/2023\/08\/cartuchos-de-tinta-compatible-de-alta-calidad-300x177.webp 300w, https:\/\/quecartucho.es\/blog\/wp-content\/uploads\/2023\/08\/cartuchos-de-tinta-compatible-de-alta-calidad-768x454.webp 768w, https:\/\/quecartucho.es\/blog\/wp-content\/uploads\/2023\/08\/cartuchos-de-tinta-compatible-de-alta-calidad.webp 1100w\" sizes=\"auto, (max-width: 1024px) 100vw, 1024px\" \/><\/a><\/figure>\n<\/div>\n\n\n<p><br>Al cartucho que no imprime con unos negros que matan de envidia a un calamar \ud83e\udd91, con unos colores que son la comidilla de los unicornios \ud83e\udd84, y que no duran m\u00e1s que un sem\u00e1foro \ud83d\udea6 en rojo cuando llegas tarde\u2026 \u00a1fuera! \ud83d\ude45\u200d\u2642\ufe0f<\/p>\n\n\n\n<p><br>Y oye, que no te tienes que fiar de nosotros\u2026 F\u00edate de las rese\u00f1as de nuestros clientes, que est\u00e1n m\u00e1s felices con sus cartuchos que un camale\u00f3n en una caja de ceras de colores.<\/p>\n\n\n\n<div class=\"wp-block-columns is-layout-flex wp-container-core-columns-is-layout-9d6595d7 wp-block-columns-is-layout-flex\">\n<div class=\"wp-block-column is-vertically-aligned-center is-layout-flow wp-block-column-is-layout-flow\">\n<p><\/p>\n\n\n\n<p>Si eres como yo, de los que tienes muchas dudas y quieres m\u00e1s informaci\u00f3n para saciar esa incertidumbre, puede que te interese nuestro art\u00edculo: <a href=\"http:\/\/\u00bfC\u00f3mo elegir los cartuchos de tu impresora?\" rel=\"nofollow\">\u00bfC\u00f3mo elegir los cartuchos de tu impresora?<\/a>. En \u00e9l detallamos todo el conocimiento destilado a nuestra oferta de productos en la web.<\/p>\n\n\n\n<p><\/p>\n\n\n\n<p>Si quieres saber m\u00e1s sobre \u00ab<strong>que es un cartucho compatible<\/strong>\u00bb puedes ponerlo en google y te manda a nuestra web o hacer clic directamente aqu\u00ed: \u00ab<a href=\"https:\/\/quecartucho.es\/blog\/cartuchos\/\">Cartuchos de tinta compatibles \u00bfQu\u00e9 son? Las 5 cosas que has de saber<\/a>\u00ab<\/p>\n\n\n\n<p><\/p>\n<\/div>\n\n\n\n<div class=\"wp-block-column is-layout-flow wp-block-column-is-layout-flow\">\n<figure class=\"wp-block-image size-full\"><a href=\"https:\/\/quecartucho.es\/16393-toneres\"><img loading=\"lazy\" decoding=\"async\" width=\"800\" height=\"800\" src=\"https:\/\/quecartucho.es\/blog\/wp-content\/uploads\/2023\/08\/cartuchos-de-toner-para-impresora-de-alta-calidad.webp\" alt=\"Cartuchos de toner para impresora de alta calidad\" class=\"wp-image-20080\" title=\"\" srcset=\"https:\/\/quecartucho.es\/blog\/wp-content\/uploads\/2023\/08\/cartuchos-de-toner-para-impresora-de-alta-calidad.webp 800w, https:\/\/quecartucho.es\/blog\/wp-content\/uploads\/2023\/08\/cartuchos-de-toner-para-impresora-de-alta-calidad-300x300.webp 300w, https:\/\/quecartucho.es\/blog\/wp-content\/uploads\/2023\/08\/cartuchos-de-toner-para-impresora-de-alta-calidad-150x150.webp 150w, https:\/\/quecartucho.es\/blog\/wp-content\/uploads\/2023\/08\/cartuchos-de-toner-para-impresora-de-alta-calidad-768x768.webp 768w, https:\/\/quecartucho.es\/blog\/wp-content\/uploads\/2023\/08\/cartuchos-de-toner-para-impresora-de-alta-calidad-120x120.webp 120w\" sizes=\"auto, (max-width: 800px) 100vw, 800px\" \/><\/a><\/figure>\n<\/div>\n<\/div>\n\n\n\n<p><\/p>\n\n\n\n<p><\/p>\n","protected":false},"excerpt":{"rendered":"<p>Uuuuyyyy, dif\u00edcil. Muy dif\u00edcil \ud83e\udd14. Hay que tener en cuenta taaaantas cosas: qui\u00e9n es el fabricante, cu\u00e1l es el rendimiento del cartucho, si lleva o no lleva chip, si est\u00e1 adscrito al Convenio Internacional de Cartuchos Unidos\u2026 Bufffff\u2026.. Pero oye, a no desesperar. \u00bfPara qu\u00e9 estamos nosotros? No hace falta que te saques un M\u00e1ster&hellip;&nbsp;<a href=\"https:\/\/quecartucho.es\/blog\/cartuchos\/como-elegir-los-cartuchos-de-tu-impresora\/como-elegir-cartuchos-de-tinta-compatible-de-alta-calidad\/\" rel=\"bookmark\">Leer m\u00e1s &raquo;<span class=\"screen-reader-text\">\u00bfC\u00f3mo elegir cartuchos de tinta compatible de alta calidad?<\/span><\/a><\/p>\n","protected":false},"author":1,"featured_media":20082,"parent":19795,"menu_order":0,"comment_status":"open","ping_status":"closed","template":"","meta":{"neve_meta_sidebar":"","neve_meta_container":"","neve_meta_enable_content_width":"","neve_meta_content_width":0,"neve_meta_title_alignment":"","neve_meta_author_avatar":"","neve_post_elements_order":"","neve_meta_disable_header":"","neve_meta_disable_footer":"","neve_meta_disable_title":"","episode_type":"","audio_file":"","podmotor_file_id":"","podmotor_episode_id":"","cover_image":"","cover_image_id":"","duration":"","filesize":"","filesize_raw":"","date_recorded":"","explicit":"","block":"","footnotes":""},"class_list":["post-20077","page","type-page","status-publish","has-post-thumbnail","hentry"],"_links":{"self":[{"href":"https:\/\/quecartucho.es\/blog\/wp-json\/wp\/v2\/pages\/20077","targetHints":{"allow":["GET"]}}],"collection":[{"href":"https:\/\/quecartucho.es\/blog\/wp-json\/wp\/v2\/pages"}],"about":[{"href":"https:\/\/quecartucho.es\/blog\/wp-json\/wp\/v2\/types\/page"}],"author":[{"embeddable":true,"href":"https:\/\/quecartucho.es\/blog\/wp-json\/wp\/v2\/users\/1"}],"replies":[{"embeddable":true,"href":"https:\/\/quecartucho.es\/blog\/wp-json\/wp\/v2\/comments?post=20077"}],"version-history":[{"count":3,"href":"https:\/\/quecartucho.es\/blog\/wp-json\/wp\/v2\/pages\/20077\/revisions"}],"predecessor-version":[{"id":20083,"href":"https:\/\/quecartucho.es\/blog\/wp-json\/wp\/v2\/pages\/20077\/revisions\/20083"}],"up":[{"embeddable":true,"href":"https:\/\/quecartucho.es\/blog\/wp-json\/wp\/v2\/pages\/19795"}],"wp:featuredmedia":[{"embeddable":true,"href":"https:\/\/quecartucho.es\/blog\/wp-json\/wp\/v2\/media\/20082"}],"wp:attachment":[{"href":"https:\/\/quecartucho.es\/blog\/wp-json\/wp\/v2\/media?parent=20077"}],"curies":[{"name":"wp","href":"https:\/\/api.w.org\/{rel}","templated":true}]}}