{"id":20757,"date":"2023-09-19T10:27:41","date_gmt":"2023-09-19T08:27:41","guid":{"rendered":"https:\/\/quecartucho.es\/blog\/?page_id=20757"},"modified":"2023-09-19T10:36:49","modified_gmt":"2023-09-19T08:36:49","slug":"que-es-la-tinta-pigmentada","status":"publish","type":"page","link":"https:\/\/quecartucho.es\/blog\/cartuchos\/cartuchos-de-tinta-compatibles-garantia-de-calidad-y-satisfaccion\/que-es-la-tinta-pigmentada\/","title":{"rendered":"\u00bfQu\u00e9 es la tinta pigmentada?"},"content":{"rendered":"\n<p>La tinta pigmentada es un <strong><a href=\"https:\/\/quecartucho.es\/blog\/tinta-de-impresora\/\">tipo de tinta utilizada en impresoras<\/a><\/strong> y otros dispositivos de impresi\u00f3n. A diferencia de la <a href=\"https:\/\/quecartucho.es\/blog\/cartuchos\/cartuchos-de-tinta-compatibles-garantia-de-calidad-y-satisfaccion\/que-es-la-tinta-a-base-al-agua-tinta-dye\/\" data-type=\"page\" data-id=\"20762\">tinta a base de agua<\/a>, que emplea colorantes solubles en agua, la tinta pigmentada usa part\u00edculas de pigmento s\u00f3lido suspendidas en un l\u00edquido especial, que generalmente contiene un agente de fijaci\u00f3n. Estas part\u00edculas de pigmento son peque\u00f1as part\u00edculas s\u00f3lidas que proporcionan colores vibrantes y duraderos en la impresi\u00f3n.<\/p>\n\n\n<div class=\"wp-block-image\">\n<figure class=\"aligncenter size-full\"><a href=\"https:\/\/quecartucho.es\/blog\/tinta-de-impresora\/\"><img loading=\"lazy\" decoding=\"async\" width=\"600\" height=\"308\" src=\"https:\/\/quecartucho.es\/blog\/wp-content\/uploads\/2023\/09\/tinta-pigmetnada-vs-tinta-al-agua.jpg\" alt=\"tinta pigmetnada vs tinta al agua\" class=\"wp-image-20758\" title=\"\" srcset=\"https:\/\/quecartucho.es\/blog\/wp-content\/uploads\/2023\/09\/tinta-pigmetnada-vs-tinta-al-agua.jpg 600w, https:\/\/quecartucho.es\/blog\/wp-content\/uploads\/2023\/09\/tinta-pigmetnada-vs-tinta-al-agua-300x154.jpg 300w\" sizes=\"auto, (max-width: 600px) 100vw, 600px\" \/><\/a><\/figure>\n<\/div>\n\n\n<p>Las tintas pigmentadas son conocidas por ser m\u00e1s resistentes al agua y al desvanecimiento en comparaci\u00f3n con las tintas a base de agua. Esto significa que las impresiones hechas con tinta pigmentada son menos propensas a correrse o desvanecerse cuando se exponen al agua o la luz solar, lo que las hace ideales para la impresi\u00f3n de fotograf\u00edas, documentos importantes, etiquetas de productos y otros materiales que requieren una alta durabilidad.<\/p>\n\n\n\n<p>Sin embargo, las tintas pigmentadas tienen algunas caracter\u00edsticas distintivas. Por ejemplo, si imprimes esta <strong><a href=\"https:\/\/quecartucho.es\/\">tinta para impresora<\/a><\/strong> tienden a secarse m\u00e1s lentamente que las tintas a base de agua, lo que puede requerir un tiempo adicional para que las impresiones est\u00e9n completamente secas al tocarlas. Adem\u00e1s, si la impresora no se utiliza con regularidad, las part\u00edculas de pigmento en la tinta pueden asentarse o apelmazarse en el fondo del cartucho, lo que puede afectar la calidad de impresi\u00f3n. Por esta raz\u00f3n, es relevante mantener y usar regularmente las impresoras que emplean tinta pigmentada.<\/p>\n\n\n\n<p>En resumen, la tinta pigmentada es un tipo de tinta que usa part\u00edculas de pigmento s\u00f3lido suspendidas en un l\u00edquido especial y es conocida por su durabilidad y resistencia al agua, lo que la hace adecuada para aplicaciones donde se requiere una alta calidad y durabilidad de impresi\u00f3n.<\/p>\n\n\n\n<p class=\"has-background\" style=\"background-color:#c0f097\">\u00bfSabes por qu\u00e9 las tintas son las \u2b50 estrellas de la impresora \ud83d\udda8\ufe0f? Porque siempre se est\u00e1n secando, \u00a1son unas divas del secado r\u00e1pido! \ud83d\ude04<\/p>\n\n\n\n<p><\/p>\n","protected":false},"excerpt":{"rendered":"<p>La tinta pigmentada es un tipo de tinta utilizada en impresoras y otros dispositivos de impresi\u00f3n. A diferencia de la tinta a base de agua, que emplea colorantes solubles en agua, la tinta pigmentada usa part\u00edculas de pigmento s\u00f3lido suspendidas en un l\u00edquido especial, que generalmente contiene un agente de fijaci\u00f3n. Estas part\u00edculas de pigmento&hellip;&nbsp;<a href=\"https:\/\/quecartucho.es\/blog\/cartuchos\/cartuchos-de-tinta-compatibles-garantia-de-calidad-y-satisfaccion\/que-es-la-tinta-pigmentada\/\" rel=\"bookmark\">Leer m\u00e1s &raquo;<span class=\"screen-reader-text\">\u00bfQu\u00e9 es la tinta pigmentada?<\/span><\/a><\/p>\n","protected":false},"author":1,"featured_media":20759,"parent":19859,"menu_order":0,"comment_status":"open","ping_status":"closed","template":"","meta":{"neve_meta_sidebar":"","neve_meta_container":"","neve_meta_enable_content_width":"","neve_meta_content_width":0,"neve_meta_title_alignment":"","neve_meta_author_avatar":"","neve_post_elements_order":"","neve_meta_disable_header":"","neve_meta_disable_footer":"","neve_meta_disable_title":"","episode_type":"","audio_file":"","podmotor_file_id":"","podmotor_episode_id":"","cover_image":"","cover_image_id":"","duration":"","filesize":"","filesize_raw":"","date_recorded":"","explicit":"","block":"","footnotes":""},"class_list":["post-20757","page","type-page","status-publish","has-post-thumbnail","hentry"],"_links":{"self":[{"href":"https:\/\/quecartucho.es\/blog\/wp-json\/wp\/v2\/pages\/20757","targetHints":{"allow":["GET"]}}],"collection":[{"href":"https:\/\/quecartucho.es\/blog\/wp-json\/wp\/v2\/pages"}],"about":[{"href":"https:\/\/quecartucho.es\/blog\/wp-json\/wp\/v2\/types\/page"}],"author":[{"embeddable":true,"href":"https:\/\/quecartucho.es\/blog\/wp-json\/wp\/v2\/users\/1"}],"replies":[{"embeddable":true,"href":"https:\/\/quecartucho.es\/blog\/wp-json\/wp\/v2\/comments?post=20757"}],"version-history":[{"count":3,"href":"https:\/\/quecartucho.es\/blog\/wp-json\/wp\/v2\/pages\/20757\/revisions"}],"predecessor-version":[{"id":20766,"href":"https:\/\/quecartucho.es\/blog\/wp-json\/wp\/v2\/pages\/20757\/revisions\/20766"}],"up":[{"embeddable":true,"href":"https:\/\/quecartucho.es\/blog\/wp-json\/wp\/v2\/pages\/19859"}],"wp:featuredmedia":[{"embeddable":true,"href":"https:\/\/quecartucho.es\/blog\/wp-json\/wp\/v2\/media\/20759"}],"wp:attachment":[{"href":"https:\/\/quecartucho.es\/blog\/wp-json\/wp\/v2\/media?parent=20757"}],"curies":[{"name":"wp","href":"https:\/\/api.w.org\/{rel}","templated":true}]}}