{"id":21048,"date":"2023-11-09T11:42:46","date_gmt":"2023-11-09T09:42:46","guid":{"rendered":"https:\/\/quecartucho.es\/blog\/?page_id=21048"},"modified":"2024-02-27T13:08:55","modified_gmt":"2024-02-27T11:08:55","slug":"mejores-marcas-de-cartuchos-de-tinta","status":"publish","type":"page","link":"https:\/\/quecartucho.es\/blog\/mejores-marcas-de-cartuchos-de-tinta\/","title":{"rendered":"Mejores marcas de cartuchos de tinta"},"content":{"rendered":"\n<h2 class=\"wp-block-heading\">Las mejores marcas de cartuchos de tinta en el mercado<\/h2>\n\n\n\n<div class=\"wp-block-columns are-vertically-aligned-center is-layout-flex wp-container-core-columns-is-layout-9d6595d7 wp-block-columns-is-layout-flex\">\n<div class=\"wp-block-column is-vertically-aligned-center is-layout-flow wp-block-column-is-layout-flow\">\n<p>\u00bfTe ha pasado que vas a imprimir ese documento urgent\u00edsimo que el siempre oportuno de tu jefe te ha encargado, y tu impresora parece un coche sin gasolina? Es cuando llega el momento \u00e9pico y glorioso de buscar los <strong>mejores <a href=\"https:\/\/quecartucho.es\/\">cartuchos<\/a> para tu impresora<\/strong>.<\/p>\n\n\n\n<p>Y entonces te asalta la pregunta: \u00bf<a href=\"https:\/\/quecartucho.es\/blog\/cartuchos\/cartuchos-de-tinta-originales\/\">originales<\/a> o compatibles?<\/p>\n\n\n\n<p>Vamos a tratar de responderla dando un repasito a las maravillas del mundo <em>cartuchil\u2026<\/em><\/p>\n<\/div>\n\n\n\n<div class=\"wp-block-column is-vertically-aligned-center is-layout-flow wp-block-column-is-layout-flow\">\n<figure class=\"wp-block-image size-full\"><a href=\"https:\/\/quecartucho.es\/16394-cartuchos-de-tinta\"><img loading=\"lazy\" decoding=\"async\" width=\"620\" height=\"500\" src=\"https:\/\/quecartucho.es\/blog\/wp-content\/uploads\/2023\/11\/merjor-marca-de-cartuchos-compatibles.jpg\" alt=\"Mejor marca de cartuchos compatibles\" class=\"wp-image-21052\" title=\"\" srcset=\"https:\/\/quecartucho.es\/blog\/wp-content\/uploads\/2023\/11\/merjor-marca-de-cartuchos-compatibles.jpg 620w, https:\/\/quecartucho.es\/blog\/wp-content\/uploads\/2023\/11\/merjor-marca-de-cartuchos-compatibles-300x242.jpg 300w\" sizes=\"auto, (max-width: 620px) 100vw, 620px\" \/><\/a><\/figure>\n<\/div>\n<\/div>\n\n\n\n<h2 class=\"wp-block-heading\">Las marcas m\u00e1s conocidas de cartuchos de impresora<\/h2>\n\n\n\n<p>Hasta los organismos unicelulares que habitan la Fosa de las Marianas han o\u00eddo hablar de los archifamosos cartuchos para las marcas m\u00e1s archifamosas de impresora: <strong>HP, Epson y Brother<\/strong>.<\/p>\n\n\n\n<p>\u00bfTe contamos los pros y contras de cada una?<\/p>\n\n\n\n<h3 class=\"wp-block-heading\"><a href=\"https:\/\/quecartucho.es\/4336-cartuchos-de-tinta-hp-compatibles\">Cartuchos HP<\/a><\/h3>\n\n\n\n<p><strong>PROS:<\/strong><\/p>\n\n\n\n<ul class=\"wp-block-list\">\n<li>Est\u00e1n dise\u00f1ados para trabajar en perfecta armon\u00eda con las impresoras HP, garantizando resultados que no te dejar\u00e1n con el\u2026 (eso) al aire.<\/li>\n\n\n\n<li>Proporcionan una calidad de impresi\u00f3n superior, con textos n\u00edtidos y colores vivos que ya los quisiera un unicornio para su crin.<\/li>\n\n\n\n<li>Las cosas como son: HP se gasta los cuartos en tecnolog\u00eda punta, lo cual se refleja en la precisi\u00f3n y calidad de sus cartuchos.<\/li>\n\n\n\n<li>A menudo, los cartuchos HP vienen con garant\u00edas de rendimiento, asegurando un n\u00famero determinado de p\u00e1ginas impresas por cartucho.<\/li>\n<\/ul>\n\n\n\n<p><strong>CONTRAS:<\/strong><\/p>\n\n\n\n<ul class=\"wp-block-list\">\n<li>Cada vez que tienes que comprar uno, te sientes como si estuvieras financiando una expedici\u00f3n a Marte.<\/li>\n<\/ul>\n\n\n\n<h3 class=\"wp-block-heading\"><a href=\"https:\/\/quecartucho.es\/4223-cartuchos-de-tinta-epson-compatibles\">Cartuchos Epson<\/a><\/h3>\n\n\n\n<p><strong>PROS<\/strong><\/p>\n\n\n\n<ul class=\"wp-block-list\">\n<li>Epson utiliza tecnolog\u00eda avanzada para que sus cartuchos produzcan impresiones de alta definici\u00f3n que parece que se van a salir del papel.<\/li>\n\n\n\n<li>Las impresiones con cartuchos Epson tienen una vida \u00fatil larga. Vamos, que lo que se imprime, se queda como forjado a fuego.<\/li>\n\n\n\n<li>Ofrecen cartuchos especializados, como los de tinta de sublimaci\u00f3n o los ecol\u00f3gicos EcoTank. Les gusta rizar el rizo y darle otra vuelta de tuerca a todo.<\/li>\n\n\n\n<li>Est\u00e1n dise\u00f1ados para maximizar la eficiencia y durabilidad de las impresoras Epson.<\/li>\n<\/ul>\n\n\n\n<p><strong>CONTRAS<\/strong><\/p>\n\n\n\n<p>Para comprarlos, tienes que rehipotecar tu casa, la de tus suegros y la del vecino del segundo.<\/p>\n\n\n\n<h3 class=\"wp-block-heading\"><a href=\"https:\/\/quecartucho.es\/2081-cartuchos-de-tinta-brother-compatible\">Cartuchos Brother<\/a><\/h3>\n\n\n\n<p><strong>PROS<\/strong><\/p>\n\n\n\n<ul class=\"wp-block-list\">\n<li>Mantienen tu impresora contenta, funcionando sin atascos de papel y sin otros problemas de impresi\u00f3n.<\/li>\n\n\n\n<li>No se cansan a medio camino, y proporcionan una calidad de impresi\u00f3n constante desde la primera hasta la \u00faltima p\u00e1gina.<\/li>\n\n\n\n<li>Est\u00e1n pensados como parte integral del dise\u00f1o de sus impresoras, asegurando una integraci\u00f3n perfecta.<\/li>\n<\/ul>\n\n\n\n<p><strong>CONTRAS<\/strong><\/p>\n\n\n\n<p>Preferir\u00edas pagar una multa de Hacienda que el precio que cuestan estos cartuchos.<\/p>\n\n\n\n<h2 class=\"wp-block-heading\">Cartuchos compatibles: lo bueno de los originales con un plus de felicidad<\/h2>\n\n\n\n<div class=\"wp-block-columns is-layout-flex wp-container-core-columns-is-layout-9d6595d7 wp-block-columns-is-layout-flex\">\n<div class=\"wp-block-column is-layout-flow wp-block-column-is-layout-flow\"><div class=\"wp-block-image\">\n<figure class=\"aligncenter size-large\"><a href=\"https:\/\/quecartucho.es\"><img loading=\"lazy\" decoding=\"async\" width=\"1024\" height=\"575\" src=\"https:\/\/quecartucho.es\/blog\/wp-content\/uploads\/2023\/11\/cartuchos-compatibles-1024x575.jpg\" alt=\"cartuchos compatibles\" class=\"wp-image-21050\" title=\"\" srcset=\"https:\/\/quecartucho.es\/blog\/wp-content\/uploads\/2023\/11\/cartuchos-compatibles-1024x575.jpg 1024w, https:\/\/quecartucho.es\/blog\/wp-content\/uploads\/2023\/11\/cartuchos-compatibles-300x169.jpg 300w, https:\/\/quecartucho.es\/blog\/wp-content\/uploads\/2023\/11\/cartuchos-compatibles-768x432.jpg 768w, https:\/\/quecartucho.es\/blog\/wp-content\/uploads\/2023\/11\/cartuchos-compatibles-1536x863.jpg 1536w, https:\/\/quecartucho.es\/blog\/wp-content\/uploads\/2023\/11\/cartuchos-compatibles.jpg 1920w\" sizes=\"auto, (max-width: 1024px) 100vw, 1024px\" \/><\/a><\/figure>\n<\/div><\/div>\n<\/div>\n\n\n\n<p>Ya te habr\u00e1s hecho una idea del problema que tienen los cartuchos originales, \u00bfno? De todos modos, vamos a decirlo claro y sin pelos en la lengua:<\/p>\n\n\n\n<p>\ud83d\udcb8 Son caros. Muy caros. Una pasada de caros.<\/p>\n\n\n\n<p>F\u00edjate si son caros, que hay personas que prefieren comprar una impresora nueva.<\/p>\n\n\n\n<p>\u00bfLa soluci\u00f3n?<\/p>\n\n\n\n<p>Los <a href=\"https:\/\/quecartucho.es\/16394-cartuchos-de-tinta\">mejores <u><strong>cartuchos compatibles de Quecartucho<\/strong><\/u><\/a>, con los que tendr\u00e1s todos los pros que te hemos explicado m\u00e1s arriba, y ninguno de los contras.<\/p>\n\n\n\n<p>Vamos: a precios de risa. S\u00ed s\u00ed, <strong>cartuchos para impresora baratos de calidad. <\/strong>Tal cual.<\/p>\n\n\n\n<p>Y adem\u00e1s:<\/p>\n\n\n\n<p>Entrega relampagueante, 5 a\u00f1os de garant\u00eda y servicio de atenci\u00f3n al cliente llevado por personas de verdad, no por contestadores autom\u00e1ticos de esos que nunca entienden lo que les dices.<\/p>\n\n\n\n<p>Entonces: \u00bfLos cartuchos compatibles son la panacea? Pues casi. Puede que no tengan la etiqueta \u201cde marca\u201d, pero imprimir\u00e1n como si fueran hijos de las mejores familias. Y sobre la duraci\u00f3n, que levante la mano el que no quiere que su dinero dure un poco m\u00e1s. Los cartuchos de Quecartucho vienen cargaditos hasta los topes, listos para maratones de impresi\u00f3n.<br><br><\/p>\n\n\n\n<h2 class=\"wp-block-heading\">Mejores cartuchos de tinta compatibles<\/h2>\n\n\n\n<p>Elegir los <strong>cartuchos de tinta<\/strong> adecuados para tu impresora es esencial para obtener buenos resultados. Aqu\u00ed tienes algunos consejos para tomar decisiones informadas:<\/p>\n\n\n\n<ul class=\"wp-block-list\">\n<li><strong>Tipo de impresora<\/strong>: Si imprimes con frecuencia, considera una impresora l\u00e1ser en lugar de una de inyecci\u00f3n de tinta. Las impresoras l\u00e1ser utilizan t\u00f3ner en lugar de cartuchos de tinta, lo que suele resultar en costos de impresi\u00f3n m\u00e1s bajos y menos desperdicio de tinta.<\/li>\n\n\n\n<li><strong>Tama\u00f1o del cartucho<\/strong>: Opta por cartuchos de alta capacidad (XL\/XXL) en lugar de los est\u00e1ndar. Los cartuchos XL contienen m\u00e1s tinta y reducen los residuos electr\u00f3nicos.<\/li>\n\n\n\n<li><strong>Calidad del cartucho<\/strong>: Aseg\u00farate de comprar cartuchos de tinta compatibles de alta calidad para obtener la mejor calidad de impresi\u00f3n. Los cartuchos de baja calidad pueden da\u00f1ar la impresora y producir resultados deficientes.<\/li>\n\n\n\n<li><strong>Marcas populares<\/strong>: Algunas marcas como HP, Canon, Epson y Brother funcionan bien con cartuchos compatibles.<br>En cuanto a Brother, los cartuchos compatibles <strong>premium <\/strong>o grado A como los que vendemos en nuestra web son una excelente opci\u00f3n. Aunque un poco m\u00e1s caros, te aseguras de obtener calidad similar a la de los originales sin sorpresas desagradables.<\/li>\n<\/ul>\n\n\n\n<p>Recuerda evaluar el precio de la impresora junto con el coste acumulado de los cartuchos para encontrar la mejor relaci\u00f3n calidad-precio que se adapte a tus necesidades. \u00a1Buena elecci\u00f3n! \ud83d\udda8\ufe0f<\/p>\n","protected":false},"excerpt":{"rendered":"<p>Las mejores marcas de cartuchos de tinta en el mercado \u00bfTe ha pasado que vas a imprimir ese documento urgent\u00edsimo que el siempre oportuno de tu jefe te ha encargado, y tu impresora parece un coche sin gasolina? Es cuando llega el momento \u00e9pico y glorioso de buscar los mejores cartuchos para tu impresora. Y&hellip;&nbsp;<a href=\"https:\/\/quecartucho.es\/blog\/mejores-marcas-de-cartuchos-de-tinta\/\" rel=\"bookmark\">Leer m\u00e1s &raquo;<span class=\"screen-reader-text\">Mejores marcas de cartuchos de tinta<\/span><\/a><\/p>\n","protected":false},"author":1,"featured_media":21055,"parent":0,"menu_order":0,"comment_status":"open","ping_status":"closed","template":"","meta":{"neve_meta_sidebar":"","neve_meta_container":"","neve_meta_enable_content_width":"","neve_meta_content_width":0,"neve_meta_title_alignment":"","neve_meta_author_avatar":"","neve_post_elements_order":"","neve_meta_disable_header":"","neve_meta_disable_footer":"","neve_meta_disable_title":"","episode_type":"","audio_file":"","podmotor_file_id":"","podmotor_episode_id":"","cover_image":"","cover_image_id":"","duration":"","filesize":"","filesize_raw":"","date_recorded":"","explicit":"","block":"","footnotes":""},"class_list":["post-21048","page","type-page","status-publish","has-post-thumbnail","hentry"],"_links":{"self":[{"href":"https:\/\/quecartucho.es\/blog\/wp-json\/wp\/v2\/pages\/21048","targetHints":{"allow":["GET"]}}],"collection":[{"href":"https:\/\/quecartucho.es\/blog\/wp-json\/wp\/v2\/pages"}],"about":[{"href":"https:\/\/quecartucho.es\/blog\/wp-json\/wp\/v2\/types\/page"}],"author":[{"embeddable":true,"href":"https:\/\/quecartucho.es\/blog\/wp-json\/wp\/v2\/users\/1"}],"replies":[{"embeddable":true,"href":"https:\/\/quecartucho.es\/blog\/wp-json\/wp\/v2\/comments?post=21048"}],"version-history":[{"count":10,"href":"https:\/\/quecartucho.es\/blog\/wp-json\/wp\/v2\/pages\/21048\/revisions"}],"predecessor-version":[{"id":22026,"href":"https:\/\/quecartucho.es\/blog\/wp-json\/wp\/v2\/pages\/21048\/revisions\/22026"}],"wp:featuredmedia":[{"embeddable":true,"href":"https:\/\/quecartucho.es\/blog\/wp-json\/wp\/v2\/media\/21055"}],"wp:attachment":[{"href":"https:\/\/quecartucho.es\/blog\/wp-json\/wp\/v2\/media?parent=21048"}],"curies":[{"name":"wp","href":"https:\/\/api.w.org\/{rel}","templated":true}]}}