{"id":22031,"date":"2024-02-27T13:38:07","date_gmt":"2024-02-27T11:38:07","guid":{"rendered":"https:\/\/quecartucho.es\/blog\/?page_id=22031"},"modified":"2024-02-27T13:42:11","modified_gmt":"2024-02-27T11:42:11","slug":"imprimir-una-imagen-con-medidas-exactas","status":"publish","type":"page","link":"https:\/\/quecartucho.es\/blog\/imprimir-una-imagen-con-medidas-exactas\/","title":{"rendered":"Imprimir una imagen con medidas exactas"},"content":{"rendered":"\n<p>Para imprimir una imagen con medidas exactas, siga estos pasos:<\/p>\n\n\n\n<p><strong>1. Abra la imagen en un editor de im\u00e1genes.<\/strong><\/p>\n\n\n\n<ul class=\"wp-block-list\">\n<li>Puede usar programas como Photoshop, GIMP, Paint o incluso el visor de fotos de Windows.<\/li>\n<\/ul>\n\n\n\n<p><strong>2. Verifique la resoluci\u00f3n de la imagen.<\/strong><\/p>\n\n\n\n<ul class=\"wp-block-list\">\n<li>La resoluci\u00f3n se mide en p\u00edxeles por pulgada (PPP). Para obtener una impresi\u00f3n de alta calidad, la imagen debe tener una resoluci\u00f3n de al menos 300 PPP.<\/li>\n\n\n\n<li>Puede encontrar la resoluci\u00f3n de la imagen en las propiedades del archivo o en el men\u00fa \u00abInformaci\u00f3n\u00bb del editor de im\u00e1genes.<\/li>\n<\/ul>\n\n\n\n<p><strong>3. Ajuste el tama\u00f1o de la imagen.<\/strong><\/p>\n\n\n\n<ul class=\"wp-block-list\">\n<li>En el editor de im\u00e1genes, seleccione la opci\u00f3n para cambiar el tama\u00f1o de la imagen.<\/li>\n\n\n\n<li>Introduzca las medidas exactas que desea para la impresi\u00f3n en pulgadas o cent\u00edmetros.<\/li>\n\n\n\n<li>Aseg\u00farese de que la casilla \u00abMantener relaci\u00f3n de aspecto\u00bb est\u00e9 activada para evitar que la imagen se distorsione.<\/li>\n<\/ul>\n\n\n\n<p><strong>4. Configure la impresora.<\/strong><\/p>\n\n\n\n<ul class=\"wp-block-list\">\n<li>Seleccione la impresora que desea usar en el men\u00fa \u00abImprimir\u00bb.<\/li>\n\n\n\n<li>En las opciones de impresi\u00f3n, seleccione la opci\u00f3n \u00abAjustar al tama\u00f1o del papel\u00bb o \u00abTama\u00f1o personalizado\u00bb.<\/li>\n\n\n\n<li>Introduzca las mismas medidas exactas que utiliz\u00f3 para la imagen en el campo \u00abTama\u00f1o personalizado\u00bb.<\/li>\n<\/ul>\n\n\n\n<p><strong>5. Imprima la imagen.<\/strong><\/p>\n\n\n\n<ul class=\"wp-block-list\">\n<li>Haga clic en el bot\u00f3n \u00abImprimir\u00bb para iniciar la impresi\u00f3n.<\/li>\n<\/ul>\n\n\n\n<p><strong>Consejos adicionales:<\/strong><\/p>\n\n\n\n<ul class=\"wp-block-list\">\n<li>Si la imagen es demasiado peque\u00f1a para imprimir con las medidas exactas, puede aumentar su tama\u00f1o utilizando la herramienta de redimensionamiento del editor de im\u00e1genes. Sin embargo, esto puede reducir la calidad de la impresi\u00f3n.<\/li>\n\n\n\n<li>Si la imagen es demasiado grande para imprimir en una sola hoja de papel, puede dividirla en varias p\u00e1ginas utilizando la funci\u00f3n de impresi\u00f3n de p\u00f3ster del editor de im\u00e1genes.<\/li>\n\n\n\n<li>Aseg\u00farese de utilizar papel de alta calidad para obtener la mejor calidad de impresi\u00f3n.<\/li>\n<\/ul>\n\n\n\n<p><strong>Aqu\u00ed hay algunos recursos que pueden ser \u00fatiles:<\/strong><\/p>\n\n\n\n<div class=\"wp-block-columns is-layout-flex wp-container-core-columns-is-layout-9d6595d7 wp-block-columns-is-layout-flex\">\n<div class=\"wp-block-column is-layout-flow wp-block-column-is-layout-flow\">\n<p>C\u00f3mo imprimir una imagen a tama\u00f1o real en Windows 10<\/p>\n\n\n\n<figure class=\"wp-block-embed is-type-video is-provider-youtube wp-block-embed-youtube wp-embed-aspect-16-9 wp-has-aspect-ratio\"><div class=\"wp-block-embed__wrapper\">\n<div class=\"nv-iframe-embed\"><iframe loading=\"lazy\" title=\"COMO IMPRIMIR UNA IMAGEN EN VARIAS HOJAS EN WORD (Imprimir P\u00f3ster)\" width=\"1200\" height=\"675\" src=\"https:\/\/www.youtube.com\/embed\/G7Tt5g5o5zM?feature=oembed\" frameborder=\"0\" allow=\"accelerometer; autoplay; clipboard-write; encrypted-media; gyroscope; picture-in-picture; web-share\" allowfullscreen><\/iframe><\/div>\n<\/div><\/figure>\n<\/div>\n\n\n\n<div class=\"wp-block-column is-layout-flow wp-block-column-is-layout-flow\">\n<p>Imprimir fotos a tama\u00f1o real con Photoshop<\/p>\n\n\n\n<figure class=\"wp-block-embed is-type-video is-provider-youtube wp-block-embed-youtube wp-embed-aspect-16-9 wp-has-aspect-ratio\"><div class=\"wp-block-embed__wrapper\">\n<div class=\"nv-iframe-embed\"><iframe loading=\"lazy\" title=\"\u2194\ufe0f\u2195\ufe0f \u00a1Tama\u00f1o Real en Photoshop!\" width=\"1200\" height=\"675\" src=\"https:\/\/www.youtube.com\/embed\/SjcYum_cOkY?feature=oembed\" frameborder=\"0\" allow=\"accelerometer; autoplay; clipboard-write; encrypted-media; gyroscope; picture-in-picture; web-share\" allowfullscreen><\/iframe><\/div>\n<\/div><\/figure>\n<\/div>\n\n\n\n<div class=\"wp-block-column is-layout-flow wp-block-column-is-layout-flow\">\n<p>C\u00f3mo imprimir una imagen con medidas exactas en GIMP<\/p>\n\n\n\n<figure class=\"wp-block-embed is-type-video is-provider-youtube wp-block-embed-youtube wp-embed-aspect-16-9 wp-has-aspect-ratio\"><div class=\"wp-block-embed__wrapper\">\n<div class=\"nv-iframe-embed\"><iframe loading=\"lazy\" title=\"GIMP - Cambiar el Tama\u00f1o de una Foto Sin Deformarla | Escalar Im\u00e1genes con P\u00e9rdida de Calidad M\u00ednima\" width=\"1200\" height=\"675\" src=\"https:\/\/www.youtube.com\/embed\/rnlh-TePnhQ?feature=oembed\" frameborder=\"0\" allow=\"accelerometer; autoplay; clipboard-write; encrypted-media; gyroscope; picture-in-picture; web-share\" allowfullscreen><\/iframe><\/div>\n<\/div><\/figure>\n<\/div>\n<\/div>\n\n\n\n<p>Espero que esta informaci\u00f3n te ayude a imprimir tu imagen con las medidas exactas.<\/p>\n\n\n<div class=\"wp-block-image\">\n<figure class=\"aligncenter size-large\"><img loading=\"lazy\" decoding=\"async\" width=\"1024\" height=\"576\" src=\"https:\/\/quecartucho.es\/blog\/wp-content\/uploads\/2024\/02\/Imprimir-una-imagen-con-medidas-exactas-1-1024x576.jpg\" alt=\"Imprimir una imagen con medidas exactas\" class=\"wp-image-22039\" title=\"\" srcset=\"https:\/\/quecartucho.es\/blog\/wp-content\/uploads\/2024\/02\/Imprimir-una-imagen-con-medidas-exactas-1-1024x576.jpg 1024w, https:\/\/quecartucho.es\/blog\/wp-content\/uploads\/2024\/02\/Imprimir-una-imagen-con-medidas-exactas-1-300x169.jpg 300w, https:\/\/quecartucho.es\/blog\/wp-content\/uploads\/2024\/02\/Imprimir-una-imagen-con-medidas-exactas-1-768x432.jpg 768w, https:\/\/quecartucho.es\/blog\/wp-content\/uploads\/2024\/02\/Imprimir-una-imagen-con-medidas-exactas-1.jpg 1200w\" sizes=\"auto, (max-width: 1024px) 100vw, 1024px\" \/><figcaption class=\"wp-element-caption\">Imprimir una imagen con medidas exactas<\/figcaption><\/figure>\n<\/div>\n\n\n<p><br><br>Tambi\u00e9n puedes seguir estos pasos:<\/p>\n\n\n\n<ol class=\"wp-block-list\">\n<li><strong>Preparar la imagen<\/strong>: Aseg\u00farate de que la imagen est\u00e9 en el formato y tama\u00f1o deseado. Puedes usar software de edici\u00f3n de im\u00e1genes como Adobe Photoshop, GIMP, o incluso herramientas en l\u00ednea para ajustar el tama\u00f1o y la resoluci\u00f3n de la imagen seg\u00fan tus necesidades.<\/li>\n\n\n\n<li><strong>Conocer las medidas exactas<\/strong>: Determina las dimensiones exactas en las que deseas imprimir la imagen en unidades como pulgadas, cent\u00edmetros, etc.<\/li>\n\n\n\n<li><strong>Configurar la impresora<\/strong>: Abre el documento o la imagen que deseas imprimir y selecciona la opci\u00f3n de impresi\u00f3n. Dependiendo del programa que est\u00e9s utilizando, puede haber diferentes formas de acceder a esta opci\u00f3n. Generalmente, es a trav\u00e9s del men\u00fa \u00abArchivo\u00bb y luego \u00abImprimir\u00bb.<\/li>\n\n\n\n<li><strong>Configurar el tama\u00f1o de papel<\/strong>: En las opciones de impresi\u00f3n, busca la configuraci\u00f3n del tama\u00f1o de papel. Selecciona el tama\u00f1o de papel adecuado para tu impresi\u00f3n. Por ejemplo, si est\u00e1s imprimiendo en papel carta (8.5&#215;11 pulgadas) o A4 (210&#215;297 mm), elige esa opci\u00f3n.<\/li>\n\n\n\n<li><strong>Ajustar la escala de impresi\u00f3n<\/strong>: Algunas impresoras y programas de impresi\u00f3n te permiten ajustar la escala de la impresi\u00f3n. Si has determinado las medidas exactas de impresi\u00f3n, puedes ajustar la escala para que coincida con esas medidas. Por ejemplo, si tu imagen es m\u00e1s grande que el papel, puedes reducir la escala para que quepa en la p\u00e1gina.<\/li>\n\n\n\n<li><strong>Verificar la vista previa<\/strong>: Antes de imprimir, aseg\u00farate de revisar la vista previa de impresi\u00f3n para asegurarte de que la imagen se ajuste correctamente al tama\u00f1o de papel seleccionado y que las medidas sean las deseadas.<\/li>\n\n\n\n<li><strong>Imprimir<\/strong>: Una vez que est\u00e9s satisfecho con la configuraci\u00f3n de impresi\u00f3n y la vista previa, procede a imprimir la imagen.<\/li>\n<\/ol>\n\n\n\n<p>Al seguir estos pasos, deber\u00edas poder imprimir la imagen con las medidas exactas que deseas. Es importante tener en cuenta las especificaciones de tu impresora y del software que est\u00e9s utilizando, ya que las opciones exactas pueden variar.<\/p>\n","protected":false},"excerpt":{"rendered":"<p>Para imprimir una imagen con medidas exactas, siga estos pasos: 1. Abra la imagen en un editor de im\u00e1genes. 2. Verifique la resoluci\u00f3n de la imagen. 3. Ajuste el tama\u00f1o de la imagen. 4. Configure la impresora. 5. Imprima la imagen. Consejos adicionales: Aqu\u00ed hay algunos recursos que pueden ser \u00fatiles: C\u00f3mo imprimir una imagen&hellip;&nbsp;<a href=\"https:\/\/quecartucho.es\/blog\/imprimir-una-imagen-con-medidas-exactas\/\" rel=\"bookmark\">Leer m\u00e1s &raquo;<span class=\"screen-reader-text\">Imprimir una imagen con medidas exactas<\/span><\/a><\/p>\n","protected":false},"author":1,"featured_media":22035,"parent":0,"menu_order":0,"comment_status":"open","ping_status":"closed","template":"","meta":{"neve_meta_sidebar":"","neve_meta_container":"","neve_meta_enable_content_width":"","neve_meta_content_width":0,"neve_meta_title_alignment":"","neve_meta_author_avatar":"","neve_post_elements_order":"","neve_meta_disable_header":"","neve_meta_disable_footer":"","neve_meta_disable_title":"","episode_type":"","audio_file":"","podmotor_file_id":"","podmotor_episode_id":"","cover_image":"","cover_image_id":"","duration":"","filesize":"","filesize_raw":"","date_recorded":"","explicit":"","block":"","footnotes":""},"class_list":["post-22031","page","type-page","status-publish","has-post-thumbnail","hentry"],"_links":{"self":[{"href":"https:\/\/quecartucho.es\/blog\/wp-json\/wp\/v2\/pages\/22031","targetHints":{"allow":["GET"]}}],"collection":[{"href":"https:\/\/quecartucho.es\/blog\/wp-json\/wp\/v2\/pages"}],"about":[{"href":"https:\/\/quecartucho.es\/blog\/wp-json\/wp\/v2\/types\/page"}],"author":[{"embeddable":true,"href":"https:\/\/quecartucho.es\/blog\/wp-json\/wp\/v2\/users\/1"}],"replies":[{"embeddable":true,"href":"https:\/\/quecartucho.es\/blog\/wp-json\/wp\/v2\/comments?post=22031"}],"version-history":[{"count":3,"href":"https:\/\/quecartucho.es\/blog\/wp-json\/wp\/v2\/pages\/22031\/revisions"}],"predecessor-version":[{"id":22038,"href":"https:\/\/quecartucho.es\/blog\/wp-json\/wp\/v2\/pages\/22031\/revisions\/22038"}],"wp:featuredmedia":[{"embeddable":true,"href":"https:\/\/quecartucho.es\/blog\/wp-json\/wp\/v2\/media\/22035"}],"wp:attachment":[{"href":"https:\/\/quecartucho.es\/blog\/wp-json\/wp\/v2\/media?parent=22031"}],"curies":[{"name":"wp","href":"https:\/\/api.w.org\/{rel}","templated":true}]}}