{"id":22607,"date":"2024-06-28T10:49:42","date_gmt":"2024-06-28T08:49:42","guid":{"rendered":"https:\/\/quecartucho.es\/blog\/?page_id=22607"},"modified":"2024-06-28T10:49:42","modified_gmt":"2024-06-28T08:49:42","slug":"puedo-utilizar-cartuchos-de-otra-marca-diferente-en-mi-impresora","status":"publish","type":"page","link":"https:\/\/quecartucho.es\/blog\/puedo-utilizar-cartuchos-de-otra-marca-diferente-en-mi-impresora\/","title":{"rendered":"\u00bfPuedo utilizar cartuchos de otra marca diferente en mi impresora?"},"content":{"rendered":"\n<p>Utilizar cartuchos de otra marca de impresora, \u00bf\u2705 s\u00ed o \u274c no?<\/p>\n\n\n\n<p>Seguro que te has preguntado m\u00e1s de una vez si puedes enga\u00f1ar a tu impresora con cartuchos de otra marca.<\/p>\n\n\n\n<p><strong>\ud83e\udd2b Spoiler: la respuesta es s\u00ed<\/strong>, pero hay matices. Desentra\u00f1emos el misterio. \u00a1Al l\u00edo!.<\/p>\n\n\n\n<h2 class=\"wp-block-heading\"><a><\/a> \u00bfLos cartuchos tienen amigos?<\/h2>\n\n\n\n<p>Vale vale, la pregunta te puede sonar tan disparatada como preguntarse \u201c\u00bfA los peces les entra agua en los ojos?\u201d. Pero ya nos conoces\u2026 Del disparate, sacamos valiosas lecciones (toma ya).<\/p>\n\n\n\n<p>Para empezar, tu impresora no es tan exclusiva como crees. De hecho, est\u00e1 m\u00e1s abierta a nuevas amistades de lo que parece. Puedes usar <strong><a href=\"https:\/\/quecartucho.es\/\">cartuchos compatibles<\/a><\/strong>, que son como los primos lejanos de los originales, pero mucho m\u00e1s econ\u00f3micos y, en muchos casos, como el nuestro, igual de eficientes.<\/p>\n\n\n\n<p>Y s\u00ed, hay m\u00e1s opciones. Piensa en los cartuchos remanufacturados, reciclados y rellenados. \u00bfLa ventaja? Ahorro para ti y menos residuos para el planeta \u267b\ufe0f. Una situaci\u00f3n en la que todos ganan.<\/p>\n\n\n\n<h2 class=\"wp-block-heading\"><a><\/a> Pero\u2026 \u00bfde veras es seguro para mi impresora?<\/h2>\n\n\n\n<p>\ud83e\udee3 \u201cNo la liar\u00e9 parda\u2026 \u00bfverdad?\u201d<\/p>\n\n\n\n<p>S\u00ed, es una pregunta v\u00e1lida. La mayor\u00eda de los cartuchos compatibles est\u00e1n dise\u00f1ados para <strong>funcionar perfectamente con impresoras de diferentes marcas<\/strong>. Sin embargo, hay que tener un poco de sentido com\u00fan y no mezclar marcas a lo loco. Tu impresora podr\u00eda sentirse un poco confusa y generar errores. Pero no te preocupes, <em>don\u2019t worry be happy, <\/em>que en Quecartucho te explicamos c\u00f3mo hacerlo bien<a href=\"https:\/\/quecartucho.es\/blog\/se-pueden-mezclar-cartuchos-compatibles-y-originales-en-la-misma-impresora\/\"> <\/a><a href=\"https:\/\/quecartucho.es\/blog\/se-pueden-mezclar-cartuchos-compatibles-y-originales-en-la-misma-impresora\/\"><u>aqu\u00ed<\/u><\/a>.<\/p>\n\n\n\n<p>Lo que est\u00e1 claro es que debes asegurarte de <strong>comprar cartuchos compatibles de alta calidad<\/strong>. Seguro que no te apetece sacar impresiones borrosas o, peor a\u00fan, tener una impresora atascada. \u00bfLa clave para no errar el tiro? Leer rese\u00f1as y <a href=\"http:\/\/quecartucho.es\/\"><u>comprar en sitios de confianza<\/u><\/a>.<\/p>\n\n\n\n<h2 class=\"wp-block-heading\"><a><\/a> \u00bfY si uso un cartucho de otro modelo?<\/h2>\n\n\n\n<p>Aqu\u00ed entramos en terreno pantanoso. Usar un cartucho de otro modelo es como intentar ponerle las zapatillas de tu hermano peque\u00f1o al gato. No va a acabar bien. Aunque a veces podr\u00eda funcionar, lo m\u00e1s probable es que acabes con un gato enfadado y una zapatilla atascada, es decir: una impresora enfadada y un cartucho atascado. Pero bueno, mejor p\u00e1sate por <a href=\"https:\/\/quecartucho.es\/blog\/que-pasa-si-le-pongo-a-mi-impresora-un-cartucho-de-otro-modelo\/\"><u>aqu\u00ed<\/u><\/a> y te lo explicamos.<\/p>\n\n\n\n<p>Recuerda, cada impresora tiene su propia configuraci\u00f3n y requisitos. Es mejor no venirse arriba con los inventos y seguir las recomendaciones del fabricante o, mejor a\u00fan, consultar con un buen servicio de atenci\u00f3n al cliente, como el nuestro.<\/p>\n\n\n\n<h2 class=\"wp-block-heading\"><a><\/a> Mitos y realidades<\/h2>\n\n\n\n<p>Hay muchos <strong><a href=\"https:\/\/quecartucho.es\/blog\/podcast\/mitos-y-verdades-sobre-los-cartuchos-de-tinta-para-impresoras\/\">mitos alrededor de los cartuchos compatibles<\/a><\/strong>. Uno com\u00fan es que da\u00f1ar\u00e1n tu impresora. Hombre, pues s\u00ed: algunos cartuchos de mala calidad pueden causar problemas. Pero la mayor\u00eda de los cartuchos compatibles de calidad son perfectamente seguros.<\/p>\n\n\n\n<p>Luego est\u00e1n los que creen que los cartuchos originales son los \u00fanicos que ofrecen buena calidad de impresi\u00f3n. La verdad es que muchos cartuchos compatibles pueden igualar, e incluso superar, la calidad de los originales.<\/p>\n\n\n\n<p>En resumen: s\u00ed, puedes usar cartuchos de otra marca, pero aseg\u00farate de que sean compatibles y no te aventures con modelos diferentes. Tu impresora, tu bolsillo, tu gato y tu pariente legano de Villarriba del Condado, te lo agradecer\u00e1n.<\/p>\n\n\n\n<p>Y ahora que sabes esto, disfruta con Quecartucho de impresiones econ\u00f3micas y eficientes sin complicaciones.<\/p>\n\n\n\n<p>De nada.<\/p>\n","protected":false},"excerpt":{"rendered":"<p>Utilizar cartuchos de otra marca de impresora, \u00bf\u2705 s\u00ed o \u274c no? Seguro que te has preguntado m\u00e1s de una vez si puedes enga\u00f1ar a tu impresora con cartuchos de otra marca. \ud83e\udd2b Spoiler: la respuesta es s\u00ed, pero hay matices. Desentra\u00f1emos el misterio. \u00a1Al l\u00edo!. \u00bfLos cartuchos tienen amigos? Vale vale, la pregunta te&hellip;&nbsp;<a href=\"https:\/\/quecartucho.es\/blog\/puedo-utilizar-cartuchos-de-otra-marca-diferente-en-mi-impresora\/\" rel=\"bookmark\">Leer m\u00e1s &raquo;<span class=\"screen-reader-text\">\u00bfPuedo utilizar cartuchos de otra marca diferente en mi impresora?<\/span><\/a><\/p>\n","protected":false},"author":1,"featured_media":22615,"parent":0,"menu_order":0,"comment_status":"open","ping_status":"closed","template":"","meta":{"neve_meta_sidebar":"","neve_meta_container":"","neve_meta_enable_content_width":"","neve_meta_content_width":0,"neve_meta_title_alignment":"","neve_meta_author_avatar":"","neve_post_elements_order":"","neve_meta_disable_header":"","neve_meta_disable_footer":"","neve_meta_disable_title":"","episode_type":"","audio_file":"","podmotor_file_id":"","podmotor_episode_id":"","cover_image":"","cover_image_id":"","duration":"","filesize":"","filesize_raw":"","date_recorded":"","explicit":"","block":"","footnotes":""},"class_list":["post-22607","page","type-page","status-publish","has-post-thumbnail","hentry"],"_links":{"self":[{"href":"https:\/\/quecartucho.es\/blog\/wp-json\/wp\/v2\/pages\/22607","targetHints":{"allow":["GET"]}}],"collection":[{"href":"https:\/\/quecartucho.es\/blog\/wp-json\/wp\/v2\/pages"}],"about":[{"href":"https:\/\/quecartucho.es\/blog\/wp-json\/wp\/v2\/types\/page"}],"author":[{"embeddable":true,"href":"https:\/\/quecartucho.es\/blog\/wp-json\/wp\/v2\/users\/1"}],"replies":[{"embeddable":true,"href":"https:\/\/quecartucho.es\/blog\/wp-json\/wp\/v2\/comments?post=22607"}],"version-history":[{"count":2,"href":"https:\/\/quecartucho.es\/blog\/wp-json\/wp\/v2\/pages\/22607\/revisions"}],"predecessor-version":[{"id":22609,"href":"https:\/\/quecartucho.es\/blog\/wp-json\/wp\/v2\/pages\/22607\/revisions\/22609"}],"wp:featuredmedia":[{"embeddable":true,"href":"https:\/\/quecartucho.es\/blog\/wp-json\/wp\/v2\/media\/22615"}],"wp:attachment":[{"href":"https:\/\/quecartucho.es\/blog\/wp-json\/wp\/v2\/media?parent=22607"}],"curies":[{"name":"wp","href":"https:\/\/api.w.org\/{rel}","templated":true}]}}