{"id":3534,"date":"2020-01-26T13:53:00","date_gmt":"2020-01-26T11:53:00","guid":{"rendered":"https:\/\/quecartucho.es\/blog\/?page_id=3534"},"modified":"2025-01-14T13:17:41","modified_gmt":"2025-01-14T11:17:41","slug":"los-5-cartuchos-de-tinta-hp-mas-vendidos","status":"publish","type":"page","link":"https:\/\/quecartucho.es\/blog\/cartuchos\/los-5-cartuchos-de-tinta-hp-mas-vendidos\/","title":{"rendered":"Los 5 cartuchos de tinta HP m\u00e1s vendidos"},"content":{"rendered":"\n<p>HP es junto con Epson y Brother uno de los mayores fabricantes de impresoras de inyecci\u00f3n de tinta, por esta raz\u00f3n los <a href=\"https:\/\/quecartucho.es\/4336-cartuchos-de-tinta-hp-compatibles\"><strong>cartuchos de tinta HP<\/strong><\/a> son de los m\u00e1s vendidos.<\/p>\n\n\n\n<p>En <strong>Quecartucho<\/strong> como empresa especializada en generar ahorro a menudo recomendamos la versi\u00f3n de <strong><a href=\"https:\/\/quecartucho.es\/blog\/cartuchos-tinta-xl-significa\/\" data-type=\"post\" data-id=\"1285\">cartucho XL<\/a><\/strong>, es un cartucho con un precio por p\u00e1gina m\u00e1s barato y que emite menos CO<sub>2<\/sub> por copia impresa.<\/p>\n\n\n\n<h2 class=\"wp-block-heading\">Cartuchos de tinta HP m\u00e1s vendidos en 2025<\/h2>\n\n\n\n<ul class=\"wp-block-list\">\n<li><a href=\"https:\/\/quecartucho.es\/4723-hp-308-cartucho-de-tinta-compatible-7fp21ue-7fp20ue.html\">HP 308<\/a><\/li>\n\n\n\n<li><a href=\"https:\/\/quecartucho.es\/4724-hp-308e-cartucho-de-tinta-compatible-7fp22ue.html\">HP 308E<\/a><\/li>\n<\/ul>\n\n\n\n<h2 class=\"wp-block-heading\">Cartuchos de tinta HP m\u00e1s vendidos en 2024<\/h2>\n\n\n\n<div class=\"wp-block-columns are-vertically-aligned-center is-layout-flex wp-container-core-columns-is-layout-9d6595d7 wp-block-columns-is-layout-flex\">\n<div class=\"wp-block-column is-vertically-aligned-center is-layout-flow wp-block-column-is-layout-flow\">\n<p>Listado de <strong><a href=\"https:\/\/quecartucho.es\/16394-cartuchos-de-tinta\">los mejores cartuchos de tinta compatibles<\/a><\/strong> para este a\u00f1o 2024<\/p>\n\n\n\n<ul class=\"wp-block-list\">\n<li><strong><a href=\"https:\/\/quecartucho.es\/549-cartucho-de-tinta-hp932xl-hp933xl-compatible-con-hp-cn053ae-cn054ae-cn055ae-cn056ae.html\">HP 932<\/a><\/strong> \/ HP 933<\/li>\n\n\n\n<li><strong><a href=\"https:\/\/quecartucho.es\/3505-hp-912xl-cartucho-de-tinta-compatible.html\">HP 912<\/a><\/strong><\/li>\n\n\n\n<li><strong><a href=\"https:\/\/quecartucho.es\/3563-botella-de-tinta-compatible-hp30-hp31-hp32xl.html\">HP 31<\/a><\/strong> \/ HP 32<\/li>\n\n\n\n<li><strong><a href=\"https:\/\/quecartucho.es\/3601-hp-305xl-cartucho-de-tinta-compatible.html\">HP 305<\/a><\/strong><\/li>\n\n\n\n<li><strong><a href=\"https:\/\/quecartucho.es\/4376-hp-937-tinta-compatible-4s6w5ne-4s6w2ne-4s6w3ne-4s6w3ne.html\">HP 937<\/a><\/strong><\/li>\n\n\n\n<li><strong><a href=\"https:\/\/quecartucho.es\/3280-hp-303-xl-cartucho-de-tinta-compatible.html\">HP 303<\/a><\/strong><\/li>\n\n\n\n<li><a href=\"https:\/\/quecartucho.es\/3508-hp-963xl-cartucho-de-tinta-compatible.html\"><strong>HP 963<\/strong><\/a><\/li>\n<\/ul>\n<\/div>\n\n\n\n<div class=\"wp-block-column is-vertically-aligned-center is-layout-flow wp-block-column-is-layout-flow\">\n<figure class=\"wp-block-image size-full\"><a href=\"https:\/\/quecartucho.es\/16394-cartuchos-de-tinta\"><img loading=\"lazy\" decoding=\"async\" width=\"650\" height=\"485\" src=\"https:\/\/quecartucho.es\/blog\/wp-content\/uploads\/2023\/11\/Mejor-cartucho-de-tinta-hp-en-2020-cartucho-de-tinta-hp-304xl.jpg\" alt=\"Los mejores cartuchos de tinta compatibles\" class=\"wp-image-21239\" title=\"\" srcset=\"https:\/\/quecartucho.es\/blog\/wp-content\/uploads\/2023\/11\/Mejor-cartucho-de-tinta-hp-en-2020-cartucho-de-tinta-hp-304xl.jpg 650w, https:\/\/quecartucho.es\/blog\/wp-content\/uploads\/2023\/11\/Mejor-cartucho-de-tinta-hp-en-2020-cartucho-de-tinta-hp-304xl-300x224.jpg 300w\" sizes=\"auto, (max-width: 650px) 100vw, 650px\" \/><\/a><\/figure>\n<\/div>\n<\/div>\n\n\n\n<h2 class=\"wp-block-heading\">Cartuchos de tinta HP m\u00e1s vendidos en 2023<\/h2>\n\n\n\n<div class=\"wp-block-columns is-layout-flex wp-container-core-columns-is-layout-9d6595d7 wp-block-columns-is-layout-flex\">\n<div class=\"wp-block-column is-layout-flow wp-block-column-is-layout-flow\">\n<ul class=\"wp-block-list\">\n<li><strong><a href=\"https:\/\/quecartucho.es\/2279-hp-934xl-935xl-cartuchos-de-tinta-compatibles.html\">HP 934\/935<\/a><\/strong> Cartuchos 394 negro y 935 de color, en su versi\u00f3n XL con la que se pueden hacer hasta 1000 y 800 p\u00e1ginas respectivamente.<\/li>\n\n\n\n<li><strong><a href=\"https:\/\/quecartucho.es\/3563-botella-de-tinta-compatible-hp30-hp31-hp32xl.html\">HP 32<\/a><\/strong> XL y HP 31 Botellas de tinta compatibles<\/li>\n\n\n\n<li>HP 305 <\/li>\n\n\n\n<li><strong><a href=\"https:\/\/quecartucho.es\/3028-hp-304-xl-cartucho-de-tinta-compatible.html\">HP 304<\/a><\/strong><\/li>\n\n\n\n<li>HP 303<\/li>\n<\/ul>\n<\/div>\n\n\n\n<div class=\"wp-block-column is-layout-flow wp-block-column-is-layout-flow\">\n<figure class=\"wp-block-image size-full\"><a href=\"https:\/\/quecartucho.es\/\"><img loading=\"lazy\" decoding=\"async\" width=\"735\" height=\"434\" src=\"https:\/\/quecartucho.es\/blog\/wp-content\/uploads\/2023\/07\/Tinta-impresora.jpg\" alt=\"Tinta impresora\" class=\"wp-image-19826\" title=\"\" srcset=\"https:\/\/quecartucho.es\/blog\/wp-content\/uploads\/2023\/07\/Tinta-impresora.jpg 735w, https:\/\/quecartucho.es\/blog\/wp-content\/uploads\/2023\/07\/Tinta-impresora-300x177.jpg 300w\" sizes=\"auto, (max-width: 735px) 100vw, 735px\" \/><\/a><\/figure>\n<\/div>\n<\/div>\n\n\n\n<h2 class=\"wp-block-heading\">Cartuchos de tinta HP m\u00e1s vendidos en 2022<\/h2>\n\n\n\n<ol class=\"wp-block-list\">\n<li><strong><a href=\"https:\/\/quecartucho.es\/3601-hp-305xl-cartucho-de-tinta-compatible.html\">HP 305 XL<\/a><\/strong> negro y HP 305 XL tricolor<\/li>\n\n\n\n<li><strong><strong><a href=\"https:\/\/quecartucho.es\/2326-hp-62xl-cartucho-de-tinta-compatible.html\">HP 62 XL<\/a><\/strong> <\/strong>negro y HP 62 XL  tricolor<\/li>\n\n\n\n<li><strong><strong><a href=\"https:\/\/quecartucho.es\/3280-hp-303-xl-cartucho-de-tinta-compatible.html\">HP 303 XL<\/a><\/strong> <\/strong>negro y HP 303 XL tricolor<\/li>\n\n\n\n<li><a href=\"https:\/\/quecartucho.es\/2982-hp-953-xl-cartucho-de-tinta-compatible.html\"><strong>HP 953 XL<\/strong><\/a> negro, cian, magenta y amarillo<\/li>\n\n\n\n<li>Botella de <strong><a href=\"https:\/\/quecartucho.es\/3563-botella-de-tinta-compatible-hp30-hp31-hp32xl.html\">tinta HP 30 negro<\/a><\/strong>, HP 31 cian, HP 31 magenta y HP 31 amarillo: este a\u00f1o las botellas de tinta de las impresoras hp de tanques est\u00e1n teniendo m\u00e1s protagonismo que otros a\u00f1os.<\/li>\n<\/ol>\n\n\n\n<h2 class=\"wp-block-heading\">Cartuchos de tinta HP m\u00e1s vendidos en 2021<\/h2>\n\n\n\n<ul class=\"wp-block-list\">\n<li><strong><a href=\"https:\/\/quecartucho.es\/3505-hp-912xl-cartucho-de-tinta-compatible.html\">HP 912 XL<\/a><\/strong> negro, cian, magenta y amarillo<\/li>\n\n\n\n<li><a href=\"https:\/\/quecartucho.es\/3508-hp-963xl-cartucho-de-tinta-compatible.html\"><strong>HP 963 XL<\/strong><\/a> negro, cian, magenta y amarillo<\/li>\n\n\n\n<li><strong>HP 305 XL<\/strong> negro y HP 305 XL tricolor<\/li>\n\n\n\n<li><strong>HP 62 XL<\/strong> negro y HP 62 XL  tricolor<\/li>\n\n\n\n<li><strong>HP 303 XL<\/strong> negro y HP 303 XL tricolor<\/li>\n<\/ul>\n\n\n\n<h2 class=\"wp-block-heading\">Cartuchos de tinta HP m\u00e1s vendidos en 2020<\/h2>\n\n\n\n<p>Este a\u00f1o 2020 hay referencias nuevas en las tintas m\u00e1s vendidas de HP<\/p>\n\n\n\n<ul class=\"wp-block-list\">\n<li><strong>Hp 304<\/strong>: Tanto el cartucho negro como el color en las versiones normales y  <a href=\"https:\/\/quecartucho.es\/cartuchos-de-tinta-hp-compatibles\/3028-hp304xl-cartucho-de-tinta-compatible-hp-304xl-n9k08ae-n9k06a-n9k07ae-n9k05ae.html\">hp 304xl<\/a> negro N9K08AE, HP 304XL Tricolor N9K07AE, HP 304 Negro N9K06A, HP 304 Tricolor  N9K05AE <\/li>\n\n\n\n<li>HP932 y HP 933: Son unos de los cartuchos de tinta que m\u00e1s se est\u00e1n vendiendo este a\u00f1o, las impresoras que montan estos cartuchos son <a href=\"https:\/\/quecartucho.es\/blog\/impresoras\/multifuncion\/\">impresoras multifunci\u00f3n<\/a> muy compactas y que est\u00e1n muy baratas. Los cartuchos que se pueden comprar son:  C2P42AE Es el pack de 4 cartuchos xl lleva un <a href=\"https:\/\/quecartucho.es\/cartuchos-de-tinta-hp-compatibles\/549-cartucho-de-tinta-hp932xl-hp933xl-compatible-con-hp-cn053ae-cn054ae-cn055ae-cn056ae.html\">HP 932xl negro<\/a>  CN053AE , hp 933xl cian  CN054AE ,  hp 933xl mageneta  CN055AE ,  hp 933xl amarillo  CN056AE.  HP 932 CN057AE  <\/li>\n\n\n\n<li>HP 920XL<\/li>\n\n\n\n<li>HP 950XL HP 951XL<\/li>\n\n\n\n<li>HP 934XL HP 935XL<\/li>\n<\/ul>\n\n\n\n<p><\/p>\n\n\n\n<p>Si quieres que tus copias te salga lo m\u00e1s econ\u00f3micas posible, te recomendamos ver el siguiente art\u00edculo: <a href=\"https:\/\/quecartucho.es\/blog\/cartuchos\/baratos\/\">Cartuchos de tinta baratos<\/a><\/p>\n\n\n\n<h2 class=\"wp-block-heading\">Cartuchos de tinta m\u00e1s vendidos en 2019<\/h2>\n\n\n\n<h3 class=\"wp-block-heading\">Cartuchos hp 933xl y  HP 932XL <\/h3>\n\n\n\n<p>Tanto la versi\u00f3n de <a href=\"https:\/\/quecartucho.es\/cartuchos-de-tinta-hp-compatibles\/549-cartucho-de-tinta-hp932xl-hp933xl-compatible-con-hp-cn053ae-cn054ae-cn055ae-cn056ae.html#\/elige_modelo_o_color-negro\">cartucho compatible  HP 932XL<\/a> como el  <a href=\"https:\/\/www.a4toner.com\/es\/hp-cartuchos-inyeccion-932-negro-cn057ae.html\" target=\"_blank\" rel=\"noopener\">cartucho de tinta original HP 932<\/a> ,  se han convertido los dos junto con sus respectivos cartuchos de colores los HP 933 en los cartuchos con mayor crecimiento en ventas de este a\u00f1o<\/p>\n\n\n\n<figure class=\"wp-block-image\"><img decoding=\"async\" src=\"https:\/\/quecartucho.es\/4983-home_leocame\/cartucho-de-tinta-hp932xl-hp933xl-compatible-con-hp-cn053ae-cn054ae-cn055ae-cn056ae.jpg\" alt=\"Cartucho de tinta HP932XL \/ HP933XL compatible con hp CN053AE \/ CN054AE \/ CN055AE \/ CN056AE\" title=\"\"><\/figure>\n\n\n\n<p><\/p>\n\n\n\n<h3 class=\"wp-block-heading\">Tinta hp364 <\/h3>\n\n\n\n<p>Lleva ya unos a\u00f1os siendo nuestro top ventas y este a\u00f1o sigue arriba de la lista. Este cartucho <a href=\"https:\/\/quecartucho.es\/cartuchos-de-tinta-hp-compatibles\/538-cartucho-de-tinta-hp364xl-hp-364xl-compatible-con-hp-cn684ee-cb322ee-cb323ee-cb324ee-cb325ee.html\">hp compatible 364<\/a> es uno de nuestros preferidos, al ser un cartucho de tinta tan vendido durante tantos a\u00f1os, tanto la calidad del producto como el precio est\u00e1n muy bien. Siendo las impresoras que lo usan buscadas para poder montar estas fant\u00e1sticas tintas. <\/p>\n\n\n\n<p><\/p>\n\n\n\n<figure class=\"wp-block-image\"><img decoding=\"async\" src=\"https:\/\/quecartucho.es\/1558-large_leocame\/cartucho-de-tinta-hp364xl-hp-364xl-compatible-con-hp-cn684ee-cb322ee-cb323ee-cb324ee-cb325ee.jpg\" alt=\"Cartucho de tinta HP364XL \/ HP 364XL compatible con hp CN684EE \/ CB322EE \/ CB323EE \/ CB324EE \/ CB325EE\" title=\"\"><\/figure>\n\n\n\n<p><\/p>\n\n\n\n<p>\n\n62xl compatible\n\n<\/p>\n\n\n\n<p>hp302<\/p>\n\n\n\n<p><\/p>\n\n\n\n<p>hp301<\/p>\n\n\n\n<p><\/p>\n\n\n\n<h2 class=\"wp-block-heading\">Cartuchos de tinta hp m\u00e1s vendidos 2018<\/h2>\n\n\n\n<h3 class=\"wp-block-heading\">CARTUCHO DE TINTA HP 21XL  REMANUFACTURADO PREMIUM, SUSTITUYE CARTUCHO ORIGINAL C9351CE<\/h3>\n\n\n\n<p><strong><a rel=\"noreferrer noopener\" aria-label=\" (opens in a new tab)\" href=\"https:\/\/quecartucho.es\/\" target=\"_blank\">CARTUCHO DE TINTA<\/a> HP 21XL REMANUFACTURADO PREMIUM compatible con:&nbsp;<a href=\"https:\/\/quecartucho.es\/2376-hp-deskjet\" target=\"_blank\" rel=\"noreferrer noopener\" aria-label=\" (opens in a new tab)\">HP DESKJET<\/a>&nbsp;3920, 3940, D1360, D1460, D1470, D1560, D2330, D2360, D2430, D2460, F370, F375, F380, F2180, F2187, F2280, F4140, F4172, F4180, F4190.&nbsp;HP FAX 3180.&nbsp;HP OFFICEJET&nbsp;4315, 4355, 5605, 5610, 5615, J3680, J5520.&nbsp;HP PSC&nbsp;1402, 1410, 1415, 1417.<\/strong><\/p>\n\n\n\n<p><\/p>\n\n\n\n<figure class=\"wp-block-table\"><table><tbody><tr><td>hp 300<\/td><td><br><\/td><td><br><\/td><td><br><\/td><td>Tinta hp 304<\/td><td><br><\/td><td><br><\/td><\/tr><\/tbody><\/table><\/figure>\n\n\n\n<h2 class=\"wp-block-heading\">Puede que tambi\u00e9n te interese ver:<\/h2>\n\n\n\n<ul class=\"wp-block-list\">\n<li> Los 5 <a href=\"https:\/\/quecartucho.es\/blog\/cartuchos\/los-5-cartuchos-de-tinta-epson-mas-vendidos\/\">cartuchos de tinta Epson m\u00e1s vendidos<\/a><\/li>\n\n\n\n<li>Los 5 <a href=\"https:\/\/quecartucho.es\/blog\/cartuchos\/los-5-cartuchos-de-tinta-brother-mas-vendidos\/\">cartuchos de tinta Brother m\u00e1s vendidos<\/a> <\/li>\n\n\n\n<li><span style=\"color: var(--nv-text-color); font-family: var(--bodyfontfamily); font-size: var(--bodyfontsize); font-weight: var(--bodyfontweight); letter-spacing: var(--bodyletterspacing); text-transform: var(--bodytexttransform); background-color: var(--nv-site-bg);\">Los 5 <\/span><a style=\"font-family: var(--bodyfontfamily); font-size: var(--bodyfontsize); font-weight: var(--bodyfontweight); letter-spacing: var(--bodyletterspacing); text-transform: var(--bodytexttransform); background-color: var(--nv-site-bg);\" href=\"https:\/\/quecartucho.es\/blog\/cartuchos\/los-5-cartuchos-de-tinta-canon-mas-vendidos\/\">cartuchos de tinta Canon m\u00e1s vendidos<\/a> <\/li>\n\n\n\n<li><strong><a href=\"https:\/\/quecartucho.es\/Cartuchos-de-tinta-compatibles-mas-vendidos\">Cartuchos m\u00e1s vendidos<\/a><\/strong> en nuestra web <\/li>\n<\/ul>\n\n\n\n<p><\/p>\n","protected":false},"excerpt":{"rendered":"<p>HP es junto con Epson y Brother uno de los mayores fabricantes de impresoras de inyecci\u00f3n de tinta, por esta raz\u00f3n los cartuchos de tinta HP son de los m\u00e1s vendidos. En Quecartucho como empresa especializada en generar ahorro a menudo recomendamos la versi\u00f3n de cartucho XL, es un cartucho con un precio por p\u00e1gina&hellip;&nbsp;<a href=\"https:\/\/quecartucho.es\/blog\/cartuchos\/los-5-cartuchos-de-tinta-hp-mas-vendidos\/\" rel=\"bookmark\">Leer m\u00e1s &raquo;<span class=\"screen-reader-text\">Los 5 cartuchos de tinta HP m\u00e1s vendidos<\/span><\/a><\/p>\n","protected":false},"author":1,"featured_media":0,"parent":461,"menu_order":0,"comment_status":"closed","ping_status":"closed","template":"","meta":{"neve_meta_sidebar":"","neve_meta_container":"","neve_meta_enable_content_width":"","neve_meta_content_width":0,"neve_meta_title_alignment":"","neve_meta_author_avatar":"","neve_post_elements_order":"","neve_meta_disable_header":"","neve_meta_disable_footer":"","neve_meta_disable_title":"","episode_type":"","audio_file":"","podmotor_file_id":"","podmotor_episode_id":"","cover_image":"","cover_image_id":"","duration":"","filesize":"","filesize_raw":"","date_recorded":"","explicit":"","block":"","footnotes":""},"class_list":["post-3534","page","type-page","status-publish","hentry"],"_links":{"self":[{"href":"https:\/\/quecartucho.es\/blog\/wp-json\/wp\/v2\/pages\/3534","targetHints":{"allow":["GET"]}}],"collection":[{"href":"https:\/\/quecartucho.es\/blog\/wp-json\/wp\/v2\/pages"}],"about":[{"href":"https:\/\/quecartucho.es\/blog\/wp-json\/wp\/v2\/types\/page"}],"author":[{"embeddable":true,"href":"https:\/\/quecartucho.es\/blog\/wp-json\/wp\/v2\/users\/1"}],"replies":[{"embeddable":true,"href":"https:\/\/quecartucho.es\/blog\/wp-json\/wp\/v2\/comments?post=3534"}],"version-history":[{"count":25,"href":"https:\/\/quecartucho.es\/blog\/wp-json\/wp\/v2\/pages\/3534\/revisions"}],"predecessor-version":[{"id":23277,"href":"https:\/\/quecartucho.es\/blog\/wp-json\/wp\/v2\/pages\/3534\/revisions\/23277"}],"up":[{"embeddable":true,"href":"https:\/\/quecartucho.es\/blog\/wp-json\/wp\/v2\/pages\/461"}],"wp:attachment":[{"href":"https:\/\/quecartucho.es\/blog\/wp-json\/wp\/v2\/media?parent=3534"}],"curies":[{"name":"wp","href":"https:\/\/api.w.org\/{rel}","templated":true}]}}