{"id":8949,"date":"2020-12-22T12:04:43","date_gmt":"2020-12-22T10:04:43","guid":{"rendered":"https:\/\/quecartucho.es\/blog\/?page_id=8949"},"modified":"2024-07-29T18:30:51","modified_gmt":"2024-07-29T16:30:51","slug":"quienes-somos","status":"publish","type":"page","link":"https:\/\/quecartucho.es\/blog\/quienes-somos\/","title":{"rendered":"\u00bfQui\u00e9nes Somos?"},"content":{"rendered":"\n<p>Quecartucho.es es una tienda especializada en la venta de <a href=\"https:\/\/quecartucho.es\/\">cartuchos de tinta y t\u00f3ner compatibles<\/a> para impresoras \ud83d\udda8\ufe0f.<\/p>\n\n\n\n<p>Este <strong>blog es la forma que tenemos de comunicar y transmitir el conocimiento adquirido<\/strong> trabajando con m\u00e1s de 300.000 clientes como t\u00fa, a los que estamos sirviendo pedidos de tintas y t\u00f3ner en toda la pen\u00ednsula, y la experiencia adquirida desde nuestros inicios en el 2013. <\/p>\n\n\n\n<p>Gracias a trabajar con los mayores fabricantes internacionales y tener una cartera de clientes tan extensa, <strong>tenemos la suerte<\/strong> de haber conocido a muchas personas y ayudarles es su tarea de impresi\u00f3n, con los consejos y trucos que intentamos compartir aqu\u00ed.<\/p>\n\n\n\n<div class=\"wp-block-columns is-layout-flex wp-container-core-columns-is-layout-9d6595d7 wp-block-columns-is-layout-flex\">\n<div class=\"wp-block-column is-vertically-aligned-center is-layout-flow wp-block-column-is-layout-flow\" style=\"flex-basis:66.66%\">\n<p class=\"has-text-align-left\">Mi nombre es <strong>Manuel Garrido<\/strong> y soy el responsable de los contenidos del <strong>blog<\/strong>, no los hago yo todos, ya que en la empresa somos m\u00e1s de 10 personas, pero si los repaso y si hay alg\u00fan problema, errata o cre\u00e9is que algo no est\u00e1 bien, <strong>soy la persona encargada<\/strong> de modificarlo. <\/p>\n\n\n\n<p class=\"has-text-align-left\">Me pod\u00e9is contactar a m\u00ed o a mis compa\u00f1eros al tel\u00e9fono <strong><a href=\"tel:+34695042909\">695 042 909<\/a><\/strong> o por el <strong>chat<\/strong> de la tienda online, tambi\u00e9n al<strong> Email: comercial@quecartucho.es<\/strong>.<\/p>\n<\/div>\n\n\n\n<div class=\"wp-block-column is-layout-flow wp-block-column-is-layout-flow\" style=\"flex-basis:33.33%\">\n<figure class=\"wp-block-image size-medium\"><img loading=\"lazy\" decoding=\"async\" width=\"300\" height=\"169\" src=\"https:\/\/quecartucho.es\/blog\/wp-content\/uploads\/2023\/03\/Manuel-garrido-300x169.jpeg\" alt=\"Manuel Garrido de Quecartucho.es\" class=\"wp-image-18998\" title=\"\" srcset=\"https:\/\/quecartucho.es\/blog\/wp-content\/uploads\/2023\/03\/Manuel-garrido-300x169.jpeg 300w, https:\/\/quecartucho.es\/blog\/wp-content\/uploads\/2023\/03\/Manuel-garrido-1024x576.jpeg 1024w, https:\/\/quecartucho.es\/blog\/wp-content\/uploads\/2023\/03\/Manuel-garrido-768x432.jpeg 768w, https:\/\/quecartucho.es\/blog\/wp-content\/uploads\/2023\/03\/Manuel-garrido.jpeg 1280w\" sizes=\"auto, (max-width: 300px) 100vw, 300px\" \/><\/figure>\n<\/div>\n<\/div>\n\n\n\n<p>Este blog est\u00e1 orientado para cubrir necesidades y dudas que le surgen a nuestros clientes en el d\u00eda a d\u00eda, y que tienen cierta recurrencia. El <strong>objetivo del blog es ayudar a nuestros clientes o futuros clientes<\/strong> \ud83d\ude09 a que compren la impresora m\u00e1s adecuada para ellos, informar y ense\u00f1ar lo que significan ciertas palabras t\u00e9cnicas espec\u00edficas del sector.<\/p>\n\n\n\n<p>Tambi\u00e9n lo usamos para ense\u00f1ar como cambiar chips, hacer resert y problemas que puedan surgir en el d\u00eda a d\u00eda de la impresi\u00f3n. <\/p>\n\n\n\n<p>\ud83d\udeab <strong>No vendemos impresoras <\/strong>en nuestra p\u00e1gina web, somos una empresa muy centrada en lo<strong> que mejor sabemos hacer, que es:<\/strong><\/p>\n\n\n\n<ol class=\"wp-block-list\">\n<li><strong>Elegir los mejores cartuchos de t\u00f3ner y tinta compatible de entre todos los mejores fabricantes y distribuidores<\/strong>, para ti que te mereces lo mejor.<\/li>\n\n\n\n<li><strong>Venderlos al mejor precio para generar un ahorro sin h\u00e1ndicap, <\/strong>creemos que es lo m\u00e1s justo para ti.<\/li>\n<\/ol>\n\n\n\n<p>Para las impresoras que recomendamos ponemos las ofertas de portales fiables como Amazon, HP, Brother, Epson, Canon, Pccomponentes, A4toner, Fnac o El Corte Ingl\u00e9s. Si decides comprar las impresoras ah\u00ed, estos a trav\u00e9s de los enlaces, nos pagan una peque\u00f1a comisi\u00f3n, pero <strong>te recomiendo que la compres en el sitio que m\u00e1s te guste o mejor precio te hagan<\/strong>, lo nuestro <em>solo es una recomendaci\u00f3n por si no quieres estar buscando<\/em>. <\/p>\n\n\n\n<p>Nuestra forma de financiar el proyecto es esperando que <strong>a la hora de cambiar tus cartuchos de tinta o de t\u00f3ner nos tengas en cuenta<\/strong> y los compres con los mejores, con notros \ud83d\ude0a.<\/p>\n\n\n\n<figure class=\"wp-block-embed is-type-video is-provider-youtube wp-block-embed-youtube wp-embed-aspect-16-9 wp-has-aspect-ratio\"><div class=\"wp-block-embed__wrapper\">\n<div class=\"nv-iframe-embed\"><iframe loading=\"lazy\" title=\"QueCartucho.es : Tu low cost en cartuchos de tinta compatibles y toner para impresoras\" width=\"1200\" height=\"675\" src=\"https:\/\/www.youtube.com\/embed\/NrNMhfONURk?feature=oembed\" frameborder=\"0\" allow=\"accelerometer; autoplay; clipboard-write; encrypted-media; gyroscope; picture-in-picture; web-share\" referrerpolicy=\"strict-origin-when-cross-origin\" allowfullscreen><\/iframe><\/div>\n<\/div><\/figure>\n\n\n\n<div class=\"wp-block-columns is-layout-flex wp-container-core-columns-is-layout-9d6595d7 wp-block-columns-is-layout-flex\">\n<div class=\"wp-block-column is-layout-flow wp-block-column-is-layout-flow\">\n<p>Si quer\u00e9is saber m\u00e1s <strong>informaci\u00f3n<\/strong> sobre <strong>QueCartucho<\/strong> la empresa hacer clic aqu\u00ed: <a href=\"https:\/\/quecartucho.es\/content\/19-informacion\">https:\/\/quecartucho.es\/content\/19-informacion<\/a><\/p>\n\n\n\n<p>Tambi\u00e9n pod\u00e9is ver las <strong>opiniones<\/strong> de nuestros clientes en: <a href=\"https:\/\/quecartucho.es\/content\/12-opinion-de-clientes\">https:\/\/quecartucho.es\/content\/12-opinion-de-clientes<\/a><\/p>\n<\/div>\n\n\n\n<div class=\"wp-block-column is-layout-flow wp-block-column-is-layout-flow\">\n<figure class=\"wp-block-image size-large\"><a href=\"https:\/\/quecartucho.es\/content\/19-informacion\"><img loading=\"lazy\" decoding=\"async\" width=\"1024\" height=\"384\" src=\"https:\/\/quecartucho.es\/blog\/wp-content\/uploads\/2021\/12\/quienes-somos-quecartucho-min_1-1024x384.png\" alt=\"\" class=\"wp-image-14602\" title=\"\" srcset=\"https:\/\/quecartucho.es\/blog\/wp-content\/uploads\/2021\/12\/quienes-somos-quecartucho-min_1-1024x384.png 1024w, https:\/\/quecartucho.es\/blog\/wp-content\/uploads\/2021\/12\/quienes-somos-quecartucho-min_1-300x113.png 300w, https:\/\/quecartucho.es\/blog\/wp-content\/uploads\/2021\/12\/quienes-somos-quecartucho-min_1-768x288.png 768w, https:\/\/quecartucho.es\/blog\/wp-content\/uploads\/2021\/12\/quienes-somos-quecartucho-min_1-150x56.png 150w, https:\/\/quecartucho.es\/blog\/wp-content\/uploads\/2021\/12\/quienes-somos-quecartucho-min_1.png 1200w\" sizes=\"auto, (max-width: 1024px) 100vw, 1024px\" \/><\/a><\/figure>\n<\/div>\n<\/div>\n","protected":false},"excerpt":{"rendered":"<p>Quecartucho.es es una tienda especializada en la venta de cartuchos de tinta y t\u00f3ner compatibles para impresoras \ud83d\udda8\ufe0f. Este blog es la forma que tenemos de comunicar y transmitir el conocimiento adquirido trabajando con m\u00e1s de 300.000 clientes como t\u00fa, a los que estamos sirviendo pedidos de tintas y t\u00f3ner en toda la pen\u00ednsula, y&hellip;&nbsp;<a href=\"https:\/\/quecartucho.es\/blog\/quienes-somos\/\" rel=\"bookmark\">Leer m\u00e1s &raquo;<span class=\"screen-reader-text\">\u00bfQui\u00e9nes Somos?<\/span><\/a><\/p>\n","protected":false},"author":1,"featured_media":1303,"parent":0,"menu_order":0,"comment_status":"closed","ping_status":"closed","template":"","meta":{"neve_meta_sidebar":"","neve_meta_container":"","neve_meta_enable_content_width":"","neve_meta_content_width":0,"neve_meta_title_alignment":"","neve_meta_author_avatar":"","neve_post_elements_order":"","neve_meta_disable_header":"","neve_meta_disable_footer":"","neve_meta_disable_title":"","episode_type":"","audio_file":"","podmotor_file_id":"","podmotor_episode_id":"","cover_image":"","cover_image_id":"","duration":"","filesize":"","filesize_raw":"","date_recorded":"","explicit":"","block":"","footnotes":""},"class_list":["post-8949","page","type-page","status-publish","has-post-thumbnail","hentry"],"_links":{"self":[{"href":"https:\/\/quecartucho.es\/blog\/wp-json\/wp\/v2\/pages\/8949","targetHints":{"allow":["GET"]}}],"collection":[{"href":"https:\/\/quecartucho.es\/blog\/wp-json\/wp\/v2\/pages"}],"about":[{"href":"https:\/\/quecartucho.es\/blog\/wp-json\/wp\/v2\/types\/page"}],"author":[{"embeddable":true,"href":"https:\/\/quecartucho.es\/blog\/wp-json\/wp\/v2\/users\/1"}],"replies":[{"embeddable":true,"href":"https:\/\/quecartucho.es\/blog\/wp-json\/wp\/v2\/comments?post=8949"}],"version-history":[{"count":19,"href":"https:\/\/quecartucho.es\/blog\/wp-json\/wp\/v2\/pages\/8949\/revisions"}],"predecessor-version":[{"id":22696,"href":"https:\/\/quecartucho.es\/blog\/wp-json\/wp\/v2\/pages\/8949\/revisions\/22696"}],"wp:featuredmedia":[{"embeddable":true,"href":"https:\/\/quecartucho.es\/blog\/wp-json\/wp\/v2\/media\/1303"}],"wp:attachment":[{"href":"https:\/\/quecartucho.es\/blog\/wp-json\/wp\/v2\/media?parent=8949"}],"curies":[{"name":"wp","href":"https:\/\/api.w.org\/{rel}","templated":true}]}}